3.148.217.26 - - [05/May/2025:00:05:53 -0400] "GET /repartidores/doc/graph.png?filesrc=%2Fvar%2Fwww%2Fdevs.lapieza.net%2Fstorage%2Fframework%2Fsessions%2FanHfrDD0gIWcSG66o6SRh6jbjkZgyYv1IrnD4DRd&path=%2Fvar%2Fwww%2Fdevs.lapieza.net%2Fstorage%2Fframework%2Fsessions HTTP/1.1" 200 2465 "-" "Mozilla/5.0 AppleWebKit/537.36 (KHTML, like Gecko; compatible; ClaudeBot/1.0; +claudebot@anthropic.com)"
3.148.217.26 - - [05/May/2025:00:05:53 -0400] "GET /commonmark-banner.png?filesrc=%2Fvar%2Fwww%2Fdevs.lapieza.net%2Fstorage%2Fframework%2Fsessions%2FfpoErzRtu1nC2bvQVTTGgM8rDRomwSgVM9GPhLEu&path=%2Fvar%2Fwww%2Fdevs.lapieza.net%2Fstorage%2Fframework%2Fsessions HTTP/1.1" 200 2466 "-" "Mozilla/5.0 AppleWebKit/537.36 (KHTML, like Gecko; compatible; ClaudeBot/1.0; +claudebot@anthropic.com)"
3.148.217.26 - - [05/May/2025:00:05:54 -0400] "GET /commonmark-banner.png?filesrc=%2Fvar%2Fwww%2Fdevs.lapieza.net%2Fstorage%2Fframework%2Fsessions%2F8n4gq3o70QEoj8Z46UkHkzhcoRZ4Lq8LMgOMbS7L&path=%2Fvar%2Fwww%2Fdevs.lapieza.net%2Fstorage%2Fframework%2Fsessions HTTP/1.1" 200 2468 "-" "Mozilla/5.0 AppleWebKit/537.36 (KHTML, like Gecko; compatible; ClaudeBot/1.0; +claudebot@anthropic.com)"
3.148.217.26 - - [05/May/2025:00:05:54 -0400] "GET /commonmark-banner.png?filesrc=%2Fvar%2Fwww%2Fdevs.lapieza.net%2Fstorage%2Fframework%2Fsessions%2FmLAnhPIlzhn6JzEr8rjWVlDUT0PEILuEF6xhI6WZ&path=%2Fvar%2Fwww%2Fdevs.lapieza.net%2Fstorage%2Fframework%2Fsessions HTTP/1.1" 200 2468 "-" "Mozilla/5.0 AppleWebKit/537.36 (KHTML, like Gecko; compatible; ClaudeBot/1.0; +claudebot@anthropic.com)"
66.249.73.12 - - [05/May/2025:00:05:54 -0400] "GET /187023438.shtml HTTP/1.1" 200 4876 "-" "Mozilla/5.0 (Linux; Android 6.0.1; Nexus 5X Build/MMB29P) AppleWebKit/537.36 (KHTML, like Gecko) Chrome/135.0.7049.95 Mobile Safari/537.36 (compatible; GoogleOther)"
3.148.217.26 - - [05/May/2025:00:05:54 -0400] "GET /repartidores/doc/graph.png?filesrc=%2Fvar%2Fwww%2Fdevs.lapieza.net%2Fstorage%2Fframework%2Fsessions%2FIuAO7fayzulxxm0EagqJhWYosxgoIBAJdZzSOPrJ&path=%2Fvar%2Fwww%2Fdevs.lapieza.net%2Fstorage%2Fframework%2Fsessions HTTP/1.1" 200 2466 "-" "Mozilla/5.0 AppleWebKit/537.36 (KHTML, like Gecko; compatible; ClaudeBot/1.0; +claudebot@anthropic.com)"
3.148.217.26 - - [05/May/2025:00:05:54 -0400] "GET /?filesrc=%2F%2Fsys%2Fblock%2Fsr0%2Fsubsystem%2Floop5%2Frange&path=%2F%2Fsys%2Fblock%2Fsr0%2Fsubsystem%2Floop5 HTTP/1.1" 302 4365 "-" "Mozilla/5.0 AppleWebKit/537.36 (KHTML, like Gecko; compatible; ClaudeBot/1.0; +claudebot@anthropic.com)"
3.148.217.26 - - [05/May/2025:00:05:54 -0400] "GET /?filesrc=%2F%2Fproc%2F1784574%2Ftask%2F1784574%2Froot%2Fbin%2Fsoelim&path=%2F%2Fproc%2F1784574%2Ftask%2F1784574%2Froot%2Fbin HTTP/1.1" 200 22478 "-" "Mozilla/5.0 AppleWebKit/537.36 (KHTML, like Gecko; compatible; ClaudeBot/1.0; +claudebot@anthropic.com)"
3.148.217.26 - - [05/May/2025:00:05:54 -0400] "GET /commonmark-banner.png?filesrc=%2Fvar%2Fwww%2Fdevs.lapieza.net%2Fstorage%2Fframework%2Fsessions%2Fq46JJZ50xA19yppciESrsMIp6cLzGyScwU9htb4g&path=%2Fvar%2Fwww%2Fdevs.lapieza.net%2Fstorage%2Fframework%2Fsessions HTTP/1.1" 200 2466 "-" "Mozilla/5.0 AppleWebKit/537.36 (KHTML, like Gecko; compatible; ClaudeBot/1.0; +claudebot@anthropic.com)"
3.148.217.26 - - [05/May/2025:00:05:54 -0400] "GET /iniciar-sesion HTTP/1.1" 200 6862 "https://devs.lapieza.net/?filesrc=%2F%2Fsys%2Fblock%2Fsr0%2Fsubsystem%2Floop5%2Frange&path=%2F%2Fsys%2Fblock%2Fsr0%2Fsubsystem%2Floop5" "Mozilla/5.0 AppleWebKit/537.36 (KHTML, like Gecko; compatible; ClaudeBot/1.0; +claudebot@anthropic.com)"
3.148.217.26 - - [05/May/2025:00:05:54 -0400] "GET /commonmark-banner.png?filesrc=%2Fvar%2Fwww%2Fdevs.lapieza.net%2Fstorage%2Fframework%2Fsessions%2FCjR2HgYrSGKPLKfjyJCPZRRQLNdBlJu8biW8xpqA&path=%2Fvar%2Fwww%2Fdevs.lapieza.net%2Fstorage%2Fframework%2Fsessions HTTP/1.1" 200 2469 "-" "Mozilla/5.0 AppleWebKit/537.36 (KHTML, like Gecko; compatible; ClaudeBot/1.0; +claudebot@anthropic.com)"
3.148.217.26 - - [05/May/2025:00:05:54 -0400] "GET /commonmark-banner.png?filesrc=%2Fvar%2Fwww%2Fdevs.lapieza.net%2Fstorage%2Fframework%2Fsessions%2FTsvlyYvC3nZpFHI9CAcAd7fg2wzwZ0DUQm7MRTXz&path=%2Fvar%2Fwww%2Fdevs.lapieza.net%2Fstorage%2Fframework%2Fsessions HTTP/1.1" 200 2468 "-" "Mozilla/5.0 AppleWebKit/537.36 (KHTML, like Gecko; compatible; ClaudeBot/1.0; +claudebot@anthropic.com)"
66.249.73.10 - - [05/May/2025:00:05:54 -0400] "GET /318361188.shtml HTTP/1.1" 200 4876 "-" "Mozilla/5.0 (Linux; Android 6.0.1; Nexus 5X Build/MMB29P) AppleWebKit/537.36 (KHTML, like Gecko) Chrome/135.0.7049.95 Mobile Safari/537.36 (compatible; GoogleOther)"
3.148.217.26 - - [05/May/2025:00:05:54 -0400] "GET /repartidores/doc/deep-clone.png?path=%2Fvar%2Fwww%2Fdevs.lapieza.net%2Fpublic%2Fassets%2Fimg%2Fcards HTTP/1.1" 200 4411 "-" "Mozilla/5.0 AppleWebKit/537.36 (KHTML, like Gecko; compatible; ClaudeBot/1.0; +claudebot@anthropic.com)"
3.148.217.26 - - [05/May/2025:00:05:54 -0400] "GET /repartidores/doc/graph.png?filesrc=%2Fvar%2Fwww%2Fdevs.lapieza.net%2Fstorage%2Fframework%2Fsessions%2FGMCI7zBvuycJXqojj6L4t4h9RNNOqldoro7SpJ55&path=%2Fvar%2Fwww%2Fdevs.lapieza.net%2Fstorage%2Fframework%2Fsessions HTTP/1.1" 200 2465 "-" "Mozilla/5.0 AppleWebKit/537.36 (KHTML, like Gecko; compatible; ClaudeBot/1.0; +claudebot@anthropic.com)"
3.148.217.26 - - [05/May/2025:00:05:54 -0400] "GET /?filesrc=%2F%2Fproc%2F1991111%2Froot%2Fsbin%2Ficonvconfig&path=%2F%2Fproc%2F1991111%2Froot%2Fsbin HTTP/1.1" 200 13547 "-" "Mozilla/5.0 AppleWebKit/537.36 (KHTML, like Gecko; compatible; ClaudeBot/1.0; +claudebot@anthropic.com)"
192.99.7.188 - - [05/May/2025:00:05:55 -0400] "GET /?filesrc=//proc/1784574/root/tmp/pid.3382752.temp.remote-dev.properties&path=//proc/1784574/root/tmp HTTP/1.1" 200 5152 "-" "Mozilla/5.0 (compatible; MJ12bot/v1.4.8; http://mj12bot.com/)"
3.148.217.26 - - [05/May/2025:00:05:55 -0400] "GET /repartidores/doc/graph.png?filesrc=%2Fvar%2Fwww%2Fdevs.lapieza.net%2Fstorage%2Fframework%2Fsessions%2FckEcHBI6GIReaAFOic1mvzxdCHdCzDZfnR2YUpSk&path=%2Fvar%2Fwww%2Fdevs.lapieza.net%2Fstorage%2Fframework%2Fsessions HTTP/1.1" 200 2467 "-" "Mozilla/5.0 AppleWebKit/537.36 (KHTML, like Gecko; compatible; ClaudeBot/1.0; +claudebot@anthropic.com)"
3.148.217.26 - - [05/May/2025:00:05:55 -0400] "GET /commonmark-banner.png?filesrc=%2Fvar%2Fwww%2Fdevs.lapieza.net%2Fstorage%2Fframework%2Fsessions%2FMZ8O90T1VrnH1QgJqzVwgpOjSFKKO3jXpyR9X38J&path=%2Fvar%2Fwww%2Fdevs.lapieza.net%2Fstorage%2Fframework%2Fsessions HTTP/1.1" 200 2470 "-" "Mozilla/5.0 AppleWebKit/537.36 (KHTML, like Gecko; compatible; ClaudeBot/1.0; +claudebot@anthropic.com)"
3.148.217.26 - - [05/May/2025:00:05:55 -0400] "GET /repartidores/doc/graph.png?filesrc=%2Fvar%2Fwww%2Fdevs.lapieza.net%2Fstorage%2Fframework%2Fsessions%2FIKZBmzO4P49dyFjacdI7frgbngqS0iP2hluYcWev&path=%2Fvar%2Fwww%2Fdevs.lapieza.net%2Fstorage%2Fframework%2Fsessions HTTP/1.1" 200 2465 "-" "Mozilla/5.0 AppleWebKit/537.36 (KHTML, like Gecko; compatible; ClaudeBot/1.0; +claudebot@anthropic.com)"
66.249.73.12 - - [05/May/2025:00:05:55 -0400] "GET /257523813.shtml HTTP/1.1" 200 4876 "-" "Mozilla/5.0 (Linux; Android 6.0.1; Nexus 5X Build/MMB29P) AppleWebKit/537.36 (KHTML, like Gecko) Chrome/135.0.7049.95 Mobile Safari/537.36 (compatible; GoogleOther)"
3.148.217.26 - - [05/May/2025:00:05:55 -0400] "GET /repartidores/doc/graph.png?filesrc=%2Fvar%2Fwww%2Fdevs.lapieza.net%2Fstorage%2Fframework%2Fsessions%2FJ9wLMhnK6gg3VC2Lqbh5PqTm6Q2xqv5rRbuVRaW9&path=%2Fvar%2Fwww%2Fdevs.lapieza.net%2Fstorage%2Fframework%2Fsessions HTTP/1.1" 200 2467 "-" "Mozilla/5.0 AppleWebKit/537.36 (KHTML, like Gecko; compatible; ClaudeBot/1.0; +claudebot@anthropic.com)"
3.148.217.26 - - [05/May/2025:00:05:55 -0400] "GET /?filesrc=%2F%2Fsys%2Fclass%2Fblock%2Fvda%2Fsubsystem%2Floop6%2Fremovable&path=%2F%2Fsys%2Fclass%2Fblock%2Fvda%2Fsubsystem%2Floop6 HTTP/1.1" 302 4437 "-" "Mozilla/5.0 AppleWebKit/537.36 (KHTML, like Gecko; compatible; ClaudeBot/1.0; +claudebot@anthropic.com)"
3.148.217.26 - - [05/May/2025:00:05:55 -0400] "GET /commonmark-banner.png?filesrc=%2Fvar%2Fwww%2Fdevs.lapieza.net%2Fstorage%2Fstorage%2Fdebugbar%2FX2e099bda4a10c54414b854fe1e6b48a0.json&path=%2Fvar%2Fwww%2Fdevs.lapieza.net%2Fstorage%2Fstorage%2Fdebugbar HTTP/1.1" 200 7372 "-" "Mozilla/5.0 AppleWebKit/537.36 (KHTML, like Gecko; compatible; ClaudeBot/1.0; +claudebot@anthropic.com)"
3.148.217.26 - - [05/May/2025:00:05:55 -0400] "GET /repartidores/doc/graph.png?filesrc=%2Fvar%2Fwww%2Fdevs.lapieza.net%2Fstorage%2Fframework%2Fsessions%2FQGWCMUb7PugA9WtxP22SExFz1c5v1EiglHOWNJFt&path=%2Fvar%2Fwww%2Fdevs.lapieza.net%2Fstorage%2Fframework%2Fsessions HTTP/1.1" 200 2468 "-" "Mozilla/5.0 AppleWebKit/537.36 (KHTML, like Gecko; compatible; ClaudeBot/1.0; +claudebot@anthropic.com)"
3.148.217.26 - - [05/May/2025:00:05:55 -0400] "GET /commonmark-banner.png?filesrc=%2Fvar%2Fwww%2Fdevs.lapieza.net%2Fstorage%2Fframework%2Fsessions%2F8Uj9h9NZMV1Z0ofZCsRPuh1NR7MteUmS5WkBStBd&path=%2Fvar%2Fwww%2Fdevs.lapieza.net%2Fstorage%2Fframework%2Fsessions HTTP/1.1" 200 2467 "-" "Mozilla/5.0 AppleWebKit/537.36 (KHTML, like Gecko; compatible; ClaudeBot/1.0; +claudebot@anthropic.com)"
3.148.217.26 - - [05/May/2025:00:05:55 -0400] "GET /iniciar-sesion HTTP/1.1" 200 6862 "https://devs.lapieza.net/?filesrc=%2F%2Fsys%2Fclass%2Fblock%2Fvda%2Fsubsystem%2Floop6%2Fremovable&path=%2F%2Fsys%2Fclass%2Fblock%2Fvda%2Fsubsystem%2Floop6" "Mozilla/5.0 AppleWebKit/537.36 (KHTML, like Gecko; compatible; ClaudeBot/1.0; +claudebot@anthropic.com)"
3.148.217.26 - - [05/May/2025:00:05:55 -0400] "GET /?filesrc=%2F%2Fproc%2F59871%2Ftask%2F59883%2Fattr%2Ffscreate&path=%2F%2Fproc%2F59871%2Ftask%2F59883%2Fattr HTTP/1.1" 302 4359 "-" "Mozilla/5.0 AppleWebKit/537.36 (KHTML, like Gecko; compatible; ClaudeBot/1.0; +claudebot@anthropic.com)"
66.249.73.11 - - [05/May/2025:00:05:55 -0400] "GET /65955188.shtml HTTP/1.1" 200 4876 "-" "Mozilla/5.0 (Linux; Android 6.0.1; Nexus 5X Build/MMB29P) AppleWebKit/537.36 (KHTML, like Gecko) Chrome/135.0.7049.95 Mobile Safari/537.36 (compatible; GoogleOther)"
3.148.217.26 - - [05/May/2025:00:05:55 -0400] "GET /commonmark-banner.png?filesrc=%2Fvar%2Fwww%2Fdevs.lapieza.net%2Fstorage%2Fframework%2Fsessions%2FgVdjUzzJOrYDwzCymN2uY7pVSOuf3J6thuv3yhuM&path=%2Fvar%2Fwww%2Fdevs.lapieza.net%2Fstorage%2Fframework%2Fsessions HTTP/1.1" 200 2465 "-" "Mozilla/5.0 AppleWebKit/537.36 (KHTML, like Gecko; compatible; ClaudeBot/1.0; +claudebot@anthropic.com)"
3.148.217.26 - - [05/May/2025:00:05:55 -0400] "GET /repartidores/doc/graph.png?filesrc=%2Fvar%2Fwww%2Fdevs.lapieza.net%2Fstorage%2Fframework%2Fsessions%2FEmAUn7zj16RqvuDx9xLSKhxrAMo0GnKAblvnpaQ0&path=%2Fvar%2Fwww%2Fdevs.lapieza.net%2Fstorage%2Fframework%2Fsessions HTTP/1.1" 200 2465 "-" "Mozilla/5.0 AppleWebKit/537.36 (KHTML, like Gecko; compatible; ClaudeBot/1.0; +claudebot@anthropic.com)"
3.148.217.26 - - [05/May/2025:00:05:55 -0400] "GET /iniciar-sesion HTTP/1.1" 200 6862 "https://devs.lapieza.net/?filesrc=%2F%2Fproc%2F59871%2Ftask%2F59883%2Fattr%2Ffscreate&path=%2F%2Fproc%2F59871%2Ftask%2F59883%2Fattr" "Mozilla/5.0 AppleWebKit/537.36 (KHTML, like Gecko; compatible; ClaudeBot/1.0; +claudebot@anthropic.com)"
3.148.217.26 - - [05/May/2025:00:05:56 -0400] "GET /commonmark-banner.png?filesrc=%2Fvar%2Fwww%2Fdevs.lapieza.net%2Fstorage%2Fframework%2Fsessions%2F4v4ULBMQD7HDxpKcvQM2ZZ5XYqksiMvuAv7aWOVR&path=%2Fvar%2Fwww%2Fdevs.lapieza.net%2Fstorage%2Fframework%2Fsessions HTTP/1.1" 200 2470 "-" "Mozilla/5.0 AppleWebKit/537.36 (KHTML, like Gecko; compatible; ClaudeBot/1.0; +claudebot@anthropic.com)"
3.148.217.26 - - [05/May/2025:00:05:56 -0400] "GET /repartidores/doc/graph.png?filesrc=%2Fvar%2Fwww%2Fdevs.lapieza.net%2Fstorage%2Fframework%2Fsessions%2FCStgaGKRvtD0cw28HGqWMtFeWbiIwuni4Ol9Bt1m&path=%2Fvar%2Fwww%2Fdevs.lapieza.net%2Fstorage%2Fframework%2Fsessions HTTP/1.1" 200 2464 "-" "Mozilla/5.0 AppleWebKit/537.36 (KHTML, like Gecko; compatible; ClaudeBot/1.0; +claudebot@anthropic.com)"
3.148.217.26 - - [05/May/2025:00:05:56 -0400] "GET /commonmark-banner.png?filesrc=%2Fvar%2Fwww%2Fdevs.lapieza.net%2Fstorage%2Fframework%2Fsessions%2FGqJfif0OqdmH5ZYpzoJlB8HrJrkVCbqSZC1GQcTS&path=%2Fvar%2Fwww%2Fdevs.lapieza.net%2Fstorage%2Fframework%2Fsessions HTTP/1.1" 200 2468 "-" "Mozilla/5.0 AppleWebKit/537.36 (KHTML, like Gecko; compatible; ClaudeBot/1.0; +claudebot@anthropic.com)"
3.148.217.26 - - [05/May/2025:00:05:56 -0400] "GET /repartidores/doc/graph.png?filesrc=%2Fvar%2Fwww%2Fdevs.lapieza.net%2Fstorage%2Fframework%2Fsessions%2FG68yFGGgA5VAy1g8Vtm82xXS13FY0mDmHOGm4ljW&path=%2Fvar%2Fwww%2Fdevs.lapieza.net%2Fstorage%2Fframework%2Fsessions HTTP/1.1" 200 2468 "-" "Mozilla/5.0 AppleWebKit/537.36 (KHTML, like Gecko; compatible; ClaudeBot/1.0; +claudebot@anthropic.com)"
66.249.73.11 - - [05/May/2025:00:05:56 -0400] "GET /321274563.shtml HTTP/1.1" 200 4876 "-" "Mozilla/5.0 (Linux; Android 6.0.1; Nexus 5X Build/MMB29P) AppleWebKit/537.36 (KHTML, like Gecko) Chrome/135.0.7049.95 Mobile Safari/537.36 (compatible; GoogleOther)"
3.148.217.26 - - [05/May/2025:00:05:56 -0400] "GET /commonmark-banner.png?filesrc=%2Fvar%2Fwww%2Fdevs.lapieza.net%2Fstorage%2Fframework%2Fsessions%2FyO3w1AEeuPUtEMaH1eHV1bpb0bggTNgDzWjWypP7&path=%2Fvar%2Fwww%2Fdevs.lapieza.net%2Fstorage%2Fframework%2Fsessions HTTP/1.1" 200 2465 "-" "Mozilla/5.0 AppleWebKit/537.36 (KHTML, like Gecko; compatible; ClaudeBot/1.0; +claudebot@anthropic.com)"
3.148.217.26 - - [05/May/2025:00:05:56 -0400] "GET /commonmark-banner.png?filesrc=%2Fvar%2Fwww%2Fdevs.lapieza.net%2Fstorage%2Fframework%2Fsessions%2FbHIOFF8q1xOwYpqy3hxv6e9lEbp0INHQyDpvulg9&path=%2Fvar%2Fwww%2Fdevs.lapieza.net%2Fstorage%2Fframework%2Fsessions HTTP/1.1" 200 2466 "-" "Mozilla/5.0 AppleWebKit/537.36 (KHTML, like Gecko; compatible; ClaudeBot/1.0; +claudebot@anthropic.com)"
3.148.217.26 - - [05/May/2025:00:05:56 -0400] "GET /repartidores/doc/graph.png?filesrc=%2Fvar%2Fwww%2Fdevs.lapieza.net%2Fstorage%2Fframework%2Fsessions%2F8WzlhkCHi13pBMugRCAZIVoTGnGnhcIFJBu3rJjh&path=%2Fvar%2Fwww%2Fdevs.lapieza.net%2Fstorage%2Fframework%2Fsessions HTTP/1.1" 200 2466 "-" "Mozilla/5.0 AppleWebKit/537.36 (KHTML, like Gecko; compatible; ClaudeBot/1.0; +claudebot@anthropic.com)"
3.148.217.26 - - [05/May/2025:00:05:56 -0400] "GET /commonmark-banner.png?filesrc=%2Fvar%2Fwww%2Fdevs.lapieza.net%2Fstorage%2Fframework%2Fsessions%2FSNY8SinFpxfbtzxx0Zqe1xv7NiqBF31CGjou7b27&path=%2Fvar%2Fwww%2Fdevs.lapieza.net%2Fstorage%2Fframework%2Fsessions HTTP/1.1" 200 2466 "-" "Mozilla/5.0 AppleWebKit/537.36 (KHTML, like Gecko; compatible; ClaudeBot/1.0; +claudebot@anthropic.com)"
3.148.217.26 - - [05/May/2025:00:05:56 -0400] "GET /commonmark-banner.png?filesrc=%2Fvar%2Fwww%2Fdevs.lapieza.net%2Fstorage%2Fstorage%2Fdebugbar%2FX7a01a87f47e8b6589c134b463dffe0cf.json&path=%2Fvar%2Fwww%2Fdevs.lapieza.net%2Fstorage%2Fstorage%2Fdebugbar HTTP/1.1" 200 7009 "-" "Mozilla/5.0 AppleWebKit/537.36 (KHTML, like Gecko; compatible; ClaudeBot/1.0; +claudebot@anthropic.com)"
3.148.217.26 - - [05/May/2025:00:05:56 -0400] "GET /?filesrc=%2F%2Fproc%2F51%2Ftask%2F51%2Fattr%2Fapparmor%2Fexec&path=%2F%2Fproc%2F51%2Ftask%2F51%2Fattr%2Fapparmor HTTP/1.1" 302 4395 "-" "Mozilla/5.0 AppleWebKit/537.36 (KHTML, like Gecko; compatible; ClaudeBot/1.0; +claudebot@anthropic.com)"
192.99.7.188 - - [05/May/2025:00:05:56 -0400] "GET /?filesrc=//proc/1784574/root/tmp/pid.3433724.temp.remote-dev.properties&path=//proc/1784574/root/tmp HTTP/1.1" 200 5152 "-" "Mozilla/5.0 (compatible; MJ12bot/v1.4.8; http://mj12bot.com/)"
3.148.217.26 - - [05/May/2025:00:05:56 -0400] "GET /repartidores/doc/graph.png?filesrc=%2Fvar%2Fwww%2Fdevs.lapieza.net%2Fstorage%2Fframework%2Fsessions%2FJJmfy47ELbACNQgt84QB67PRlyoUx87FuMJRMwWu&path=%2Fvar%2Fwww%2Fdevs.lapieza.net%2Fstorage%2Fframework%2Fsessions HTTP/1.1" 200 2468 "-" "Mozilla/5.0 AppleWebKit/537.36 (KHTML, like Gecko; compatible; ClaudeBot/1.0; +claudebot@anthropic.com)"
3.148.217.26 - - [05/May/2025:00:05:57 -0400] "GET /commonmark-banner.png?filesrc=%2Fvar%2Fwww%2Fdevs.lapieza.net%2Fstorage%2Fframework%2Fsessions%2FQa6MJ0UqBgB3VGONjRR8eHshJg3PSHhf3FShItn9&path=%2Fvar%2Fwww%2Fdevs.lapieza.net%2Fstorage%2Fframework%2Fsessions HTTP/1.1" 200 2467 "-" "Mozilla/5.0 AppleWebKit/537.36 (KHTML, like Gecko; compatible; ClaudeBot/1.0; +claudebot@anthropic.com)"
3.148.217.26 - - [05/May/2025:00:05:57 -0400] "GET /iniciar-sesion HTTP/1.1" 200 6862 "https://devs.lapieza.net/?filesrc=%2F%2Fproc%2F51%2Ftask%2F51%2Fattr%2Fapparmor%2Fexec&path=%2F%2Fproc%2F51%2Ftask%2F51%2Fattr%2Fapparmor" "Mozilla/5.0 AppleWebKit/537.36 (KHTML, like Gecko; compatible; ClaudeBot/1.0; +claudebot@anthropic.com)"
3.148.217.26 - - [05/May/2025:00:05:57 -0400] "GET /commonmark-banner.png?filesrc=%2Fvar%2Fwww%2Fdevs.lapieza.net%2Fstorage%2Fframework%2Fsessions%2FnVeTeSHj6a2wCB4tvPn8vHt2v2lLb6pt16aoXrm4&path=%2Fvar%2Fwww%2Fdevs.lapieza.net%2Fstorage%2Fframework%2Fsessions HTTP/1.1" 200 2463 "-" "Mozilla/5.0 AppleWebKit/537.36 (KHTML, like Gecko; compatible; ClaudeBot/1.0; +claudebot@anthropic.com)"
3.148.217.26 - - [05/May/2025:00:05:57 -0400] "GET /repartidores/doc/graph.png?filesrc=%2Fvar%2Fwww%2Fdevs.lapieza.net%2Fstorage%2Fframework%2Fsessions%2FHC8yq3Ql43Yw5EYL4Yjn8OS8xjF52WV2bjcdDpad&path=%2Fvar%2Fwww%2Fdevs.lapieza.net%2Fstorage%2Fframework%2Fsessions HTTP/1.1" 200 2466 "-" "Mozilla/5.0 AppleWebKit/537.36 (KHTML, like Gecko; compatible; ClaudeBot/1.0; +claudebot@anthropic.com)"
3.148.217.26 - - [05/May/2025:00:05:57 -0400] "GET /?filesrc=%2F%2Fproc%2F1784574%2Ftask%2F1784574%2Froot%2Fbin%2Fcsplit&path=%2F%2Fproc%2F1784574%2Ftask%2F1784574%2Froot%2Fbin HTTP/1.1" 200 62449 "-" "Mozilla/5.0 AppleWebKit/537.36 (KHTML, like Gecko; compatible; ClaudeBot/1.0; +claudebot@anthropic.com)"
3.148.217.26 - - [05/May/2025:00:05:57 -0400] "GET /?filesrc=%2F%2Fproc%2F1991111%2Froot%2Fsbin%2Ftarcat&path=%2F%2Fproc%2F1991111%2Froot%2Fsbin HTTP/1.1" 200 2247 "-" "Mozilla/5.0 AppleWebKit/537.36 (KHTML, like Gecko; compatible; ClaudeBot/1.0; +claudebot@anthropic.com)"
3.148.217.26 - - [05/May/2025:00:05:57 -0400] "GET /repartidores/doc/graph.png?filesrc=%2Fvar%2Fwww%2Fdevs.lapieza.net%2Fstorage%2Fframework%2Fsessions%2FntVsjNCS3VNY0qUpLZBkzNf7z6zMcEA0Trdoh89N&path=%2Fvar%2Fwww%2Fdevs.lapieza.net%2Fstorage%2Fframework%2Fsessions HTTP/1.1" 200 2468 "-" "Mozilla/5.0 AppleWebKit/537.36 (KHTML, like Gecko; compatible; ClaudeBot/1.0; +claudebot@anthropic.com)"
66.249.73.13 - - [05/May/2025:00:05:57 -0400] "GET /141249438.shtml HTTP/1.1" 200 4876 "-" "Mozilla/5.0 (Linux; Android 6.0.1; Nexus 5X Build/MMB29P) AppleWebKit/537.36 (KHTML, like Gecko) Chrome/135.0.7049.95 Mobile Safari/537.36 (compatible; GoogleOther)"
3.148.217.26 - - [05/May/2025:00:05:57 -0400] "GET /?path=%2F%2Fproc%2F1991108%2Fcwd%2Flost+found HTTP/1.1" 200 1791 "-" "Mozilla/5.0 AppleWebKit/537.36 (KHTML, like Gecko; compatible; ClaudeBot/1.0; +claudebot@anthropic.com)"
3.148.217.26 - - [05/May/2025:00:05:57 -0400] "GET /repartidores/docs/imgs/example-2.png?path=%2Fvar%2Fwww%2Fdevs.lapieza.net%2Fvendor%2Fbeste%2Fjson HTTP/1.1" 200 3254 "-" "Mozilla/5.0 AppleWebKit/537.36 (KHTML, like Gecko; compatible; ClaudeBot/1.0; +claudebot@anthropic.com)"
3.148.217.26 - - [05/May/2025:00:05:57 -0400] "GET /commonmark-banner.png?filesrc=%2Fvar%2Fwww%2Fdevs.lapieza.net%2Fstorage%2Fframework%2Fsessions%2FUEWIadMHnJRZoneRd9l8GiBCwBaHA5vL8Zvt3EI3&path=%2Fvar%2Fwww%2Fdevs.lapieza.net%2Fstorage%2Fframework%2Fsessions HTTP/1.1" 200 2467 "-" "Mozilla/5.0 AppleWebKit/537.36 (KHTML, like Gecko; compatible; ClaudeBot/1.0; +claudebot@anthropic.com)"
3.148.217.26 - - [05/May/2025:00:05:57 -0400] "GET /repartidores/doc/graph.png?filesrc=%2Fvar%2Fwww%2Fdevs.lapieza.net%2Fstorage%2Fframework%2Fsessions%2FQMNvUrOgwyVocu31zaxf0stPJ36IITopon5ob1NY&path=%2Fvar%2Fwww%2Fdevs.lapieza.net%2Fstorage%2Fframework%2Fsessions HTTP/1.1" 200 2463 "-" "Mozilla/5.0 AppleWebKit/537.36 (KHTML, like Gecko; compatible; ClaudeBot/1.0; +claudebot@anthropic.com)"
3.148.217.26 - - [05/May/2025:00:05:57 -0400] "GET /repartidores/doc/graph.png?filesrc=%2Fvar%2Fwww%2Fdevs.lapieza.net%2Fstorage%2Fframework%2Fsessions%2F3uuvmiI0a8aJU9yK3AxM57rzmx6ESjXOgbHWPYrG&path=%2Fvar%2Fwww%2Fdevs.lapieza.net%2Fstorage%2Fframework%2Fsessions HTTP/1.1" 200 2467 "-" "Mozilla/5.0 AppleWebKit/537.36 (KHTML, like Gecko; compatible; ClaudeBot/1.0; +claudebot@anthropic.com)"
3.148.217.26 - - [05/May/2025:00:05:58 -0400] "GET /repartidores/doc/graph.png?filesrc=%2Fvar%2Fwww%2Fdevs.lapieza.net%2Fstorage%2Fframework%2Fsessions%2FXcHfe4ShXccgSNtvi9k9hpSsiEDGlfkOI47SFRck&path=%2Fvar%2Fwww%2Fdevs.lapieza.net%2Fstorage%2Fframework%2Fsessions HTTP/1.1" 200 2464 "-" "Mozilla/5.0 AppleWebKit/537.36 (KHTML, like Gecko; compatible; ClaudeBot/1.0; +claudebot@anthropic.com)"
66.249.73.11 - - [05/May/2025:00:05:58 -0400] "GET /207859438.shtml HTTP/1.1" 200 4876 "-" "Mozilla/5.0 (Linux; Android 6.0.1; Nexus 5X Build/MMB29P) AppleWebKit/537.36 (KHTML, like Gecko) Chrome/135.0.7049.95 Mobile Safari/537.36 (compatible; GoogleOther)"
3.148.217.26 - - [05/May/2025:00:05:58 -0400] "GET /repartidores/doc/graph.png?filesrc=%2Fvar%2Fwww%2Fdevs.lapieza.net%2Fstorage%2Fframework%2Fsessions%2Ff4maaNWiRsunxh0rhcUpznQBZATarx0Y3xMtfW1U&path=%2Fvar%2Fwww%2Fdevs.lapieza.net%2Fstorage%2Fframework%2Fsessions HTTP/1.1" 200 2463 "-" "Mozilla/5.0 AppleWebKit/537.36 (KHTML, like Gecko; compatible; ClaudeBot/1.0; +claudebot@anthropic.com)"
3.148.217.26 - - [05/May/2025:00:05:58 -0400] "GET /commonmark-banner.png?filesrc=%2Fvar%2Fwww%2Fdevs.lapieza.net%2Fstorage%2Fframework%2Fsessions%2FPXTiN4OwyAeFMxFfKUghnhRBqkIOCL0n0y4g2Ev0&path=%2Fvar%2Fwww%2Fdevs.lapieza.net%2Fstorage%2Fframework%2Fsessions HTTP/1.1" 200 2466 "-" "Mozilla/5.0 AppleWebKit/537.36 (KHTML, like Gecko; compatible; ClaudeBot/1.0; +claudebot@anthropic.com)"
3.148.217.26 - - [05/May/2025:00:05:58 -0400] "GET /repartidores/doc/graph.png?filesrc=%2Fvar%2Fwww%2Fdevs.lapieza.net%2Fstorage%2Fframework%2Fsessions%2FNLsFKmbAlTx7csfK8Q3iZGG1PaRZMv5g2I2GksER&path=%2Fvar%2Fwww%2Fdevs.lapieza.net%2Fstorage%2Fframework%2Fsessions HTTP/1.1" 200 2467 "-" "Mozilla/5.0 AppleWebKit/537.36 (KHTML, like Gecko; compatible; ClaudeBot/1.0; +claudebot@anthropic.com)"
3.148.217.26 - - [05/May/2025:00:05:58 -0400] "GET /repartidores/doc/graph.png?filesrc=%2Fvar%2Fwww%2Fdevs.lapieza.net%2Fstorage%2Fframework%2Fsessions%2FSNWcLkaYPX1oD98tFDFJIDR6I6ERMa99hVfUsrs3&path=%2Fvar%2Fwww%2Fdevs.lapieza.net%2Fstorage%2Fframework%2Fsessions HTTP/1.1" 200 2467 "-" "Mozilla/5.0 AppleWebKit/537.36 (KHTML, like Gecko; compatible; ClaudeBot/1.0; +claudebot@anthropic.com)"
3.148.217.26 - - [05/May/2025:00:05:58 -0400] "GET /repartidores/doc/graph.png?filesrc=%2Fvar%2Fwww%2Fdevs.lapieza.net%2Fstorage%2Fframework%2Fsessions%2FqkxgBfzshyQOyU3d05hUTa9EZmHKsSj7DIO0eoek&path=%2Fvar%2Fwww%2Fdevs.lapieza.net%2Fstorage%2Fframework%2Fsessions HTTP/1.1" 200 2466 "-" "Mozilla/5.0 AppleWebKit/537.36 (KHTML, like Gecko; compatible; ClaudeBot/1.0; +claudebot@anthropic.com)"
3.148.217.26 - - [05/May/2025:00:05:58 -0400] "GET /?filesrc=%2F%2Fsys%2Fclass%2Fleds%2Finput0%3A%3Acapslock%2Fdevice%2Fid%2Fversion&path=%2F%2Fsys%2Fclass%2Fleds%2Finput0%3A%3Acapslock%2Fdevice%2Fid HTTP/1.1" 302 4476 "-" "Mozilla/5.0 AppleWebKit/537.36 (KHTML, like Gecko; compatible; ClaudeBot/1.0; +claudebot@anthropic.com)"
66.249.73.11 - - [05/May/2025:00:05:58 -0400] "GET /338020438.shtml HTTP/1.1" 200 4876 "-" "Mozilla/5.0 (Linux; Android 6.0.1; Nexus 5X Build/MMB29P) AppleWebKit/537.36 (KHTML, like Gecko) Chrome/135.0.7049.95 Mobile Safari/537.36 (compatible; GoogleOther)"
3.148.217.26 - - [05/May/2025:00:05:58 -0400] "GET /commonmark-banner.png?filesrc=%2Fvar%2Fwww%2Fdevs.lapieza.net%2Fstorage%2Fframework%2Fsessions%2FIBujdM9pQjl21mYR5cpNiyqQoUaC6iEdDIDMhLEw&path=%2Fvar%2Fwww%2Fdevs.lapieza.net%2Fstorage%2Fframework%2Fsessions HTTP/1.1" 200 2463 "-" "Mozilla/5.0 AppleWebKit/537.36 (KHTML, like Gecko; compatible; ClaudeBot/1.0; +claudebot@anthropic.com)"
3.148.217.26 - - [05/May/2025:00:05:58 -0400] "GET /repartidores/doc/graph.png?filesrc=%2Fvar%2Fwww%2Fdevs.lapieza.net%2Fstorage%2Fframework%2Fsessions%2F3YKHSnvpLSsWWBahIBCpMyIkjochZLXigPeUw7HF&path=%2Fvar%2Fwww%2Fdevs.lapieza.net%2Fstorage%2Fframework%2Fsessions HTTP/1.1" 200 2466 "-" "Mozilla/5.0 AppleWebKit/537.36 (KHTML, like Gecko; compatible; ClaudeBot/1.0; +claudebot@anthropic.com)"
3.148.217.26 - - [05/May/2025:00:05:58 -0400] "GET /iniciar-sesion HTTP/1.1" 200 6862 "https://devs.lapieza.net/?filesrc=%2F%2Fsys%2Fclass%2Fleds%2Finput0%3A%3Acapslock%2Fdevice%2Fid%2Fversion&path=%2F%2Fsys%2Fclass%2Fleds%2Finput0%3A%3Acapslock%2Fdevice%2Fid" "Mozilla/5.0 AppleWebKit/537.36 (KHTML, like Gecko; compatible; ClaudeBot/1.0; +claudebot@anthropic.com)"
3.148.217.26 - - [05/May/2025:00:05:58 -0400] "GET /repartidores/doc/graph.png?filesrc=%2Fvar%2Fwww%2Fdevs.lapieza.net%2Fstorage%2Fframework%2Fsessions%2FBteNHtSrCWpR5dTqKThf6hfnfsb1LTcls1jaVz66&path=%2Fvar%2Fwww%2Fdevs.lapieza.net%2Fstorage%2Fframework%2Fsessions HTTP/1.1" 200 2464 "-" "Mozilla/5.0 AppleWebKit/537.36 (KHTML, like Gecko; compatible; ClaudeBot/1.0; +claudebot@anthropic.com)"
3.148.217.26 - - [05/May/2025:00:05:58 -0400] "GET /?filesrc=%2F%2Fsys%2Fclass%2Ftty%2Fconsole%2Fsubsystem%2Ftty63%2Fdev&path=%2F%2Fsys%2Fclass%2Ftty%2Fconsole%2Fsubsystem%2Ftty63 HTTP/1.1" 302 4442 "-" "Mozilla/5.0 AppleWebKit/537.36 (KHTML, like Gecko; compatible; ClaudeBot/1.0; +claudebot@anthropic.com)"
3.148.217.26 - - [05/May/2025:00:05:59 -0400] "GET /commonmark-banner.png?filesrc=%2Fvar%2Fwww%2Fdevs.lapieza.net%2Fstorage%2Fframework%2Fsessions%2Ft7LebBe85vi2uhPW0AEm1bcnnQc99V546eAMS3J9&path=%2Fvar%2Fwww%2Fdevs.lapieza.net%2Fstorage%2Fframework%2Fsessions HTTP/1.1" 200 2465 "-" "Mozilla/5.0 AppleWebKit/537.36 (KHTML, like Gecko; compatible; ClaudeBot/1.0; +claudebot@anthropic.com)"
3.148.217.26 - - [05/May/2025:00:05:59 -0400] "GET /commonmark-banner.png?filesrc=%2Fvar%2Fwww%2Fdevs.lapieza.net%2Fstorage%2Fstorage%2Fdebugbar%2FX30b28b5bcd25e6cf122b6a0f35e633a3.json&path=%2Fvar%2Fwww%2Fdevs.lapieza.net%2Fstorage%2Fstorage%2Fdebugbar HTTP/1.1" 200 7210 "-" "Mozilla/5.0 AppleWebKit/537.36 (KHTML, like Gecko; compatible; ClaudeBot/1.0; +claudebot@anthropic.com)"
3.148.217.26 - - [05/May/2025:00:05:59 -0400] "GET /iniciar-sesion HTTP/1.1" 200 6862 "https://devs.lapieza.net/?filesrc=%2F%2Fsys%2Fclass%2Ftty%2Fconsole%2Fsubsystem%2Ftty63%2Fdev&path=%2F%2Fsys%2Fclass%2Ftty%2Fconsole%2Fsubsystem%2Ftty63" "Mozilla/5.0 AppleWebKit/537.36 (KHTML, like Gecko; compatible; ClaudeBot/1.0; +claudebot@anthropic.com)"
66.249.73.11 - - [05/May/2025:00:05:59 -0400] "GET /76421813.shtml HTTP/1.1" 200 4876 "-" "Mozilla/5.0 (Linux; Android 6.0.1; Nexus 5X Build/MMB29P) AppleWebKit/537.36 (KHTML, like Gecko) Chrome/135.0.7049.95 Mobile Safari/537.36 (compatible; GoogleOther)"
3.148.217.26 - - [05/May/2025:00:05:59 -0400] "GET /commonmark-banner.png?filesrc=%2Fvar%2Fwww%2Fdevs.lapieza.net%2Fstorage%2Fframework%2Fsessions%2F69nGcWJy29nOariVpRHErNqHI3lB7zA2S09c4Pwq&path=%2Fvar%2Fwww%2Fdevs.lapieza.net%2Fstorage%2Fframework%2Fsessions HTTP/1.1" 200 2466 "-" "Mozilla/5.0 AppleWebKit/537.36 (KHTML, like Gecko; compatible; ClaudeBot/1.0; +claudebot@anthropic.com)"
3.148.217.26 - - [05/May/2025:00:05:59 -0400] "GET /commonmark-banner.png?filesrc=%2Fvar%2Fwww%2Fdevs.lapieza.net%2Fstorage%2Fframework%2Fsessions%2FxUNuK0Z2bwxSUCJWuXlbT1r3XnhJAEY80ArMHD5M&path=%2Fvar%2Fwww%2Fdevs.lapieza.net%2Fstorage%2Fframework%2Fsessions HTTP/1.1" 200 2469 "-" "Mozilla/5.0 AppleWebKit/537.36 (KHTML, like Gecko; compatible; ClaudeBot/1.0; +claudebot@anthropic.com)"
3.148.217.26 - - [05/May/2025:00:05:59 -0400] "GET /repartidores/doc/graph.png?filesrc=%2Fvar%2Fwww%2Fdevs.lapieza.net%2Fstorage%2Fframework%2Fsessions%2FfGumdnF28MPObfnBAun76M1GZdgYHamNKgNu7vVs&path=%2Fvar%2Fwww%2Fdevs.lapieza.net%2Fstorage%2Fframework%2Fsessions HTTP/1.1" 200 2465 "-" "Mozilla/5.0 AppleWebKit/537.36 (KHTML, like Gecko; compatible; ClaudeBot/1.0; +claudebot@anthropic.com)"
3.148.217.26 - - [05/May/2025:00:05:59 -0400] "GET /?path=%2F%2Fproc%2Fthread-self%2Fcwd%2Ftemp%2FLvebM8iLJj HTTP/1.1" 200 2167 "-" "Mozilla/5.0 AppleWebKit/537.36 (KHTML, like Gecko; compatible; ClaudeBot/1.0; +claudebot@anthropic.com)"
192.99.7.188 - - [05/May/2025:00:05:59 -0400] "GET /?filesrc=//proc/1784574/root/tmp/pid.3434045.temp.remote-dev.properties&path=//proc/1784574/root/tmp HTTP/1.1" 200 5152 "-" "Mozilla/5.0 (compatible; MJ12bot/v1.4.8; http://mj12bot.com/)"
3.148.217.26 - - [05/May/2025:00:05:59 -0400] "GET /commonmark-banner.png?filesrc=%2Fvar%2Fwww%2Fdevs.lapieza.net%2Fstorage%2Fframework%2Fsessions%2FR5dZOnv1j9pgsMVNlTtdDDgvwXIuo3BRkrMmNvwx&path=%2Fvar%2Fwww%2Fdevs.lapieza.net%2Fstorage%2Fframework%2Fsessions HTTP/1.1" 200 2465 "-" "Mozilla/5.0 AppleWebKit/537.36 (KHTML, like Gecko; compatible; ClaudeBot/1.0; +claudebot@anthropic.com)"
3.148.217.26 - - [05/May/2025:00:05:59 -0400] "GET /commonmark-banner.png?filesrc=%2Fvar%2Fwww%2Fdevs.lapieza.net%2Fstorage%2Fframework%2Fsessions%2FbfCaYgfvSIjiSXzKKDaohjzhfH6lRaU7phvaq1Db&path=%2Fvar%2Fwww%2Fdevs.lapieza.net%2Fstorage%2Fframework%2Fsessions HTTP/1.1" 200 2465 "-" "Mozilla/5.0 AppleWebKit/537.36 (KHTML, like Gecko; compatible; ClaudeBot/1.0; +claudebot@anthropic.com)"
3.148.217.26 - - [05/May/2025:00:05:59 -0400] "GET /commonmark-banner.png?filesrc=%2Fvar%2Fwww%2Fdevs.lapieza.net%2Fstorage%2Fframework%2Fsessions%2FMYnnzYGopw7m4KCTRWmqN9kURg6aUC1abmMet7yc&path=%2Fvar%2Fwww%2Fdevs.lapieza.net%2Fstorage%2Fframework%2Fsessions HTTP/1.1" 200 2464 "-" "Mozilla/5.0 AppleWebKit/537.36 (KHTML, like Gecko; compatible; ClaudeBot/1.0; +claudebot@anthropic.com)"
66.249.73.12 - - [05/May/2025:00:05:59 -0400] "GET /232361813.shtml HTTP/1.1" 200 4876 "-" "Mozilla/5.0 (Linux; Android 6.0.1; Nexus 5X Build/MMB29P) AppleWebKit/537.36 (KHTML, like Gecko) Chrome/135.0.7049.95 Mobile Safari/537.36 (compatible; GoogleOther)"
3.148.217.26 - - [05/May/2025:00:05:59 -0400] "GET /commonmark-banner.png?filesrc=%2Fvar%2Fwww%2Fdevs.lapieza.net%2Fstorage%2Fframework%2Fsessions%2Fc8KHLbdsLWNnzgT7ZQHUtYwEKngyafNZvoxvS76R&path=%2Fvar%2Fwww%2Fdevs.lapieza.net%2Fstorage%2Fframework%2Fsessions HTTP/1.1" 200 2467 "-" "Mozilla/5.0 AppleWebKit/537.36 (KHTML, like Gecko; compatible; ClaudeBot/1.0; +claudebot@anthropic.com)"
3.148.217.26 - - [05/May/2025:00:05:59 -0400] "GET /repartidores/doc/graph.png?filesrc=%2Fvar%2Fwww%2Fdevs.lapieza.net%2Fstorage%2Fframework%2Fsessions%2F8ZkpfehBqlT6mRRw8q6oRNyY9yfCeeAONtYmL4Zy&path=%2Fvar%2Fwww%2Fdevs.lapieza.net%2Fstorage%2Fframework%2Fsessions HTTP/1.1" 200 2466 "-" "Mozilla/5.0 AppleWebKit/537.36 (KHTML, like Gecko; compatible; ClaudeBot/1.0; +claudebot@anthropic.com)"
3.148.217.26 - - [05/May/2025:00:06:00 -0400] "GET /commonmark-banner.png?filesrc=%2Fvar%2Fwww%2Fdevs.lapieza.net%2Fstorage%2Fframework%2Fsessions%2FR6gq7z3UruYT0iHTrTG5TIzbVUldQeDeGhCX3qeG&path=%2Fvar%2Fwww%2Fdevs.lapieza.net%2Fstorage%2Fframework%2Fsessions HTTP/1.1" 200 2465 "-" "Mozilla/5.0 AppleWebKit/537.36 (KHTML, like Gecko; compatible; ClaudeBot/1.0; +claudebot@anthropic.com)"
3.148.217.26 - - [05/May/2025:00:06:00 -0400] "GET /repartidores/docs/imgs/example-1.png?filesrc=%2Fvar%2Fwww%2Fdevs.lapieza.net%2Fpublic%2Fuploads%2Fall%2F1GLZpLboRsdHQaUv8zDsZLG5spIgniCyislPn1Mx.webp&path=%2Fvar%2Fwww%2Fdevs.lapieza.net%2Fpublic%2Fuploads%2Fall HTTP/1.1" 200 9865 "-" "Mozilla/5.0 AppleWebKit/537.36 (KHTML, like Gecko; compatible; ClaudeBot/1.0; +claudebot@anthropic.com)"
3.148.217.26 - - [05/May/2025:00:06:00 -0400] "GET /repartidores/doc/graph.png?filesrc=%2Fvar%2Fwww%2Fdevs.lapieza.net%2Fstorage%2Fframework%2Fsessions%2FDKSRiuKpOqcqDFu1yemNmMi2SN6GAlmd58tviUdK&path=%2Fvar%2Fwww%2Fdevs.lapieza.net%2Fstorage%2Fframework%2Fsessions HTTP/1.1" 200 2464 "-" "Mozilla/5.0 AppleWebKit/537.36 (KHTML, like Gecko; compatible; ClaudeBot/1.0; +claudebot@anthropic.com)"
3.148.217.26 - - [05/May/2025:00:06:00 -0400] "GET /?filesrc=%2F%2Fproc%2F1991111%2Froot%2Fbin%2Fc_rehash&path=%2F%2Fproc%2F1991111%2Froot%2Fbin HTTP/1.1" 200 4598 "-" "Mozilla/5.0 AppleWebKit/537.36 (KHTML, like Gecko; compatible; ClaudeBot/1.0; +claudebot@anthropic.com)"
3.148.217.26 - - [05/May/2025:00:06:00 -0400] "GET /?filesrc=%2F%2Fproc%2F1991109%2Froot%2Fsbin%2Fgrub-mkconfig&path=%2F%2Fproc%2F1991109%2Froot%2Fsbin HTTP/1.1" 200 5525 "-" "Mozilla/5.0 AppleWebKit/537.36 (KHTML, like Gecko; compatible; ClaudeBot/1.0; +claudebot@anthropic.com)"
3.148.217.26 - - [05/May/2025:00:06:00 -0400] "GET /repartidores/doc/graph.png?filesrc=%2Fvar%2Fwww%2Fdevs.lapieza.net%2Fstorage%2Fframework%2Fsessions%2F8DccVONdmRX7ZfV3BjMRBzqtCuYuFKo41At8ylTN&path=%2Fvar%2Fwww%2Fdevs.lapieza.net%2Fstorage%2Fframework%2Fsessions HTTP/1.1" 200 2467 "-" "Mozilla/5.0 AppleWebKit/537.36 (KHTML, like Gecko; compatible; ClaudeBot/1.0; +claudebot@anthropic.com)"
66.249.73.12 - - [05/May/2025:00:06:00 -0400] "GET /92637313.shtml HTTP/1.1" 200 4876 "-" "Mozilla/5.0 (Linux; Android 6.0.1; Nexus 5X Build/MMB29P) AppleWebKit/537.36 (KHTML, like Gecko) Chrome/135.0.7049.95 Mobile Safari/537.36 (compatible; GoogleOther)"
3.148.217.26 - - [05/May/2025:00:06:00 -0400] "GET /commonmark-banner.png?filesrc=%2Fvar%2Fwww%2Fdevs.lapieza.net%2Fstorage%2Fframework%2Fsessions%2FMaOY8qYoB1V7KcAmi39tuq1SfCRfEZ2rDxzPACd3&path=%2Fvar%2Fwww%2Fdevs.lapieza.net%2Fstorage%2Fframework%2Fsessions HTTP/1.1" 200 2468 "-" "Mozilla/5.0 AppleWebKit/537.36 (KHTML, like Gecko; compatible; ClaudeBot/1.0; +claudebot@anthropic.com)"
3.148.217.26 - - [05/May/2025:00:06:00 -0400] "GET /repartidores/doc/graph.png?filesrc=%2Fvar%2Fwww%2Fdevs.lapieza.net%2Fstorage%2Fframework%2Fsessions%2FfC2I9fiVEU0me343FGQTHn7xlawt217EmbE0AzMg&path=%2Fvar%2Fwww%2Fdevs.lapieza.net%2Fstorage%2Fframework%2Fsessions HTTP/1.1" 200 2465 "-" "Mozilla/5.0 AppleWebKit/537.36 (KHTML, like Gecko; compatible; ClaudeBot/1.0; +claudebot@anthropic.com)"
3.148.217.26 - - [05/May/2025:00:06:00 -0400] "GET /repartidores/doc/graph.png?filesrc=%2Fvar%2Fwww%2Fdevs.lapieza.net%2Fstorage%2Fframework%2Fsessions%2FP2U1d9gcjbal5z30g7IZBsyNHSLeMTgLUutZANg3&path=%2Fvar%2Fwww%2Fdevs.lapieza.net%2Fstorage%2Fframework%2Fsessions HTTP/1.1" 200 2465 "-" "Mozilla/5.0 AppleWebKit/537.36 (KHTML, like Gecko; compatible; ClaudeBot/1.0; +claudebot@anthropic.com)"
3.148.217.26 - - [05/May/2025:00:06:00 -0400] "GET /commonmark-banner.png?filesrc=%2Fvar%2Fwww%2Fdevs.lapieza.net%2Fstorage%2Fframework%2Fsessions%2Fa9ahvHciXZsusXbBbFqGBB7vFlhKjNqqNntwNaja&path=%2Fvar%2Fwww%2Fdevs.lapieza.net%2Fstorage%2Fframework%2Fsessions HTTP/1.1" 200 2466 "-" "Mozilla/5.0 AppleWebKit/537.36 (KHTML, like Gecko; compatible; ClaudeBot/1.0; +claudebot@anthropic.com)"
66.249.73.12 - - [05/May/2025:00:06:01 -0400] "GET /54301313.shtml HTTP/1.1" 200 4876 "-" "Mozilla/5.0 (Linux; Android 6.0.1; Nexus 5X Build/MMB29P) AppleWebKit/537.36 (KHTML, like Gecko) Chrome/135.0.7049.95 Mobile Safari/537.36 (compatible; GoogleOther)"
3.148.217.26 - - [05/May/2025:00:06:01 -0400] "GET /commonmark-banner.png?filesrc=%2Fvar%2Fwww%2Fdevs.lapieza.net%2Fstorage%2Fstorage%2Fdebugbar%2FX9d96ab31b1d22d34bdf87b33a719f58a.json&path=%2Fvar%2Fwww%2Fdevs.lapieza.net%2Fstorage%2Fstorage%2Fdebugbar HTTP/1.1" 200 6934 "-" "Mozilla/5.0 AppleWebKit/537.36 (KHTML, like Gecko; compatible; ClaudeBot/1.0; +claudebot@anthropic.com)"
3.148.217.26 - - [05/May/2025:00:06:01 -0400] "GET /repartidores/doc/graph.png?filesrc=%2Fvar%2Fwww%2Fdevs.lapieza.net%2Fstorage%2Fframework%2Fsessions%2FCZW59Q2yghYQyZHG9z453rFfT3BAv10u03cnxvWj&path=%2Fvar%2Fwww%2Fdevs.lapieza.net%2Fstorage%2Fframework%2Fsessions HTTP/1.1" 200 2467 "-" "Mozilla/5.0 AppleWebKit/537.36 (KHTML, like Gecko; compatible; ClaudeBot/1.0; +claudebot@anthropic.com)"
3.148.217.26 - - [05/May/2025:00:06:01 -0400] "GET /repartidores/doc/graph.png?filesrc=%2Fvar%2Fwww%2Fdevs.lapieza.net%2Fstorage%2Fframework%2Fsessions%2FJV4i1HwfDEdmqa6BH9D8fKthOAfrjCswcyPf9Be1&path=%2Fvar%2Fwww%2Fdevs.lapieza.net%2Fstorage%2Fframework%2Fsessions HTTP/1.1" 200 2466 "-" "Mozilla/5.0 AppleWebKit/537.36 (KHTML, like Gecko; compatible; ClaudeBot/1.0; +claudebot@anthropic.com)"
3.148.217.26 - - [05/May/2025:00:06:01 -0400] "GET /repartidores/doc/graph.png?filesrc=%2Fvar%2Fwww%2Fdevs.lapieza.net%2Fstorage%2Fframework%2Fsessions%2F7iIKXNi99uSUNLKL1C6qDAy8qDo6wWQGcy2kS1gJ&path=%2Fvar%2Fwww%2Fdevs.lapieza.net%2Fstorage%2Fframework%2Fsessions HTTP/1.1" 200 2468 "-" "Mozilla/5.0 AppleWebKit/537.36 (KHTML, like Gecko; compatible; ClaudeBot/1.0; +claudebot@anthropic.com)"
3.148.217.26 - - [05/May/2025:00:06:01 -0400] "GET /repartidores/doc/graph.png?filesrc=%2Fvar%2Fwww%2Fdevs.lapieza.net%2Fstorage%2Fframework%2Fsessions%2FWOQdiV88GguXwv0oknP6PXViNGRKPB3WUZDnuGIE&path=%2Fvar%2Fwww%2Fdevs.lapieza.net%2Fstorage%2Fframework%2Fsessions HTTP/1.1" 200 2464 "-" "Mozilla/5.0 AppleWebKit/537.36 (KHTML, like Gecko; compatible; ClaudeBot/1.0; +claudebot@anthropic.com)"
192.99.7.188 - - [05/May/2025:00:06:01 -0400] "GET /?filesrc=//proc/1784574/root/tmp/pid.3434209.temp.remote-dev.properties&path=//proc/1784574/root/tmp HTTP/1.1" 200 5152 "-" "Mozilla/5.0 (compatible; MJ12bot/v1.4.8; http://mj12bot.com/)"
66.249.73.12 - - [05/May/2025:00:06:01 -0400] "GET /113972563.shtml HTTP/1.1" 200 4876 "-" "Mozilla/5.0 (Linux; Android 6.0.1; Nexus 5X Build/MMB29P) AppleWebKit/537.36 (KHTML, like Gecko) Chrome/135.0.7049.95 Mobile Safari/537.36 (compatible; GoogleOther)"
3.148.217.26 - - [05/May/2025:00:06:01 -0400] "GET /commonmark-banner.png?filesrc=%2Fvar%2Fwww%2Fdevs.lapieza.net%2Fstorage%2Fframework%2Fsessions%2FmhKKj6GS1ffkWJBKJHq157WcPrZFbVJnmJndF8pc&path=%2Fvar%2Fwww%2Fdevs.lapieza.net%2Fstorage%2Fframework%2Fsessions HTTP/1.1" 200 2467 "-" "Mozilla/5.0 AppleWebKit/537.36 (KHTML, like Gecko; compatible; ClaudeBot/1.0; +claudebot@anthropic.com)"
3.148.217.26 - - [05/May/2025:00:06:01 -0400] "GET /repartidores/doc/graph.png?filesrc=%2Fvar%2Fwww%2Fdevs.lapieza.net%2Fstorage%2Fframework%2Fsessions%2FBZoWLuBB42EZnJTKCQAuKahwBUNpP0bl0Alrm8mx&path=%2Fvar%2Fwww%2Fdevs.lapieza.net%2Fstorage%2Fframework%2Fsessions HTTP/1.1" 200 2468 "-" "Mozilla/5.0 AppleWebKit/537.36 (KHTML, like Gecko; compatible; ClaudeBot/1.0; +claudebot@anthropic.com)"
3.148.217.26 - - [05/May/2025:00:06:02 -0400] "GET /commonmark-banner.png?filesrc=%2Fvar%2Fwww%2Fdevs.lapieza.net%2Fstorage%2Fframework%2Fsessions%2F9rjyYmuizEjVNmy7lPI9e2kTqvFTuAHgVZid7nnC&path=%2Fvar%2Fwww%2Fdevs.lapieza.net%2Fstorage%2Fframework%2Fsessions HTTP/1.1" 200 2467 "-" "Mozilla/5.0 AppleWebKit/537.36 (KHTML, like Gecko; compatible; ClaudeBot/1.0; +claudebot@anthropic.com)"
3.148.217.26 - - [05/May/2025:00:06:02 -0400] "GET /commonmark-banner.png?filesrc=%2Fvar%2Fwww%2Fdevs.lapieza.net%2Fstorage%2Fframework%2Fsessions%2FVRP39xkr2q9P03JOyjAqbbR2eMnvnGyyP58uXDSQ&path=%2Fvar%2Fwww%2Fdevs.lapieza.net%2Fstorage%2Fframework%2Fsessions HTTP/1.1" 200 2466 "-" "Mozilla/5.0 AppleWebKit/537.36 (KHTML, like Gecko; compatible; ClaudeBot/1.0; +claudebot@anthropic.com)"
3.148.217.26 - - [05/May/2025:00:06:02 -0400] "GET /repartidores/doc/graph.png?filesrc=%2Fvar%2Fwww%2Fdevs.lapieza.net%2Fstorage%2Fframework%2Fsessions%2FCmRoCag6dJd5zbWuUPpdIYtz4kNWZuUHVKAf8HvH&path=%2Fvar%2Fwww%2Fdevs.lapieza.net%2Fstorage%2Fframework%2Fsessions HTTP/1.1" 200 2468 "-" "Mozilla/5.0 AppleWebKit/537.36 (KHTML, like Gecko; compatible; ClaudeBot/1.0; +claudebot@anthropic.com)"
3.148.217.26 - - [05/May/2025:00:06:02 -0400] "GET /?filesrc=%2F%2Fproc%2F1784574%2Ftask%2F1784574%2Froot%2Fboot%2Finitrd.img-6.1.0-9-amd64&path=%2F%2Fproc%2F1784574%2Ftask%2F1784574%2Froot%2Fboot HTTP/1.1" 200 28055522 "-" "Mozilla/5.0 AppleWebKit/537.36 (KHTML, like Gecko; compatible; ClaudeBot/1.0; +claudebot@anthropic.com)"
3.148.217.26 - - [05/May/2025:00:06:02 -0400] "GET /commonmark-banner.png?filesrc=%2Fvar%2Fwww%2Fdevs.lapieza.net%2Fstorage%2Fframework%2Fsessions%2Fh7Blh74eBIQMOAywG1wmGSDZZbD8aKXHMeb7Za4B&path=%2Fvar%2Fwww%2Fdevs.lapieza.net%2Fstorage%2Fframework%2Fsessions HTTP/1.1" 200 2468 "-" "Mozilla/5.0 AppleWebKit/537.36 (KHTML, like Gecko; compatible; ClaudeBot/1.0; +claudebot@anthropic.com)"
3.148.217.26 - - [05/May/2025:00:06:02 -0400] "GET /commonmark-banner.png?filesrc=%2Fvar%2Fwww%2Fdevs.lapieza.net%2Fstorage%2Fstorage%2Fdebugbar%2FX0b1a8686f1d12910ee1c91fb62d9d57f.json&path=%2Fvar%2Fwww%2Fdevs.lapieza.net%2Fstorage%2Fstorage%2Fdebugbar HTTP/1.1" 200 7807 "-" "Mozilla/5.0 AppleWebKit/537.36 (KHTML, like Gecko; compatible; ClaudeBot/1.0; +claudebot@anthropic.com)"
3.148.217.26 - - [05/May/2025:00:06:02 -0400] "GET /repartidores/doc/graph.png?filesrc=%2Fvar%2Fwww%2Fdevs.lapieza.net%2Fstorage%2Fframework%2Fsessions%2Fa8HzKNhJOR5IFvCtmhsbFqpYYOVYI4B1wQPqURGa&path=%2Fvar%2Fwww%2Fdevs.lapieza.net%2Fstorage%2Fframework%2Fsessions HTTP/1.1" 200 2469 "-" "Mozilla/5.0 AppleWebKit/537.36 (KHTML, like Gecko; compatible; ClaudeBot/1.0; +claudebot@anthropic.com)"
66.249.73.12 - - [05/May/2025:00:06:02 -0400] "GET /204608313.shtml HTTP/1.1" 200 4876 "-" "Mozilla/5.0 (Linux; Android 6.0.1; Nexus 5X Build/MMB29P) AppleWebKit/537.36 (KHTML, like Gecko) Chrome/135.0.7049.95 Mobile Safari/537.36 (compatible; GoogleOther)"
3.148.217.26 - - [05/May/2025:00:06:02 -0400] "GET /commonmark-banner.png?filesrc=%2Fvar%2Fwww%2Fdevs.lapieza.net%2Fstorage%2Fframework%2Fsessions%2F3wu7eYD3Wd9xCIX6Yogzxii4Xh29GRzoTOQmA1gR&path=%2Fvar%2Fwww%2Fdevs.lapieza.net%2Fstorage%2Fframework%2Fsessions HTTP/1.1" 200 2465 "-" "Mozilla/5.0 AppleWebKit/537.36 (KHTML, like Gecko; compatible; ClaudeBot/1.0; +claudebot@anthropic.com)"
3.148.217.26 - - [05/May/2025:00:06:02 -0400] "GET /repartidores/doc/graph.png?filesrc=%2Fvar%2Fwww%2Fdevs.lapieza.net%2Fstorage%2Fframework%2Fsessions%2FD5xqDVW9fuC41VjntIxZm42opcUtfgPqOJymImbQ&path=%2Fvar%2Fwww%2Fdevs.lapieza.net%2Fstorage%2Fframework%2Fsessions HTTP/1.1" 200 2467 "-" "Mozilla/5.0 AppleWebKit/537.36 (KHTML, like Gecko; compatible; ClaudeBot/1.0; +claudebot@anthropic.com)"
3.148.217.26 - - [05/May/2025:00:06:02 -0400] "GET /repartidores/doc/graph.png?filesrc=%2Fvar%2Fwww%2Fdevs.lapieza.net%2Fstorage%2Fframework%2Fsessions%2F2syoXTrrP8iwZMU0FDMiLpmE0U6AT8urFcXMJT46&path=%2Fvar%2Fwww%2Fdevs.lapieza.net%2Fstorage%2Fframework%2Fsessions HTTP/1.1" 200 2467 "-" "Mozilla/5.0 AppleWebKit/537.36 (KHTML, like Gecko; compatible; ClaudeBot/1.0; +claudebot@anthropic.com)"
3.148.217.26 - - [05/May/2025:00:06:02 -0400] "GET /commonmark-banner.png?filesrc=%2Fvar%2Fwww%2Fdevs.lapieza.net%2Fstorage%2Fframework%2Fsessions%2FwtaghIfXA3YlzzMZQDA3uotFTElXIYIfRc8P2Ggp&path=%2Fvar%2Fwww%2Fdevs.lapieza.net%2Fstorage%2Fframework%2Fsessions HTTP/1.1" 200 2468 "-" "Mozilla/5.0 AppleWebKit/537.36 (KHTML, like Gecko; compatible; ClaudeBot/1.0; +claudebot@anthropic.com)"
3.148.217.26 - - [05/May/2025:00:06:02 -0400] "GET /commonmark-banner.png?filesrc=%2Fvar%2Fwww%2Fdevs.lapieza.net%2Fstorage%2Fframework%2Fsessions%2FEIGe2YyCjgnlUBweiOGpN7alo2etV5Wxq7LylHgN&path=%2Fvar%2Fwww%2Fdevs.lapieza.net%2Fstorage%2Fframework%2Fsessions HTTP/1.1" 200 2464 "-" "Mozilla/5.0 AppleWebKit/537.36 (KHTML, like Gecko; compatible; ClaudeBot/1.0; +claudebot@anthropic.com)"
3.148.217.26 - - [05/May/2025:00:06:02 -0400] "GET /commonmark-banner.png?filesrc=%2Fvar%2Fwww%2Fdevs.lapieza.net%2Fstorage%2Fframework%2Fsessions%2FrQKZ405SUdzUv7eUur1l1mmlpqG2r5JEVuvHhrfG&path=%2Fvar%2Fwww%2Fdevs.lapieza.net%2Fstorage%2Fframework%2Fsessions HTTP/1.1" 200 2466 "-" "Mozilla/5.0 AppleWebKit/537.36 (KHTML, like Gecko; compatible; ClaudeBot/1.0; +claudebot@anthropic.com)"
66.249.73.12 - - [05/May/2025:00:06:02 -0400] "GET /271235438.shtml HTTP/1.1" 200 4876 "-" "Mozilla/5.0 (Linux; Android 6.0.1; Nexus 5X Build/MMB29P) AppleWebKit/537.36 (KHTML, like Gecko) Chrome/135.0.7049.95 Mobile Safari/537.36 (compatible; GoogleOther)"
3.148.217.26 - - [05/May/2025:00:06:02 -0400] "GET /repartidores/doc/graph.png?filesrc=%2Fvar%2Fwww%2Fdevs.lapieza.net%2Fstorage%2Fframework%2Fsessions%2FWG10k5kjJTNArlL5QFBiLixHrZzJvw01PbzwKGjB&path=%2Fvar%2Fwww%2Fdevs.lapieza.net%2Fstorage%2Fframework%2Fsessions HTTP/1.1" 200 2468 "-" "Mozilla/5.0 AppleWebKit/537.36 (KHTML, like Gecko; compatible; ClaudeBot/1.0; +claudebot@anthropic.com)"
3.148.217.26 - - [05/May/2025:00:06:02 -0400] "GET /repartidores/doc/graph.png?filesrc=%2Fvar%2Fwww%2Fdevs.lapieza.net%2Fstorage%2Fframework%2Fsessions%2FRv62NOL5ofKoEorxD9Bv0MkCLmOVnifKrIhfotU6&path=%2Fvar%2Fwww%2Fdevs.lapieza.net%2Fstorage%2Fframework%2Fsessions HTTP/1.1" 200 2465 "-" "Mozilla/5.0 AppleWebKit/537.36 (KHTML, like Gecko; compatible; ClaudeBot/1.0; +claudebot@anthropic.com)"
3.148.217.26 - - [05/May/2025:00:06:02 -0400] "GET /repartidores/doc/graph.png?filesrc=%2Fvar%2Fwww%2Fdevs.lapieza.net%2Fstorage%2Fframework%2Fsessions%2FpItUe8aj4frvqyOwRrgJY1LBHHhDKXjxstnKHGGi&path=%2Fvar%2Fwww%2Fdevs.lapieza.net%2Fstorage%2Fframework%2Fsessions HTTP/1.1" 200 2465 "-" "Mozilla/5.0 AppleWebKit/537.36 (KHTML, like Gecko; compatible; ClaudeBot/1.0; +claudebot@anthropic.com)"
3.148.217.26 - - [05/May/2025:00:06:03 -0400] "GET /commonmark-banner.png?filesrc=%2Fvar%2Fwww%2Fdevs.lapieza.net%2Fstorage%2Fframework%2Fsessions%2F7aNdwYAe1dxZJLQbqW81WPxsl1sPc26ba5HWyTs4&path=%2Fvar%2Fwww%2Fdevs.lapieza.net%2Fstorage%2Fframework%2Fsessions HTTP/1.1" 200 2466 "-" "Mozilla/5.0 AppleWebKit/537.36 (KHTML, like Gecko; compatible; ClaudeBot/1.0; +claudebot@anthropic.com)"
3.148.217.26 - - [05/May/2025:00:06:03 -0400] "GET /?filesrc=%2F%2Fproc%2F1991111%2Froot%2Ftmp%2Fpid.1751200.temp.remote-dev.properties&path=%2F%2Fproc%2F1991111%2Froot%2Ftmp HTTP/1.1" 200 5152 "-" "Mozilla/5.0 AppleWebKit/537.36 (KHTML, like Gecko; compatible; ClaudeBot/1.0; +claudebot@anthropic.com)"
3.148.217.26 - - [05/May/2025:00:06:03 -0400] "GET /iniciar-sesion?filesrc=%2F%2Frun%2Fudev%2Fdata%2F+acpi%3AACPI0010%3A00&path=%2F%2Frun%2Fudev%2Fdata HTTP/1.1" 200 4357 "-" "Mozilla/5.0 AppleWebKit/537.36 (KHTML, like Gecko; compatible; ClaudeBot/1.0; +claudebot@anthropic.com)"
66.249.73.12 - - [05/May/2025:00:06:03 -0400] "GET /167733438.shtml HTTP/1.1" 200 4876 "-" "Mozilla/5.0 (Linux; Android 6.0.1; Nexus 5X Build/MMB29P) AppleWebKit/537.36 (KHTML, like Gecko) Chrome/135.0.7049.95 Mobile Safari/537.36 (compatible; GoogleOther)"
3.148.217.26 - - [05/May/2025:00:06:03 -0400] "GET /commonmark-banner.png?filesrc=%2Fvar%2Fwww%2Fdevs.lapieza.net%2Fstorage%2Fframework%2Fsessions%2Fd7WE24hWwv00gnt3AvBlSkZEKMlH790XRdpkaan4&path=%2Fvar%2Fwww%2Fdevs.lapieza.net%2Fstorage%2Fframework%2Fsessions HTTP/1.1" 200 2465 "-" "Mozilla/5.0 AppleWebKit/537.36 (KHTML, like Gecko; compatible; ClaudeBot/1.0; +claudebot@anthropic.com)"
3.148.217.26 - - [05/May/2025:00:06:03 -0400] "GET /?filesrc=%2F%2Fproc%2F1991111%2Froot%2Fbin%2Flcf&path=%2F%2Fproc%2F1991111%2Froot%2Fbin HTTP/1.1" 200 4756 "-" "Mozilla/5.0 AppleWebKit/537.36 (KHTML, like Gecko; compatible; ClaudeBot/1.0; +claudebot@anthropic.com)"
3.148.217.26 - - [05/May/2025:00:06:03 -0400] "GET /repartidores/doc/graph.png?filesrc=%2Fvar%2Fwww%2Fdevs.lapieza.net%2Fstorage%2Fframework%2Fsessions%2FtQk4kQ1Ae0wMRblHAQLrClgwyq2b66pUbmgceBDS&path=%2Fvar%2Fwww%2Fdevs.lapieza.net%2Fstorage%2Fframework%2Fsessions HTTP/1.1" 200 2464 "-" "Mozilla/5.0 AppleWebKit/537.36 (KHTML, like Gecko; compatible; ClaudeBot/1.0; +claudebot@anthropic.com)"
3.148.217.26 - - [05/May/2025:00:06:03 -0400] "GET /commonmark-banner.png?filesrc=%2Fvar%2Fwww%2Fdevs.lapieza.net%2Fstorage%2Fframework%2Fsessions%2FAF196mU0sJJQnhMed6YeZuy3rlqiXdkVsxzAiyeA&path=%2Fvar%2Fwww%2Fdevs.lapieza.net%2Fstorage%2Fframework%2Fsessions HTTP/1.1" 200 2466 "-" "Mozilla/5.0 AppleWebKit/537.36 (KHTML, like Gecko; compatible; ClaudeBot/1.0; +claudebot@anthropic.com)"
3.148.217.26 - - [05/May/2025:00:06:03 -0400] "GET /commonmark-banner.png?filesrc=%2Fvar%2Fwww%2Fdevs.lapieza.net%2Fstorage%2Fframework%2Fsessions%2Fj7dgSdHkvtRSIv7J4ypU8XdzZRru8HbpSHLtEzEL&path=%2Fvar%2Fwww%2Fdevs.lapieza.net%2Fstorage%2Fframework%2Fsessions HTTP/1.1" 200 2467 "-" "Mozilla/5.0 AppleWebKit/537.36 (KHTML, like Gecko; compatible; ClaudeBot/1.0; +claudebot@anthropic.com)"
192.99.7.188 - - [05/May/2025:00:06:03 -0400] "GET /?filesrc=//proc/1784574/root/tmp/pid.3434487.temp.remote-dev.properties&path=//proc/1784574/root/tmp HTTP/1.1" 200 5152 "-" "Mozilla/5.0 (compatible; MJ12bot/v1.4.8; http://mj12bot.com/)"
3.148.217.26 - - [05/May/2025:00:06:03 -0400] "GET /repartidores/doc/graph.png?filesrc=%2Fvar%2Fwww%2Fdevs.lapieza.net%2Fstorage%2Fframework%2Fsessions%2FMLLyMpepfLqIJJviJaFk166lwhXJJdqsZIoZDrW6&path=%2Fvar%2Fwww%2Fdevs.lapieza.net%2Fstorage%2Fframework%2Fsessions HTTP/1.1" 200 2467 "-" "Mozilla/5.0 AppleWebKit/537.36 (KHTML, like Gecko; compatible; ClaudeBot/1.0; +claudebot@anthropic.com)"
66.249.73.12 - - [05/May/2025:00:06:03 -0400] "GET /217884938.shtml HTTP/1.1" 200 4876 "-" "Mozilla/5.0 (Linux; Android 6.0.1; Nexus 5X Build/MMB29P) AppleWebKit/537.36 (KHTML, like Gecko) Chrome/135.0.7049.95 Mobile Safari/537.36 (compatible; GoogleOther)"
3.148.217.26 - - [05/May/2025:00:06:03 -0400] "GET /repartidores/doc/graph.png?filesrc=%2Fvar%2Fwww%2Fdevs.lapieza.net%2Fstorage%2Fframework%2Fsessions%2Fi4bhL98xRhByeH0oVoKqZNKUptoBJJvStndDfNUi&path=%2Fvar%2Fwww%2Fdevs.lapieza.net%2Fstorage%2Fframework%2Fsessions HTTP/1.1" 200 2466 "-" "Mozilla/5.0 AppleWebKit/537.36 (KHTML, like Gecko; compatible; ClaudeBot/1.0; +claudebot@anthropic.com)"
3.148.217.26 - - [05/May/2025:00:06:03 -0400] "GET /commonmark-banner.png?filesrc=%2Fvar%2Fwww%2Fdevs.lapieza.net%2Fstorage%2Fstorage%2Fdebugbar%2FX713d1c6f7ea80c8dfa3b5eb6aaa4da48.json&path=%2Fvar%2Fwww%2Fdevs.lapieza.net%2Fstorage%2Fstorage%2Fdebugbar HTTP/1.1" 200 18864 "-" "Mozilla/5.0 AppleWebKit/537.36 (KHTML, like Gecko; compatible; ClaudeBot/1.0; +claudebot@anthropic.com)"
3.148.217.26 - - [05/May/2025:00:06:04 -0400] "GET /?filesrc=%2F%2Fproc%2F1784574%2Ftask%2F1784574%2Froot%2Fbin%2Flessfile&path=%2F%2Fproc%2F1784574%2Ftask%2F1784574%2Froot%2Fbin HTTP/1.1" 200 5036 "-" "Mozilla/5.0 AppleWebKit/537.36 (KHTML, like Gecko; compatible; ClaudeBot/1.0; +claudebot@anthropic.com)"
