3.133.87.185 - - [05/May/2025:00:03:23 -0400] "GET /commonmark-banner.png?filesrc=%2Fvar%2Fwww%2Fdevs.lapieza.net%2Fstorage%2Fframework%2Fsessions%2FrUHgwxiJBJMvdCYJTchu9Ew6sTrLq8kjQdQsUKby&path=%2Fvar%2Fwww%2Fdevs.lapieza.net%2Fstorage%2Fframework%2Fsessions HTTP/1.1" 200 2467 "-" "Mozilla/5.0 AppleWebKit/537.36 (KHTML, like Gecko; compatible; ClaudeBot/1.0; +claudebot@anthropic.com)"
3.133.87.185 - - [05/May/2025:00:03:23 -0400] "GET /repartidores/doc/graph.png?filesrc=%2Fvar%2Fwww%2Fdevs.lapieza.net%2Fstorage%2Fframework%2Fsessions%2FQvnMMgB5nIYV6TmXYNUB8KaLZSMe0IEPY3xDWEOE&path=%2Fvar%2Fwww%2Fdevs.lapieza.net%2Fstorage%2Fframework%2Fsessions HTTP/1.1" 200 2466 "-" "Mozilla/5.0 AppleWebKit/537.36 (KHTML, like Gecko; compatible; ClaudeBot/1.0; +claudebot@anthropic.com)"
3.133.87.185 - - [05/May/2025:00:03:23 -0400] "GET /repartidores/doc/graph.png?filesrc=%2Fvar%2Fwww%2Fdevs.lapieza.net%2Fstorage%2Fframework%2Fsessions%2FO9pNucyVLprRN4GwsIjVGtI7X0DxbTTjvlwmLa3R&path=%2Fvar%2Fwww%2Fdevs.lapieza.net%2Fstorage%2Fframework%2Fsessions HTTP/1.1" 200 2464 "-" "Mozilla/5.0 AppleWebKit/537.36 (KHTML, like Gecko; compatible; ClaudeBot/1.0; +claudebot@anthropic.com)"
3.133.87.185 - - [05/May/2025:00:03:23 -0400] "GET /commonmark-banner.png?filesrc=%2Fvar%2Fwww%2Fdevs.lapieza.net%2Fstorage%2Fframework%2Fsessions%2FmeDhwtZPSANcAHWfeb3LIZDSIy0dIBQpHmrkhq2H&path=%2Fvar%2Fwww%2Fdevs.lapieza.net%2Fstorage%2Fframework%2Fsessions HTTP/1.1" 200 2467 "-" "Mozilla/5.0 AppleWebKit/537.36 (KHTML, like Gecko; compatible; ClaudeBot/1.0; +claudebot@anthropic.com)"
3.133.87.185 - - [05/May/2025:00:03:23 -0400] "GET /commonmark-banner.png?filesrc=%2Fvar%2Fwww%2Fdevs.lapieza.net%2Fstorage%2Fframework%2Fsessions%2FiDpTyf0mmd8lvfi7yPDBBjX0mRe0fFxu8UnfCrES&path=%2Fvar%2Fwww%2Fdevs.lapieza.net%2Fstorage%2Fframework%2Fsessions HTTP/1.1" 200 2465 "-" "Mozilla/5.0 AppleWebKit/537.36 (KHTML, like Gecko; compatible; ClaudeBot/1.0; +claudebot@anthropic.com)"
3.133.87.185 - - [05/May/2025:00:03:24 -0400] "GET /commonmark-banner.png?filesrc=%2Fvar%2Fwww%2Fdevs.lapieza.net%2Fstorage%2Fframework%2Fsessions%2FPvQivRzVJifW79dWP3qSiHY7LjF30gnr2T0nN3oI&path=%2Fvar%2Fwww%2Fdevs.lapieza.net%2Fstorage%2Fframework%2Fsessions HTTP/1.1" 200 2466 "-" "Mozilla/5.0 AppleWebKit/537.36 (KHTML, like Gecko; compatible; ClaudeBot/1.0; +claudebot@anthropic.com)"
66.249.73.11 - - [05/May/2025:00:03:24 -0400] "GET /14345438.shtml HTTP/1.1" 200 4876 "-" "Mozilla/5.0 (Linux; Android 6.0.1; Nexus 5X Build/MMB29P) AppleWebKit/537.36 (KHTML, like Gecko) Chrome/135.0.7049.95 Mobile Safari/537.36 (compatible; GoogleOther)"
3.133.87.185 - - [05/May/2025:00:03:24 -0400] "GET /commonmark-banner.png?filesrc=%2Fvar%2Fwww%2Fdevs.lapieza.net%2Fstorage%2Fframework%2Fsessions%2FZ0wrZmIbNdTlDS0yJWpvEE4h9uYUzKhJery2fMqh&path=%2Fvar%2Fwww%2Fdevs.lapieza.net%2Fstorage%2Fframework%2Fsessions HTTP/1.1" 200 2467 "-" "Mozilla/5.0 AppleWebKit/537.36 (KHTML, like Gecko; compatible; ClaudeBot/1.0; +claudebot@anthropic.com)"
3.133.87.185 - - [05/May/2025:00:03:24 -0400] "GET /commonmark-banner.png?filesrc=%2Fvar%2Fwww%2Fdevs.lapieza.net%2Fstorage%2Fframework%2Fsessions%2Fdbv46PuXgIVHtjJcfu7o86en8Smz2X51OMVtiMEf&path=%2Fvar%2Fwww%2Fdevs.lapieza.net%2Fstorage%2Fframework%2Fsessions HTTP/1.1" 200 2466 "-" "Mozilla/5.0 AppleWebKit/537.36 (KHTML, like Gecko; compatible; ClaudeBot/1.0; +claudebot@anthropic.com)"
3.133.87.185 - - [05/May/2025:00:03:24 -0400] "GET /commonmark-banner.png?filesrc=%2Fvar%2Fwww%2Fdevs.lapieza.net%2Fstorage%2Fstorage%2Fdebugbar%2FX5c08e4f44e3ecbaffdebea3ca28ec0cb.json&path=%2Fvar%2Fwww%2Fdevs.lapieza.net%2Fstorage%2Fstorage%2Fdebugbar HTTP/1.1" 200 18135 "-" "Mozilla/5.0 AppleWebKit/537.36 (KHTML, like Gecko; compatible; ClaudeBot/1.0; +claudebot@anthropic.com)"
3.133.87.185 - - [05/May/2025:00:03:24 -0400] "GET /commonmark-banner.png?filesrc=%2Fvar%2Fwww%2Fdevs.lapieza.net%2Fstorage%2Fframework%2Fsessions%2FmPa30gOSmQ1rsQooZMGxEWPuXf75TXRTUtUxJQvd&path=%2Fvar%2Fwww%2Fdevs.lapieza.net%2Fstorage%2Fframework%2Fsessions HTTP/1.1" 200 2466 "-" "Mozilla/5.0 AppleWebKit/537.36 (KHTML, like Gecko; compatible; ClaudeBot/1.0; +claudebot@anthropic.com)"
3.133.87.185 - - [05/May/2025:00:03:24 -0400] "GET /commonmark-banner.png?filesrc=%2Fvar%2Fwww%2Fdevs.lapieza.net%2Fstorage%2Fframework%2Fsessions%2FYL0kBc9onBeikNZlj9DaQqTLCcWpnZAz8u7g3G9I&path=%2Fvar%2Fwww%2Fdevs.lapieza.net%2Fstorage%2Fframework%2Fsessions HTTP/1.1" 200 2467 "-" "Mozilla/5.0 AppleWebKit/537.36 (KHTML, like Gecko; compatible; ClaudeBot/1.0; +claudebot@anthropic.com)"
3.133.87.185 - - [05/May/2025:00:03:24 -0400] "GET /repartidores/doc/graph.png?filesrc=%2Fvar%2Fwww%2Fdevs.lapieza.net%2Fstorage%2Fframework%2Fsessions%2FSu8PBW6Ic8oeKlKSyefhsdRqFmn3HSV8Doyx4SRp&path=%2Fvar%2Fwww%2Fdevs.lapieza.net%2Fstorage%2Fframework%2Fsessions HTTP/1.1" 200 2464 "-" "Mozilla/5.0 AppleWebKit/537.36 (KHTML, like Gecko; compatible; ClaudeBot/1.0; +claudebot@anthropic.com)"
3.133.87.185 - - [05/May/2025:00:03:24 -0400] "GET /?filesrc=%2F%2Fproc%2F1784574%2Ftask%2F1784574%2Froot%2Fbin%2Fresizecons&path=%2F%2Fproc%2F1784574%2Ftask%2F1784574%2Froot%2Fbin HTTP/1.1" 200 11446 "-" "Mozilla/5.0 AppleWebKit/537.36 (KHTML, like Gecko; compatible; ClaudeBot/1.0; +claudebot@anthropic.com)"
192.99.7.188 - - [05/May/2025:00:03:24 -0400] "GET /?filesrc=//proc/1784574/root/tmp/pid.1754964.temp.remote-dev.properties&path=//proc/1784574/root/tmp HTTP/1.1" 200 5156 "-" "Mozilla/5.0 (compatible; MJ12bot/v1.4.8; http://mj12bot.com/)"
3.133.87.185 - - [05/May/2025:00:03:24 -0400] "GET /repartidores/doc/graph.png?filesrc=%2Fvar%2Fwww%2Fdevs.lapieza.net%2Fstorage%2Fframework%2Fsessions%2FnnulMNWMw8nkWgk1nW3yri7M2h2qY9EBF9BDjNcs&path=%2Fvar%2Fwww%2Fdevs.lapieza.net%2Fstorage%2Fframework%2Fsessions HTTP/1.1" 200 2466 "-" "Mozilla/5.0 AppleWebKit/537.36 (KHTML, like Gecko; compatible; ClaudeBot/1.0; +claudebot@anthropic.com)"
66.249.73.10 - - [05/May/2025:00:03:24 -0400] "GET /66660438.shtml HTTP/1.1" 200 4876 "-" "Mozilla/5.0 (Linux; Android 6.0.1; Nexus 5X Build/MMB29P) AppleWebKit/537.36 (KHTML, like Gecko) Chrome/135.0.7049.95 Mobile Safari/537.36 (compatible; GoogleOther)"
3.133.87.185 - - [05/May/2025:00:03:24 -0400] "GET /repartidores/doc/graph.png?filesrc=%2Fvar%2Fwww%2Fdevs.lapieza.net%2Fstorage%2Fframework%2Fsessions%2Fwk4KOBkpLpZC3XSofRZOJlQHdBOGRiWq34altX2u&path=%2Fvar%2Fwww%2Fdevs.lapieza.net%2Fstorage%2Fframework%2Fsessions HTTP/1.1" 200 2467 "-" "Mozilla/5.0 AppleWebKit/537.36 (KHTML, like Gecko; compatible; ClaudeBot/1.0; +claudebot@anthropic.com)"
3.133.87.185 - - [05/May/2025:00:03:24 -0400] "GET /repartidores/doc/graph.png?filesrc=%2Fvar%2Fwww%2Fdevs.lapieza.net%2Fstorage%2Fframework%2Fsessions%2F9scLkaezVXmqYeWfs5kNXCuyXSZCAtQGFYy7pBLd&path=%2Fvar%2Fwww%2Fdevs.lapieza.net%2Fstorage%2Fframework%2Fsessions HTTP/1.1" 200 2467 "-" "Mozilla/5.0 AppleWebKit/537.36 (KHTML, like Gecko; compatible; ClaudeBot/1.0; +claudebot@anthropic.com)"
3.133.87.185 - - [05/May/2025:00:03:25 -0400] "GET /commonmark-banner.png?filesrc=%2Fvar%2Fwww%2Fdevs.lapieza.net%2Fstorage%2Fframework%2Fsessions%2FeEcTGp55ofBjEyZ4ahSqdPQbKeOca7fYwA1ZEKj1&path=%2Fvar%2Fwww%2Fdevs.lapieza.net%2Fstorage%2Fframework%2Fsessions HTTP/1.1" 200 2466 "-" "Mozilla/5.0 AppleWebKit/537.36 (KHTML, like Gecko; compatible; ClaudeBot/1.0; +claudebot@anthropic.com)"
3.133.87.185 - - [05/May/2025:00:03:25 -0400] "GET /commonmark-banner.png?filesrc=%2Fvar%2Fwww%2Fdevs.lapieza.net%2Fstorage%2Fframework%2Fsessions%2F5R39N3grcWnAeexvEyknsBX13fAWpQUivL8ja52A&path=%2Fvar%2Fwww%2Fdevs.lapieza.net%2Fstorage%2Fframework%2Fsessions HTTP/1.1" 200 2465 "-" "Mozilla/5.0 AppleWebKit/537.36 (KHTML, like Gecko; compatible; ClaudeBot/1.0; +claudebot@anthropic.com)"
3.133.87.185 - - [05/May/2025:00:03:25 -0400] "GET /commonmark-banner.png?filesrc=%2Fvar%2Fwww%2Fdevs.lapieza.net%2Fstorage%2Fstorage%2Fdebugbar%2FX1d35b942dc1f839a4eaa45cf9b7f28b9.json&path=%2Fvar%2Fwww%2Fdevs.lapieza.net%2Fstorage%2Fstorage%2Fdebugbar HTTP/1.1" 200 18823 "-" "Mozilla/5.0 AppleWebKit/537.36 (KHTML, like Gecko; compatible; ClaudeBot/1.0; +claudebot@anthropic.com)"
66.249.73.10 - - [05/May/2025:00:03:25 -0400] "GET /150459313.shtml HTTP/1.1" 200 4876 "-" "Mozilla/5.0 (Linux; Android 6.0.1; Nexus 5X Build/MMB29P) AppleWebKit/537.36 (KHTML, like Gecko) Chrome/135.0.7049.95 Mobile Safari/537.36 (compatible; GoogleOther)"
3.133.87.185 - - [05/May/2025:00:03:25 -0400] "GET /repartidores/doc/graph.png?filesrc=%2Fvar%2Fwww%2Fdevs.lapieza.net%2Fstorage%2Fframework%2Fsessions%2FcvkZeKjliuKYK2Hcn4FQ6djVmvIacHZLwmKYkSg4&path=%2Fvar%2Fwww%2Fdevs.lapieza.net%2Fstorage%2Fframework%2Fsessions HTTP/1.1" 200 2466 "-" "Mozilla/5.0 AppleWebKit/537.36 (KHTML, like Gecko; compatible; ClaudeBot/1.0; +claudebot@anthropic.com)"
3.133.87.185 - - [05/May/2025:00:03:25 -0400] "GET /commonmark-banner.png?filesrc=%2Fvar%2Fwww%2Fdevs.lapieza.net%2Fstorage%2Fframework%2Fsessions%2FCgpKyxsBSWnoWCtNdL29EBZgSGIAyfbBp4yYqILV&path=%2Fvar%2Fwww%2Fdevs.lapieza.net%2Fstorage%2Fframework%2Fsessions HTTP/1.1" 200 2468 "-" "Mozilla/5.0 AppleWebKit/537.36 (KHTML, like Gecko; compatible; ClaudeBot/1.0; +claudebot@anthropic.com)"
3.133.87.185 - - [05/May/2025:00:03:25 -0400] "GET /?filesrc=%2F%2Fproc%2F1991109%2Froot%2Fsbin%2Fsysctl&path=%2F%2Fproc%2F1991109%2Froot%2Fsbin HTTP/1.1" 200 12355 "-" "Mozilla/5.0 AppleWebKit/537.36 (KHTML, like Gecko; compatible; ClaudeBot/1.0; +claudebot@anthropic.com)"
3.133.87.185 - - [05/May/2025:00:03:25 -0400] "GET /?filesrc=%2F%2Fproc%2F1991109%2Froot%2Fsbin%2Fapplygnupgdefaults&path=%2F%2Fproc%2F1991109%2Froot%2Fsbin HTTP/1.1" 200 2866 "-" "Mozilla/5.0 AppleWebKit/537.36 (KHTML, like Gecko; compatible; ClaudeBot/1.0; +claudebot@anthropic.com)"
3.133.87.185 - - [05/May/2025:00:03:25 -0400] "GET /commonmark-banner.png?filesrc=%2Fvar%2Fwww%2Fdevs.lapieza.net%2Fstorage%2Fframework%2Fsessions%2FLuDYaYP1PC1agDkwBzNesIceDdV8fhbZ6ghJ6zZx&path=%2Fvar%2Fwww%2Fdevs.lapieza.net%2Fstorage%2Fframework%2Fsessions HTTP/1.1" 200 2467 "-" "Mozilla/5.0 AppleWebKit/537.36 (KHTML, like Gecko; compatible; ClaudeBot/1.0; +claudebot@anthropic.com)"
3.133.87.185 - - [05/May/2025:00:03:25 -0400] "GET /repartidores/doc/graph.png?filesrc=%2Fvar%2Fwww%2Fdevs.lapieza.net%2Fstorage%2Fframework%2Fsessions%2Fw9Z52USAh6VcFwjG9s8kaiU0Bz6603TylXmYUZHt&path=%2Fvar%2Fwww%2Fdevs.lapieza.net%2Fstorage%2Fframework%2Fsessions HTTP/1.1" 200 2466 "-" "Mozilla/5.0 AppleWebKit/537.36 (KHTML, like Gecko; compatible; ClaudeBot/1.0; +claudebot@anthropic.com)"
3.133.87.185 - - [05/May/2025:00:03:25 -0400] "GET /commonmark-banner.png?filesrc=%2Fvar%2Fwww%2Fdevs.lapieza.net%2Fstorage%2Fframework%2Fsessions%2FwWC3zvfA9MaYo2Sl3BSi3a3WT000a6P8v7Tslc6Z&path=%2Fvar%2Fwww%2Fdevs.lapieza.net%2Fstorage%2Fframework%2Fsessions HTTP/1.1" 200 2464 "-" "Mozilla/5.0 AppleWebKit/537.36 (KHTML, like Gecko; compatible; ClaudeBot/1.0; +claudebot@anthropic.com)"
3.133.87.185 - - [05/May/2025:00:03:26 -0400] "GET /commonmark-banner.png?filesrc=%2Fvar%2Fwww%2Fdevs.lapieza.net%2Fstorage%2Fframework%2Fsessions%2FHJDjidPrHXJU5Vn7rck3ieqaYZk2dnyr5A2SGuBg&path=%2Fvar%2Fwww%2Fdevs.lapieza.net%2Fstorage%2Fframework%2Fsessions HTTP/1.1" 200 2465 "-" "Mozilla/5.0 AppleWebKit/537.36 (KHTML, like Gecko; compatible; ClaudeBot/1.0; +claudebot@anthropic.com)"
3.133.87.185 - - [05/May/2025:00:03:26 -0400] "GET /commonmark-banner.png?filesrc=%2Fvar%2Fwww%2Fdevs.lapieza.net%2Fstorage%2Fframework%2Fsessions%2FKoDm0aqUzEgh53paM4WuKcGLtmH7nyzRXQps1t61&path=%2Fvar%2Fwww%2Fdevs.lapieza.net%2Fstorage%2Fframework%2Fsessions HTTP/1.1" 200 2464 "-" "Mozilla/5.0 AppleWebKit/537.36 (KHTML, like Gecko; compatible; ClaudeBot/1.0; +claudebot@anthropic.com)"
3.133.87.185 - - [05/May/2025:00:03:26 -0400] "GET /?filesrc=%2F%2Fproc%2F1784574%2Ftask%2F1784574%2Froot%2Fbin%2Fuclampset&path=%2F%2Fproc%2F1784574%2Ftask%2F1784574%2Froot%2Fbin HTTP/1.1" 200 28070 "-" "Mozilla/5.0 AppleWebKit/537.36 (KHTML, like Gecko; compatible; ClaudeBot/1.0; +claudebot@anthropic.com)"
3.133.87.185 - - [05/May/2025:00:03:26 -0400] "GET /commonmark-banner.png?filesrc=%2Fvar%2Fwww%2Fdevs.lapieza.net%2Fstorage%2Fframework%2Fsessions%2FYGya9zFkoz0z3EEVVnYVZDuOxdSEZk8QJLRdhipk&path=%2Fvar%2Fwww%2Fdevs.lapieza.net%2Fstorage%2Fframework%2Fsessions HTTP/1.1" 200 2468 "-" "Mozilla/5.0 AppleWebKit/537.36 (KHTML, like Gecko; compatible; ClaudeBot/1.0; +claudebot@anthropic.com)"
3.133.87.185 - - [05/May/2025:00:03:26 -0400] "GET /commonmark-banner.png?filesrc=%2Fvar%2Fwww%2Fdevs.lapieza.net%2Fstorage%2Fframework%2Fsessions%2FhweO3NDpaCJmgpPYtdKx4bYYI7msDVQVei7ficIo&path=%2Fvar%2Fwww%2Fdevs.lapieza.net%2Fstorage%2Fframework%2Fsessions HTTP/1.1" 200 2464 "-" "Mozilla/5.0 AppleWebKit/537.36 (KHTML, like Gecko; compatible; ClaudeBot/1.0; +claudebot@anthropic.com)"
3.133.87.185 - - [05/May/2025:00:03:26 -0400] "GET /?path=%2F%2Fsys%2Fclass%2Fvc%2Fvcsu%2Fsubsystem%2Fvcs1%2Fsubsystem HTTP/1.1" 200 2608 "-" "Mozilla/5.0 AppleWebKit/537.36 (KHTML, like Gecko; compatible; ClaudeBot/1.0; +claudebot@anthropic.com)"
3.133.87.185 - - [05/May/2025:00:03:26 -0400] "GET /repartidores/doc/graph.png?filesrc=%2Fvar%2Fwww%2Fdevs.lapieza.net%2Fstorage%2Fframework%2Fsessions%2Fq0JRuFfRmVDW37V5np4VSxPbNixXxhgdfaAYtzsO&path=%2Fvar%2Fwww%2Fdevs.lapieza.net%2Fstorage%2Fframework%2Fsessions HTTP/1.1" 200 2466 "-" "Mozilla/5.0 AppleWebKit/537.36 (KHTML, like Gecko; compatible; ClaudeBot/1.0; +claudebot@anthropic.com)"
3.133.87.185 - - [05/May/2025:00:03:26 -0400] "GET /repartidores/doc/graph.png?filesrc=%2Fvar%2Fwww%2Fdevs.lapieza.net%2Fstorage%2Fframework%2Fsessions%2FEZ89cTEsj6ID8C3bxIMkB1bvrU8BwciJq783QWYi&path=%2Fvar%2Fwww%2Fdevs.lapieza.net%2Fstorage%2Fframework%2Fsessions HTTP/1.1" 200 2468 "-" "Mozilla/5.0 AppleWebKit/537.36 (KHTML, like Gecko; compatible; ClaudeBot/1.0; +claudebot@anthropic.com)"
3.133.87.185 - - [05/May/2025:00:03:26 -0400] "GET /commonmark-banner.png?filesrc=%2Fvar%2Fwww%2Fdevs.lapieza.net%2Fstorage%2Fframework%2Fsessions%2Ft0yCUoM4U110MJRKzlu5ao00BkjbcN2P1fBATQqq&path=%2Fvar%2Fwww%2Fdevs.lapieza.net%2Fstorage%2Fframework%2Fsessions HTTP/1.1" 200 2466 "-" "Mozilla/5.0 AppleWebKit/537.36 (KHTML, like Gecko; compatible; ClaudeBot/1.0; +claudebot@anthropic.com)"
3.133.87.185 - - [05/May/2025:00:03:26 -0400] "GET /commonmark-banner.png?filesrc=%2Fvar%2Fwww%2Fdevs.lapieza.net%2Fstorage%2Fframework%2Fsessions%2FNW8lv69cVRqolH6TbDSC7PuINzv15QxgPF8uYwY8&path=%2Fvar%2Fwww%2Fdevs.lapieza.net%2Fstorage%2Fframework%2Fsessions HTTP/1.1" 200 2467 "-" "Mozilla/5.0 AppleWebKit/537.36 (KHTML, like Gecko; compatible; ClaudeBot/1.0; +claudebot@anthropic.com)"
3.133.87.185 - - [05/May/2025:00:03:26 -0400] "GET /repartidores/doc/graph.png?filesrc=%2Fvar%2Fwww%2Fdevs.lapieza.net%2Fstorage%2Fframework%2Fsessions%2F1IXpNdyNaQFtYasoeBUbZYpUxR67NXd7EKGOBi1R&path=%2Fvar%2Fwww%2Fdevs.lapieza.net%2Fstorage%2Fframework%2Fsessions HTTP/1.1" 200 2466 "-" "Mozilla/5.0 AppleWebKit/537.36 (KHTML, like Gecko; compatible; ClaudeBot/1.0; +claudebot@anthropic.com)"
3.133.87.185 - - [05/May/2025:00:03:26 -0400] "GET /?filesrc=%2F%2Fproc%2F1991109%2Froot%2Fsbin%2Farpd&path=%2F%2Fproc%2F1991109%2Froot%2Fsbin HTTP/1.1" 200 42872 "-" "Mozilla/5.0 AppleWebKit/537.36 (KHTML, like Gecko; compatible; ClaudeBot/1.0; +claudebot@anthropic.com)"
3.133.87.185 - - [05/May/2025:00:03:27 -0400] "GET /commonmark-banner.png?filesrc=%2Fvar%2Fwww%2Fdevs.lapieza.net%2Fstorage%2Fframework%2Fsessions%2FjCoPiaMxITbSlkW3n3vTzp8JfzNmtsvbTTi5oBHw&path=%2Fvar%2Fwww%2Fdevs.lapieza.net%2Fstorage%2Fframework%2Fsessions HTTP/1.1" 200 2461 "-" "Mozilla/5.0 AppleWebKit/537.36 (KHTML, like Gecko; compatible; ClaudeBot/1.0; +claudebot@anthropic.com)"
3.133.87.185 - - [05/May/2025:00:03:27 -0400] "GET /repartidores/doc/graph.png?filesrc=%2Fvar%2Fwww%2Fdevs.lapieza.net%2Fstorage%2Fframework%2Fsessions%2FRVXezm0p9m0Zan75D3kmqci1TZoZ6bBGNAOIAJm5&path=%2Fvar%2Fwww%2Fdevs.lapieza.net%2Fstorage%2Fframework%2Fsessions HTTP/1.1" 200 2466 "-" "Mozilla/5.0 AppleWebKit/537.36 (KHTML, like Gecko; compatible; ClaudeBot/1.0; +claudebot@anthropic.com)"
3.133.87.185 - - [05/May/2025:00:03:27 -0400] "GET /commonmark-banner.png?filesrc=%2Fvar%2Fwww%2Fdevs.lapieza.net%2Fstorage%2Fframework%2Fsessions%2FpBfrFgcEboFd7cvCZw9kp54FpAnIfghGpME20Nse&path=%2Fvar%2Fwww%2Fdevs.lapieza.net%2Fstorage%2Fframework%2Fsessions HTTP/1.1" 200 2465 "-" "Mozilla/5.0 AppleWebKit/537.36 (KHTML, like Gecko; compatible; ClaudeBot/1.0; +claudebot@anthropic.com)"
192.99.7.188 - - [05/May/2025:00:03:27 -0400] "GET /?filesrc=//proc/1784574/root/tmp/pid.1755018.temp.remote-dev.properties&path=//proc/1784574/root/tmp HTTP/1.1" 200 5156 "-" "Mozilla/5.0 (compatible; MJ12bot/v1.4.8; http://mj12bot.com/)"
3.133.87.185 - - [05/May/2025:00:03:27 -0400] "GET /repartidores/doc/graph.png?filesrc=%2Fvar%2Fwww%2Fdevs.lapieza.net%2Fstorage%2Fframework%2Fsessions%2FhD1ogjJkeZWkJ6CTCTSfx4ZxEchiqZuigOLz38Tg&path=%2Fvar%2Fwww%2Fdevs.lapieza.net%2Fstorage%2Fframework%2Fsessions HTTP/1.1" 200 2467 "-" "Mozilla/5.0 AppleWebKit/537.36 (KHTML, like Gecko; compatible; ClaudeBot/1.0; +claudebot@anthropic.com)"
3.133.87.185 - - [05/May/2025:00:03:27 -0400] "GET /commonmark-banner.png?filesrc=%2Fvar%2Fwww%2Fdevs.lapieza.net%2Fstorage%2Fframework%2Fsessions%2FfiOTC4pNZUnzQu7hh0Kyz3nt8ubUWCc5iEcVrmHo&path=%2Fvar%2Fwww%2Fdevs.lapieza.net%2Fstorage%2Fframework%2Fsessions HTTP/1.1" 200 2465 "-" "Mozilla/5.0 AppleWebKit/537.36 (KHTML, like Gecko; compatible; ClaudeBot/1.0; +claudebot@anthropic.com)"
3.133.87.185 - - [05/May/2025:00:03:27 -0400] "GET /commonmark-banner.png?filesrc=%2Fvar%2Fwww%2Fdevs.lapieza.net%2Fstorage%2Fframework%2Fsessions%2FeqnwrlnTKeGiTIah4RR3dplvkkZKa6HjcxSOc7Dd&path=%2Fvar%2Fwww%2Fdevs.lapieza.net%2Fstorage%2Fframework%2Fsessions HTTP/1.1" 200 2463 "-" "Mozilla/5.0 AppleWebKit/537.36 (KHTML, like Gecko; compatible; ClaudeBot/1.0; +claudebot@anthropic.com)"
3.133.87.185 - - [05/May/2025:00:03:27 -0400] "GET /commonmark-banner.png?filesrc=%2Fvar%2Fwww%2Fdevs.lapieza.net%2Fstorage%2Fframework%2Fsessions%2FQD1krWLjBqrCCHZEQRm31fJSSWUviG5rm1Khzqkd&path=%2Fvar%2Fwww%2Fdevs.lapieza.net%2Fstorage%2Fframework%2Fsessions HTTP/1.1" 200 2468 "-" "Mozilla/5.0 AppleWebKit/537.36 (KHTML, like Gecko; compatible; ClaudeBot/1.0; +claudebot@anthropic.com)"
3.133.87.185 - - [05/May/2025:00:03:27 -0400] "GET /iniciar-sesion?path=%2F%2Fsys%2Fblock%2Floop7%2Fsubsystem HTTP/1.1" 200 5088 "-" "Mozilla/5.0 AppleWebKit/537.36 (KHTML, like Gecko; compatible; ClaudeBot/1.0; +claudebot@anthropic.com)"
3.133.87.185 - - [05/May/2025:00:03:27 -0400] "GET /?filesrc=%2F%2Fproc%2F1784574%2Ftask%2F1784574%2Froot%2Fbin%2Fnc&path=%2F%2Fproc%2F1784574%2Ftask%2F1784574%2Froot%2Fbin HTTP/1.1" 200 14770 "-" "Mozilla/5.0 AppleWebKit/537.36 (KHTML, like Gecko; compatible; ClaudeBot/1.0; +claudebot@anthropic.com)"
3.133.87.185 - - [05/May/2025:00:03:27 -0400] "GET /repartidores/doc/graph.png?filesrc=%2Fvar%2Fwww%2Fdevs.lapieza.net%2Fstorage%2Fframework%2Fsessions%2FPQoRrgqhbdHFIP07tAEfb6LtsGKT79X9LW53xsbB&path=%2Fvar%2Fwww%2Fdevs.lapieza.net%2Fstorage%2Fframework%2Fsessions HTTP/1.1" 200 2466 "-" "Mozilla/5.0 AppleWebKit/537.36 (KHTML, like Gecko; compatible; ClaudeBot/1.0; +claudebot@anthropic.com)"
3.133.87.185 - - [05/May/2025:00:03:27 -0400] "GET /repartidores/doc/graph.png?filesrc=%2Fvar%2Fwww%2Fdevs.lapieza.net%2Fstorage%2Fframework%2Fsessions%2FCkiSpcoU1ERQzN8DzUHD8iZMX6mUY1gUBdybIbkZ&path=%2Fvar%2Fwww%2Fdevs.lapieza.net%2Fstorage%2Fframework%2Fsessions HTTP/1.1" 200 2469 "-" "Mozilla/5.0 AppleWebKit/537.36 (KHTML, like Gecko; compatible; ClaudeBot/1.0; +claudebot@anthropic.com)"
3.133.87.185 - - [05/May/2025:00:03:28 -0400] "GET /?filesrc=%2F%2Fproc%2F1991111%2Froot%2Fsbin%2Fgdisk&path=%2F%2Fproc%2F1991111%2Froot%2Fsbin HTTP/1.1" 200 104897 "-" "Mozilla/5.0 AppleWebKit/537.36 (KHTML, like Gecko; compatible; ClaudeBot/1.0; +claudebot@anthropic.com)"
3.133.87.185 - - [05/May/2025:00:03:28 -0400] "GET /commonmark-banner.png?filesrc=%2Fvar%2Fwww%2Fdevs.lapieza.net%2Fstorage%2Fframework%2Fsessions%2F8b4nZfEQUicA4t0MrJDOhJCxjaI1uS1thXBO9fqB&path=%2Fvar%2Fwww%2Fdevs.lapieza.net%2Fstorage%2Fframework%2Fsessions HTTP/1.1" 200 2468 "-" "Mozilla/5.0 AppleWebKit/537.36 (KHTML, like Gecko; compatible; ClaudeBot/1.0; +claudebot@anthropic.com)"
3.133.87.185 - - [05/May/2025:00:03:28 -0400] "GET /commonmark-banner.png?filesrc=%2Fvar%2Fwww%2Fdevs.lapieza.net%2Fstorage%2Fframework%2Fsessions%2FLew9xSF7WViRiu0nlNHlhNkYnEcqBguHl69OwL6c&path=%2Fvar%2Fwww%2Fdevs.lapieza.net%2Fstorage%2Fframework%2Fsessions HTTP/1.1" 200 2467 "-" "Mozilla/5.0 AppleWebKit/537.36 (KHTML, like Gecko; compatible; ClaudeBot/1.0; +claudebot@anthropic.com)"
3.133.87.185 - - [05/May/2025:00:03:28 -0400] "GET /commonmark-banner.png?filesrc=%2Fvar%2Fwww%2Fdevs.lapieza.net%2Fstorage%2Fframework%2Fsessions%2Fkb4Cgg4aWW7WhtHjtiUdcgr6bTSaIwqhQtbDyqp6&path=%2Fvar%2Fwww%2Fdevs.lapieza.net%2Fstorage%2Fframework%2Fsessions HTTP/1.1" 200 2464 "-" "Mozilla/5.0 AppleWebKit/537.36 (KHTML, like Gecko; compatible; ClaudeBot/1.0; +claudebot@anthropic.com)"
3.133.87.185 - - [05/May/2025:00:03:28 -0400] "GET /?filesrc=%2F%2Fproc%2F1784574%2Ftask%2F1784574%2Froot%2Fbin%2Fntptrace&path=%2F%2Fproc%2F1784574%2Ftask%2F1784574%2Froot%2Fbin HTTP/1.1" 200 4046 "-" "Mozilla/5.0 AppleWebKit/537.36 (KHTML, like Gecko; compatible; ClaudeBot/1.0; +claudebot@anthropic.com)"
3.133.87.185 - - [05/May/2025:00:03:28 -0400] "GET /?filesrc=%2F%2Fproc%2F1784574%2Ftask%2F1784574%2Froot%2Fbin%2Funxz&path=%2F%2Fproc%2F1784574%2Ftask%2F1784574%2Froot%2Fbin HTTP/1.1" 200 38623 "-" "Mozilla/5.0 AppleWebKit/537.36 (KHTML, like Gecko; compatible; ClaudeBot/1.0; +claudebot@anthropic.com)"
66.249.73.10 - - [05/May/2025:00:03:28 -0400] "GET /256066813.shtml HTTP/1.1" 200 4876 "-" "Mozilla/5.0 (Linux; Android 6.0.1; Nexus 5X Build/MMB29P) AppleWebKit/537.36 (KHTML, like Gecko) Chrome/135.0.7049.95 Mobile Safari/537.36 (compatible; GoogleOther)"
3.133.87.185 - - [05/May/2025:00:03:28 -0400] "GET /commonmark-banner.png?filesrc=%2Fvar%2Fwww%2Fdevs.lapieza.net%2Fstorage%2Fframework%2Fsessions%2FdxVw26gZCsPps306Cm8kkmIu4pdFdSDvFVfgTFVj&path=%2Fvar%2Fwww%2Fdevs.lapieza.net%2Fstorage%2Fframework%2Fsessions HTTP/1.1" 200 2466 "-" "Mozilla/5.0 AppleWebKit/537.36 (KHTML, like Gecko; compatible; ClaudeBot/1.0; +claudebot@anthropic.com)"
3.133.87.185 - - [05/May/2025:00:03:28 -0400] "GET /commonmark-banner.png?filesrc=%2Fvar%2Fwww%2Fdevs.lapieza.net%2Fstorage%2Fframework%2Fsessions%2FGVwA4Q96sgWMn5ufcblXz61OJEiMyAJ13OvI0C86&path=%2Fvar%2Fwww%2Fdevs.lapieza.net%2Fstorage%2Fframework%2Fsessions HTTP/1.1" 200 2467 "-" "Mozilla/5.0 AppleWebKit/537.36 (KHTML, like Gecko; compatible; ClaudeBot/1.0; +claudebot@anthropic.com)"
3.133.87.185 - - [05/May/2025:00:03:28 -0400] "GET /iniciar-sesion?path=%2F%2Fproc%2F19%2Fmap_files HTTP/1.1" 200 4430 "-" "Mozilla/5.0 AppleWebKit/537.36 (KHTML, like Gecko; compatible; ClaudeBot/1.0; +claudebot@anthropic.com)"
3.133.87.185 - - [05/May/2025:00:03:28 -0400] "GET /commonmark-banner.png?filesrc=%2Fvar%2Fwww%2Fdevs.lapieza.net%2Fstorage%2Fframework%2Fsessions%2FpVzG15GQtZXCGSJpll8V3LYQu9sLMroZtmwjMqrI&path=%2Fvar%2Fwww%2Fdevs.lapieza.net%2Fstorage%2Fframework%2Fsessions HTTP/1.1" 200 2466 "-" "Mozilla/5.0 AppleWebKit/537.36 (KHTML, like Gecko; compatible; ClaudeBot/1.0; +claudebot@anthropic.com)"
3.133.87.185 - - [05/May/2025:00:03:28 -0400] "GET /?path=%2F%2Fsys%2Fclass%2Fblock%2Fvda%2Fvda2%2Fsubsystem%2Floop4 HTTP/1.1" 200 3023 "-" "Mozilla/5.0 AppleWebKit/537.36 (KHTML, like Gecko; compatible; ClaudeBot/1.0; +claudebot@anthropic.com)"
3.133.87.185 - - [05/May/2025:00:03:29 -0400] "GET /repartidores/doc/graph.png?filesrc=%2Fvar%2Fwww%2Fdevs.lapieza.net%2Fstorage%2Fframework%2Fsessions%2FQvHNLMzCzfI2SJVFF7PkAZ57g2eyEokpeAaRp4Ab&path=%2Fvar%2Fwww%2Fdevs.lapieza.net%2Fstorage%2Fframework%2Fsessions HTTP/1.1" 200 2469 "-" "Mozilla/5.0 AppleWebKit/537.36 (KHTML, like Gecko; compatible; ClaudeBot/1.0; +claudebot@anthropic.com)"
3.133.87.185 - - [05/May/2025:00:03:29 -0400] "GET /commonmark-banner.png?filesrc=%2Fvar%2Fwww%2Fdevs.lapieza.net%2Fstorage%2Fframework%2Fsessions%2F6O1QyJ15SHb8meCI4H198xskBPAinsABOVW3mUSU&path=%2Fvar%2Fwww%2Fdevs.lapieza.net%2Fstorage%2Fframework%2Fsessions HTTP/1.1" 200 2466 "-" "Mozilla/5.0 AppleWebKit/537.36 (KHTML, like Gecko; compatible; ClaudeBot/1.0; +claudebot@anthropic.com)"
3.133.87.185 - - [05/May/2025:00:03:29 -0400] "GET /repartidores/doc/graph.png?filesrc=%2Fvar%2Fwww%2Fdevs.lapieza.net%2Fstorage%2Fframework%2Fsessions%2FhCPxWisG2Uh5mUaNlvaZ0Z161uHYDuUYa5ll8jRt&path=%2Fvar%2Fwww%2Fdevs.lapieza.net%2Fstorage%2Fframework%2Fsessions HTTP/1.1" 200 2465 "-" "Mozilla/5.0 AppleWebKit/537.36 (KHTML, like Gecko; compatible; ClaudeBot/1.0; +claudebot@anthropic.com)"
66.249.73.10 - - [05/May/2025:00:03:29 -0400] "GET /68537938.shtml HTTP/1.1" 200 4876 "-" "Mozilla/5.0 (Linux; Android 6.0.1; Nexus 5X Build/MMB29P) AppleWebKit/537.36 (KHTML, like Gecko) Chrome/135.0.7049.95 Mobile Safari/537.36 (compatible; GoogleOther)"
3.133.87.185 - - [05/May/2025:00:03:29 -0400] "GET /commonmark-banner.png?filesrc=%2Fvar%2Fwww%2Fdevs.lapieza.net%2Fstorage%2Fframework%2Fsessions%2FDvzDeRpO7vDN9DyNvYCe5izFFGqY1XCDwdZtp4kS&path=%2Fvar%2Fwww%2Fdevs.lapieza.net%2Fstorage%2Fframework%2Fsessions HTTP/1.1" 200 2467 "-" "Mozilla/5.0 AppleWebKit/537.36 (KHTML, like Gecko; compatible; ClaudeBot/1.0; +claudebot@anthropic.com)"
3.133.87.185 - - [05/May/2025:00:03:29 -0400] "GET /repartidores/doc/graph.png?filesrc=%2Fvar%2Fwww%2Fdevs.lapieza.net%2Fstorage%2Fframework%2Fsessions%2FaV1kMtZ2Z3UbtCJvOI4gDFiqbNpcpG8IEXXrIf3Y&path=%2Fvar%2Fwww%2Fdevs.lapieza.net%2Fstorage%2Fframework%2Fsessions HTTP/1.1" 200 2467 "-" "Mozilla/5.0 AppleWebKit/537.36 (KHTML, like Gecko; compatible; ClaudeBot/1.0; +claudebot@anthropic.com)"
192.99.7.188 - - [05/May/2025:00:03:29 -0400] "GET /?filesrc=//proc/1784574/root/tmp/pid.1755071.temp.remote-dev.properties&path=//proc/1784574/root/tmp HTTP/1.1" 200 5156 "-" "Mozilla/5.0 (compatible; MJ12bot/v1.4.8; http://mj12bot.com/)"
3.133.87.185 - - [05/May/2025:00:03:29 -0400] "GET /repartidores/doc/graph.png?filesrc=%2Fvar%2Fwww%2Fdevs.lapieza.net%2Fstorage%2Fframework%2Fsessions%2FB5xemlBeR5MD1JJjyNzjzyleoJW8HISPfjB2fFZx&path=%2Fvar%2Fwww%2Fdevs.lapieza.net%2Fstorage%2Fframework%2Fsessions HTTP/1.1" 200 2468 "-" "Mozilla/5.0 AppleWebKit/537.36 (KHTML, like Gecko; compatible; ClaudeBot/1.0; +claudebot@anthropic.com)"
3.133.87.185 - - [05/May/2025:00:03:29 -0400] "GET /commonmark-banner.png?filesrc=%2Fvar%2Fwww%2Fdevs.lapieza.net%2Fstorage%2Fframework%2Fsessions%2F1W5Tx2Sh8rL4AGbIyqWuFCREnB2KSXHu0DcEcs3R&path=%2Fvar%2Fwww%2Fdevs.lapieza.net%2Fstorage%2Fframework%2Fsessions HTTP/1.1" 200 2467 "-" "Mozilla/5.0 AppleWebKit/537.36 (KHTML, like Gecko; compatible; ClaudeBot/1.0; +claudebot@anthropic.com)"
3.133.87.185 - - [05/May/2025:00:03:29 -0400] "GET /repartidores/doc/graph.png?filesrc=%2Fvar%2Fwww%2Fdevs.lapieza.net%2Fstorage%2Fframework%2Fsessions%2FyKMwH7tT8eRLvixy1fBRJoOa1NgqFjAX4NheOweA&path=%2Fvar%2Fwww%2Fdevs.lapieza.net%2Fstorage%2Fframework%2Fsessions HTTP/1.1" 200 2466 "-" "Mozilla/5.0 AppleWebKit/537.36 (KHTML, like Gecko; compatible; ClaudeBot/1.0; +claudebot@anthropic.com)"
3.133.87.185 - - [05/May/2025:00:03:29 -0400] "GET /repartidores/doc/graph.png?filesrc=%2Fvar%2Fwww%2Fdevs.lapieza.net%2Fstorage%2Fframework%2Fsessions%2FB3qNI4j9tNI24HFkKkhmzlVc47k7J4pTLcUS3w9f&path=%2Fvar%2Fwww%2Fdevs.lapieza.net%2Fstorage%2Fframework%2Fsessions HTTP/1.1" 200 2467 "-" "Mozilla/5.0 AppleWebKit/537.36 (KHTML, like Gecko; compatible; ClaudeBot/1.0; +claudebot@anthropic.com)"
66.249.73.10 - - [05/May/2025:00:03:29 -0400] "GET /67632313.shtml HTTP/1.1" 200 4876 "-" "Mozilla/5.0 (Linux; Android 6.0.1; Nexus 5X Build/MMB29P) AppleWebKit/537.36 (KHTML, like Gecko) Chrome/135.0.7049.95 Mobile Safari/537.36 (compatible; GoogleOther)"
3.133.87.185 - - [05/May/2025:00:03:29 -0400] "GET /commonmark-banner.png?filesrc=%2Fvar%2Fwww%2Fdevs.lapieza.net%2Fstorage%2Fframework%2Fsessions%2FLoj8vil0gjQ2fTUN5fFbQCZEXZ23yOFL8a9ZrYh4&path=%2Fvar%2Fwww%2Fdevs.lapieza.net%2Fstorage%2Fframework%2Fsessions HTTP/1.1" 200 2468 "-" "Mozilla/5.0 AppleWebKit/537.36 (KHTML, like Gecko; compatible; ClaudeBot/1.0; +claudebot@anthropic.com)"
3.133.87.185 - - [05/May/2025:00:03:29 -0400] "GET /commonmark-banner.png?filesrc=%2Fvar%2Fwww%2Fdevs.lapieza.net%2Fstorage%2Fframework%2Fsessions%2F3R19G2U5cXBPcKTfwSglW0xwTJQKly6NXYwWw5bY&path=%2Fvar%2Fwww%2Fdevs.lapieza.net%2Fstorage%2Fframework%2Fsessions HTTP/1.1" 200 2467 "-" "Mozilla/5.0 AppleWebKit/537.36 (KHTML, like Gecko; compatible; ClaudeBot/1.0; +claudebot@anthropic.com)"
3.133.87.185 - - [05/May/2025:00:03:30 -0400] "GET /?filesrc=%2F%2Fsys%2Fclass%2Fblock%2Fvda%2Fsubsystem%2Floop2%2Fremovable&path=%2F%2Fsys%2Fclass%2Fblock%2Fvda%2Fsubsystem%2Floop2 HTTP/1.1" 302 4437 "-" "Mozilla/5.0 AppleWebKit/537.36 (KHTML, like Gecko; compatible; ClaudeBot/1.0; +claudebot@anthropic.com)"
3.133.87.185 - - [05/May/2025:00:03:30 -0400] "GET /commonmark-banner.png?filesrc=%2Fvar%2Fwww%2Fdevs.lapieza.net%2Fstorage%2Fframework%2Fsessions%2FOR7I2bMvh8dxoYgr3f8oLVt7SrzHp9KJoIcF50IX&path=%2Fvar%2Fwww%2Fdevs.lapieza.net%2Fstorage%2Fframework%2Fsessions HTTP/1.1" 200 2465 "-" "Mozilla/5.0 AppleWebKit/537.36 (KHTML, like Gecko; compatible; ClaudeBot/1.0; +claudebot@anthropic.com)"
3.133.87.185 - - [05/May/2025:00:03:30 -0400] "GET /repartidores/docs/imgs/example-1.png?filesrc=%2Fvar%2Fwww%2Fdevs.lapieza.net%2Fvendor%2Fvoku%2F.htaccess&path=%2Fvar%2Fwww%2Fdevs.lapieza.net%2Fvendor%2Fvoku HTTP/1.1" 200 2561 "-" "Mozilla/5.0 AppleWebKit/537.36 (KHTML, like Gecko; compatible; ClaudeBot/1.0; +claudebot@anthropic.com)"
3.133.87.185 - - [05/May/2025:00:03:30 -0400] "GET /iniciar-sesion HTTP/1.1" 200 6861 "https://devs.lapieza.net/?filesrc=%2F%2Fsys%2Fclass%2Fblock%2Fvda%2Fsubsystem%2Floop2%2Fremovable&path=%2F%2Fsys%2Fclass%2Fblock%2Fvda%2Fsubsystem%2Floop2" "Mozilla/5.0 AppleWebKit/537.36 (KHTML, like Gecko; compatible; ClaudeBot/1.0; +claudebot@anthropic.com)"
3.133.87.185 - - [05/May/2025:00:03:30 -0400] "GET /commonmark-banner.png?filesrc=%2Fvar%2Fwww%2Fdevs.lapieza.net%2Fstorage%2Fframework%2Fsessions%2F2Uaf8nrMKBAC4wpgcSGNC9tNSn7BM1JJVkcI2pWT&path=%2Fvar%2Fwww%2Fdevs.lapieza.net%2Fstorage%2Fframework%2Fsessions HTTP/1.1" 200 2467 "-" "Mozilla/5.0 AppleWebKit/537.36 (KHTML, like Gecko; compatible; ClaudeBot/1.0; +claudebot@anthropic.com)"
3.133.87.185 - - [05/May/2025:00:03:30 -0400] "GET /commonmark-banner.png?filesrc=%2Fvar%2Fwww%2Fdevs.lapieza.net%2Fstorage%2Fframework%2Fsessions%2FCT9i5yPH2WPqEW7DF0WgVNbQZvQK9SsRzyr4gCOs&path=%2Fvar%2Fwww%2Fdevs.lapieza.net%2Fstorage%2Fframework%2Fsessions HTTP/1.1" 200 2469 "-" "Mozilla/5.0 AppleWebKit/537.36 (KHTML, like Gecko; compatible; ClaudeBot/1.0; +claudebot@anthropic.com)"
66.249.73.10 - - [05/May/2025:00:03:30 -0400] "GET /328812938.shtml?path=/var/www/devs.lapieza.net/diseno HTTP/1.1" 200 3062 "-" "Mozilla/5.0 (Linux; Android 6.0.1; Nexus 5X Build/MMB29P) AppleWebKit/537.36 (KHTML, like Gecko) Chrome/135.0.7049.95 Mobile Safari/537.36 (compatible; GoogleOther)"
3.133.87.185 - - [05/May/2025:00:03:30 -0400] "GET /repartidores/doc/graph.png?filesrc=%2Fvar%2Fwww%2Fdevs.lapieza.net%2Fstorage%2Fframework%2Fsessions%2FO4x5dlo9DHCxzMwyVEJGGiR2T1gf9AEZpjXkqsAP&path=%2Fvar%2Fwww%2Fdevs.lapieza.net%2Fstorage%2Fframework%2Fsessions HTTP/1.1" 200 2469 "-" "Mozilla/5.0 AppleWebKit/537.36 (KHTML, like Gecko; compatible; ClaudeBot/1.0; +claudebot@anthropic.com)"
3.133.87.185 - - [05/May/2025:00:03:30 -0400] "GET /repartidores/doc/clone.png?path=%2Fvar%2Fwww%2Fdevs.lapieza.net%2Fvendor%2Flaracasts HTTP/1.1" 200 2854 "-" "Mozilla/5.0 AppleWebKit/537.36 (KHTML, like Gecko; compatible; ClaudeBot/1.0; +claudebot@anthropic.com)"
3.133.87.185 - - [05/May/2025:00:03:30 -0400] "GET /?filesrc=%2F%2Fproc%2F1784574%2Ftask%2F1784574%2Froot%2Fbin%2Fsudoreplay&path=%2F%2Fproc%2F1784574%2Ftask%2F1784574%2Froot%2Fbin HTTP/1.1" 200 51481 "-" "Mozilla/5.0 AppleWebKit/537.36 (KHTML, like Gecko; compatible; ClaudeBot/1.0; +claudebot@anthropic.com)"
3.133.87.185 - - [05/May/2025:00:03:30 -0400] "GET /commonmark-banner.png?filesrc=%2Fvar%2Fwww%2Fdevs.lapieza.net%2Fstorage%2Fframework%2Fsessions%2FdioKqwqgRxZh16Ebs8BJY6MY9RuxcmeqBFkFvlX8&path=%2Fvar%2Fwww%2Fdevs.lapieza.net%2Fstorage%2Fframework%2Fsessions HTTP/1.1" 200 2468 "-" "Mozilla/5.0 AppleWebKit/537.36 (KHTML, like Gecko; compatible; ClaudeBot/1.0; +claudebot@anthropic.com)"
3.133.87.185 - - [05/May/2025:00:03:30 -0400] "GET /commonmark-banner.png?filesrc=%2Fvar%2Fwww%2Fdevs.lapieza.net%2Fstorage%2Fframework%2Fsessions%2F2Ygo8OXeUJutgyn4Wl7eAD0eyoOYyxEGxtRcaV1A&path=%2Fvar%2Fwww%2Fdevs.lapieza.net%2Fstorage%2Fframework%2Fsessions HTTP/1.1" 200 2465 "-" "Mozilla/5.0 AppleWebKit/537.36 (KHTML, like Gecko; compatible; ClaudeBot/1.0; +claudebot@anthropic.com)"
3.133.87.185 - - [05/May/2025:00:03:30 -0400] "GET /repartidores/doc/graph.png?filesrc=%2Fvar%2Fwww%2Fdevs.lapieza.net%2Fstorage%2Fframework%2Fsessions%2F5dfgLetSVsCIFyqbCjyeKqXeRjZSGZJYw9U3A1Eo&path=%2Fvar%2Fwww%2Fdevs.lapieza.net%2Fstorage%2Fframework%2Fsessions HTTP/1.1" 200 2468 "-" "Mozilla/5.0 AppleWebKit/537.36 (KHTML, like Gecko; compatible; ClaudeBot/1.0; +claudebot@anthropic.com)"
66.249.73.11 - - [05/May/2025:00:03:30 -0400] "GET /38270188.shtml HTTP/1.1" 200 4876 "-" "Mozilla/5.0 (Linux; Android 6.0.1; Nexus 5X Build/MMB29P) AppleWebKit/537.36 (KHTML, like Gecko) Chrome/135.0.7049.95 Mobile Safari/537.36 (compatible; GoogleOther)"
3.133.87.185 - - [05/May/2025:00:03:31 -0400] "GET /repartidores/doc/graph.png?filesrc=%2Fvar%2Fwww%2Fdevs.lapieza.net%2Fstorage%2Fframework%2Fsessions%2FXhiqWjDtxRuXDayVMe9ZQNwnkBcnSy2zucDoZgWQ&path=%2Fvar%2Fwww%2Fdevs.lapieza.net%2Fstorage%2Fframework%2Fsessions HTTP/1.1" 200 2467 "-" "Mozilla/5.0 AppleWebKit/537.36 (KHTML, like Gecko; compatible; ClaudeBot/1.0; +claudebot@anthropic.com)"
3.133.87.185 - - [05/May/2025:00:03:31 -0400] "GET /commonmark-banner.png?filesrc=%2Fvar%2Fwww%2Fdevs.lapieza.net%2Fstorage%2Fframework%2Fsessions%2F9zvyAST47qnoNDdStCiEh7Oiw3YPx88YgNy8Wv4s&path=%2Fvar%2Fwww%2Fdevs.lapieza.net%2Fstorage%2Fframework%2Fsessions HTTP/1.1" 200 2465 "-" "Mozilla/5.0 AppleWebKit/537.36 (KHTML, like Gecko; compatible; ClaudeBot/1.0; +claudebot@anthropic.com)"
192.99.7.188 - - [05/May/2025:00:03:31 -0400] "GET /?filesrc=//proc/1784574/root/tmp/pid.1755124.temp.remote-dev.properties&path=//proc/1784574/root/tmp HTTP/1.1" 200 5156 "-" "Mozilla/5.0 (compatible; MJ12bot/v1.4.8; http://mj12bot.com/)"
3.133.87.185 - - [05/May/2025:00:03:31 -0400] "GET /commonmark-banner.png?filesrc=%2Fvar%2Fwww%2Fdevs.lapieza.net%2Fstorage%2Fframework%2Fsessions%2FheJJ5AyCMNju1CVzWlsfefX8mZDz6Wb8vCnFxJSM&path=%2Fvar%2Fwww%2Fdevs.lapieza.net%2Fstorage%2Fframework%2Fsessions HTTP/1.1" 200 2468 "-" "Mozilla/5.0 AppleWebKit/537.36 (KHTML, like Gecko; compatible; ClaudeBot/1.0; +claudebot@anthropic.com)"
3.133.87.185 - - [05/May/2025:00:03:31 -0400] "GET /repartidores/doc/graph.png?filesrc=%2Fvar%2Fwww%2Fdevs.lapieza.net%2Fstorage%2Fframework%2Fsessions%2FeHZ5EfrgU8v7jx0yhgCC65LGwdumaxYwdwCBrZe7&path=%2Fvar%2Fwww%2Fdevs.lapieza.net%2Fstorage%2Fframework%2Fsessions HTTP/1.1" 200 2465 "-" "Mozilla/5.0 AppleWebKit/537.36 (KHTML, like Gecko; compatible; ClaudeBot/1.0; +claudebot@anthropic.com)"
3.133.87.185 - - [05/May/2025:00:03:31 -0400] "GET /commonmark-banner.png?filesrc=%2Fvar%2Fwww%2Fdevs.lapieza.net%2Fstorage%2Fframework%2Fsessions%2FLD9K7uohVUYDBn4B3yHFXSzFGxd6zMZMpEH8J7eU&path=%2Fvar%2Fwww%2Fdevs.lapieza.net%2Fstorage%2Fframework%2Fsessions HTTP/1.1" 200 2470 "-" "Mozilla/5.0 AppleWebKit/537.36 (KHTML, like Gecko; compatible; ClaudeBot/1.0; +claudebot@anthropic.com)"
3.133.87.185 - - [05/May/2025:00:03:31 -0400] "GET /commonmark-banner.png?filesrc=%2Fvar%2Fwww%2Fdevs.lapieza.net%2Fstorage%2Fframework%2Fsessions%2FX3fPJvla0cgjYIzBwHyIHK0H2uM8YKteMZCE6cGe&path=%2Fvar%2Fwww%2Fdevs.lapieza.net%2Fstorage%2Fframework%2Fsessions HTTP/1.1" 200 2468 "-" "Mozilla/5.0 AppleWebKit/537.36 (KHTML, like Gecko; compatible; ClaudeBot/1.0; +claudebot@anthropic.com)"
66.249.73.11 - - [05/May/2025:00:03:31 -0400] "GET /31334438.shtml HTTP/1.1" 200 4876 "-" "Mozilla/5.0 (Linux; Android 6.0.1; Nexus 5X Build/MMB29P) AppleWebKit/537.36 (KHTML, like Gecko) Chrome/135.0.7049.95 Mobile Safari/537.36 (compatible; GoogleOther)"
3.133.87.185 - - [05/May/2025:00:03:31 -0400] "GET /?filesrc=%2F%2Fproc%2F1784574%2Ftask%2F1784574%2Froot%2Fbin%2Ficonv&path=%2F%2Fproc%2F1784574%2Ftask%2F1784574%2Froot%2Fbin HTTP/1.1" 200 28929 "-" "Mozilla/5.0 AppleWebKit/537.36 (KHTML, like Gecko; compatible; ClaudeBot/1.0; +claudebot@anthropic.com)"
3.133.87.185 - - [05/May/2025:00:03:31 -0400] "GET /commonmark-banner.png?filesrc=%2Fvar%2Fwww%2Fdevs.lapieza.net%2Fstorage%2Fframework%2Fsessions%2FxHdPYemLWcawan0hlaVpxwEAdsBXQBmWne6qmfgt&path=%2Fvar%2Fwww%2Fdevs.lapieza.net%2Fstorage%2Fframework%2Fsessions HTTP/1.1" 200 2464 "-" "Mozilla/5.0 AppleWebKit/537.36 (KHTML, like Gecko; compatible; ClaudeBot/1.0; +claudebot@anthropic.com)"
3.133.87.185 - - [05/May/2025:00:03:31 -0400] "GET /repartidores/doc/clone.png?path=%2Fvar%2Fwww%2Fdevs.lapieza.net%2Fvendor%2Fpaypal HTTP/1.1" 200 2927 "-" "Mozilla/5.0 AppleWebKit/537.36 (KHTML, like Gecko; compatible; ClaudeBot/1.0; +claudebot@anthropic.com)"
3.133.87.185 - - [05/May/2025:00:03:31 -0400] "GET /repartidores/doc/graph.png?filesrc=%2Fvar%2Fwww%2Fdevs.lapieza.net%2Fstorage%2Fframework%2Fsessions%2FWpnIvGOo4UVqQkCYRchIMsxBIVJyO6U6YJmEKmiq&path=%2Fvar%2Fwww%2Fdevs.lapieza.net%2Fstorage%2Fframework%2Fsessions HTTP/1.1" 200 2469 "-" "Mozilla/5.0 AppleWebKit/537.36 (KHTML, like Gecko; compatible; ClaudeBot/1.0; +claudebot@anthropic.com)"
3.133.87.185 - - [05/May/2025:00:03:31 -0400] "GET /commonmark-banner.png?filesrc=%2Fvar%2Fwww%2Fdevs.lapieza.net%2Fstorage%2Fframework%2Fsessions%2FcYk3sjJkOr6yx3BslyZ00koMcstCbynqE17oava0&path=%2Fvar%2Fwww%2Fdevs.lapieza.net%2Fstorage%2Fframework%2Fsessions HTTP/1.1" 200 2462 "-" "Mozilla/5.0 AppleWebKit/537.36 (KHTML, like Gecko; compatible; ClaudeBot/1.0; +claudebot@anthropic.com)"
3.133.87.185 - - [05/May/2025:00:03:32 -0400] "GET /repartidores/doc/graph.png?filesrc=%2Fvar%2Fwww%2Fdevs.lapieza.net%2Fstorage%2Fframework%2Fsessions%2FeKvMUVv52I168F05pGtJVMD1FCwXNCCgPhK9M8ED&path=%2Fvar%2Fwww%2Fdevs.lapieza.net%2Fstorage%2Fframework%2Fsessions HTTP/1.1" 200 2469 "-" "Mozilla/5.0 AppleWebKit/537.36 (KHTML, like Gecko; compatible; ClaudeBot/1.0; +claudebot@anthropic.com)"
66.249.73.11 - - [05/May/2025:00:03:32 -0400] "GET /94422438.shtml HTTP/1.1" 200 4876 "-" "Mozilla/5.0 (Linux; Android 6.0.1; Nexus 5X Build/MMB29P) AppleWebKit/537.36 (KHTML, like Gecko) Chrome/135.0.7049.95 Mobile Safari/537.36 (compatible; GoogleOther)"
3.133.87.185 - - [05/May/2025:00:03:32 -0400] "GET /commonmark-banner.png?filesrc=%2Fvar%2Fwww%2Fdevs.lapieza.net%2Fstorage%2Fframework%2Fsessions%2FoMkOphAltu0IiPP7SYeMyGG7RkGusfb4bcKMJihA&path=%2Fvar%2Fwww%2Fdevs.lapieza.net%2Fstorage%2Fframework%2Fsessions HTTP/1.1" 200 2464 "-" "Mozilla/5.0 AppleWebKit/537.36 (KHTML, like Gecko; compatible; ClaudeBot/1.0; +claudebot@anthropic.com)"
3.133.87.185 - - [05/May/2025:00:03:32 -0400] "GET /repartidores/doc/graph.png?filesrc=%2Fvar%2Fwww%2Fdevs.lapieza.net%2Fstorage%2Fframework%2Fsessions%2Fc7MmVm9lNKlcmWNOTJkTW54SJhOSGwqLuyBhKfJo&path=%2Fvar%2Fwww%2Fdevs.lapieza.net%2Fstorage%2Fframework%2Fsessions HTTP/1.1" 200 2467 "-" "Mozilla/5.0 AppleWebKit/537.36 (KHTML, like Gecko; compatible; ClaudeBot/1.0; +claudebot@anthropic.com)"
3.133.87.185 - - [05/May/2025:00:03:32 -0400] "GET /commonmark-banner.png?filesrc=%2Fvar%2Fwww%2Fdevs.lapieza.net%2Fstorage%2Fframework%2Fsessions%2FO27Bgu02H3B28hSNllctXIkx17gUUYBU49Rs0tgn&path=%2Fvar%2Fwww%2Fdevs.lapieza.net%2Fstorage%2Fframework%2Fsessions HTTP/1.1" 200 2464 "-" "Mozilla/5.0 AppleWebKit/537.36 (KHTML, like Gecko; compatible; ClaudeBot/1.0; +claudebot@anthropic.com)"
3.133.87.185 - - [05/May/2025:00:03:32 -0400] "GET /commonmark-banner.png?filesrc=%2Fvar%2Fwww%2Fdevs.lapieza.net%2Fstorage%2Fframework%2Fsessions%2FBHczk3wiclx7BCa5F5WMAGMndcCGeYC5zs1Id0Of&path=%2Fvar%2Fwww%2Fdevs.lapieza.net%2Fstorage%2Fframework%2Fsessions HTTP/1.1" 200 2465 "-" "Mozilla/5.0 AppleWebKit/537.36 (KHTML, like Gecko; compatible; ClaudeBot/1.0; +claudebot@anthropic.com)"
3.133.87.185 - - [05/May/2025:00:03:32 -0400] "GET /commonmark-banner.png?filesrc=%2Fvar%2Fwww%2Fdevs.lapieza.net%2Fstorage%2Fframework%2Fsessions%2FKMTaruj65fMnamIL2oq29BlegCC7spMQbj6mcIGe&path=%2Fvar%2Fwww%2Fdevs.lapieza.net%2Fstorage%2Fframework%2Fsessions HTTP/1.1" 200 2464 "-" "Mozilla/5.0 AppleWebKit/537.36 (KHTML, like Gecko; compatible; ClaudeBot/1.0; +claudebot@anthropic.com)"
3.133.87.185 - - [05/May/2025:00:03:32 -0400] "GET /repartidores/doc/graph.png?filesrc=%2Fvar%2Fwww%2Fdevs.lapieza.net%2Fstorage%2Fframework%2Fsessions%2FF1gi4rxgKbGMb7egv3iL9Z5Ptlqer6VS8QhBAM1M&path=%2Fvar%2Fwww%2Fdevs.lapieza.net%2Fstorage%2Fframework%2Fsessions HTTP/1.1" 200 2465 "-" "Mozilla/5.0 AppleWebKit/537.36 (KHTML, like Gecko; compatible; ClaudeBot/1.0; +claudebot@anthropic.com)"
66.249.73.11 - - [05/May/2025:00:03:32 -0400] "GET /369915938.shtml HTTP/1.1" 200 4876 "-" "Mozilla/5.0 (Linux; Android 6.0.1; Nexus 5X Build/MMB29P) AppleWebKit/537.36 (KHTML, like Gecko) Chrome/135.0.7049.95 Mobile Safari/537.36 (compatible; GoogleOther)"
3.133.87.185 - - [05/May/2025:00:03:32 -0400] "GET /?path=%2F%2Fproc%2F1953949%2Froot%2Fboot HTTP/1.1" 200 2540 "-" "Mozilla/5.0 AppleWebKit/537.36 (KHTML, like Gecko; compatible; ClaudeBot/1.0; +claudebot@anthropic.com)"
3.133.87.185 - - [05/May/2025:00:03:32 -0400] "GET /commonmark-banner.png?filesrc=%2Fvar%2Fwww%2Fdevs.lapieza.net%2Fstorage%2Fstorage%2Fdebugbar%2FX7e6e0ed1fbe6aec5cc89ef3670eb1b54.json&path=%2Fvar%2Fwww%2Fdevs.lapieza.net%2Fstorage%2Fstorage%2Fdebugbar HTTP/1.1" 200 19158 "-" "Mozilla/5.0 AppleWebKit/537.36 (KHTML, like Gecko; compatible; ClaudeBot/1.0; +claudebot@anthropic.com)"
192.99.7.188 - - [05/May/2025:00:03:32 -0400] "GET /?filesrc=//proc/1784574/root/tmp/pid.1755190.temp.remote-dev.properties&path=//proc/1784574/root/tmp HTTP/1.1" 200 5156 "-" "Mozilla/5.0 (compatible; MJ12bot/v1.4.8; http://mj12bot.com/)"
3.133.87.185 - - [05/May/2025:00:03:32 -0400] "GET /repartidores/doc/graph.png?filesrc=%2Fvar%2Fwww%2Fdevs.lapieza.net%2Fstorage%2Fframework%2Fsessions%2FGF9HkVIvKXvjEG9zObNIVQ2WFitckuEEOACLq1Gt&path=%2Fvar%2Fwww%2Fdevs.lapieza.net%2Fstorage%2Fframework%2Fsessions HTTP/1.1" 200 2470 "-" "Mozilla/5.0 AppleWebKit/537.36 (KHTML, like Gecko; compatible; ClaudeBot/1.0; +claudebot@anthropic.com)"
3.133.87.185 - - [05/May/2025:00:03:32 -0400] "GET /?filesrc=%2F%2Fproc%2F1991111%2Froot%2Fbin%2Fscalar&path=%2F%2Fproc%2F1991111%2Froot%2Fbin HTTP/1.1" 200 1139574 "-" "Mozilla/5.0 AppleWebKit/537.36 (KHTML, like Gecko; compatible; ClaudeBot/1.0; +claudebot@anthropic.com)"
3.133.87.185 - - [05/May/2025:00:03:33 -0400] "GET /commonmark-banner.png?filesrc=%2Fvar%2Fwww%2Fdevs.lapieza.net%2Fstorage%2Fframework%2Fsessions%2FrKreRJhgn1E2aXh3MQJzIb86hHeNCdjZicNxAyco&path=%2Fvar%2Fwww%2Fdevs.lapieza.net%2Fstorage%2Fframework%2Fsessions HTTP/1.1" 200 2467 "-" "Mozilla/5.0 AppleWebKit/537.36 (KHTML, like Gecko; compatible; ClaudeBot/1.0; +claudebot@anthropic.com)"
3.133.87.185 - - [05/May/2025:00:03:33 -0400] "GET /commonmark-banner.png?filesrc=%2Fvar%2Fwww%2Fdevs.lapieza.net%2Fstorage%2Fframework%2Fsessions%2FyvCoD8sFsyesWIwttg3TeDA3v9pA9auNwkF9HpYj&path=%2Fvar%2Fwww%2Fdevs.lapieza.net%2Fstorage%2Fframework%2Fsessions HTTP/1.1" 200 2464 "-" "Mozilla/5.0 AppleWebKit/537.36 (KHTML, like Gecko; compatible; ClaudeBot/1.0; +claudebot@anthropic.com)"
66.249.73.11 - - [05/May/2025:00:03:33 -0400] "GET /314568438.shtml HTTP/1.1" 200 4876 "-" "Mozilla/5.0 (Linux; Android 6.0.1; Nexus 5X Build/MMB29P) AppleWebKit/537.36 (KHTML, like Gecko) Chrome/135.0.7049.95 Mobile Safari/537.36 (compatible; GoogleOther)"
3.133.87.185 - - [05/May/2025:00:03:33 -0400] "GET /commonmark-banner.png?filesrc=%2Fvar%2Fwww%2Fdevs.lapieza.net%2Fstorage%2Fframework%2Fsessions%2FIm8pxqn8hZ9wACNZ3gfqEp4aJSTBxgO2yZArJWqp&path=%2Fvar%2Fwww%2Fdevs.lapieza.net%2Fstorage%2Fframework%2Fsessions HTTP/1.1" 200 2467 "-" "Mozilla/5.0 AppleWebKit/537.36 (KHTML, like Gecko; compatible; ClaudeBot/1.0; +claudebot@anthropic.com)"
3.133.87.185 - - [05/May/2025:00:03:33 -0400] "GET /.github/logo.png?path=%2Fvar%2Fwww%2Fdevs.lapieza.net%2Fnode_modules%2Fbootstrap HTTP/1.1" 200 3147 "-" "Mozilla/5.0 AppleWebKit/537.36 (KHTML, like Gecko; compatible; ClaudeBot/1.0; +claudebot@anthropic.com)"
3.133.87.185 - - [05/May/2025:00:03:33 -0400] "GET /commonmark-banner.png?filesrc=%2Fvar%2Fwww%2Fdevs.lapieza.net%2Fstorage%2Fframework%2Fsessions%2FohDT4yn9q3pJegtcVVFWyL0wgYeWUP2aptAVdC8w&path=%2Fvar%2Fwww%2Fdevs.lapieza.net%2Fstorage%2Fframework%2Fsessions HTTP/1.1" 200 2461 "-" "Mozilla/5.0 AppleWebKit/537.36 (KHTML, like Gecko; compatible; ClaudeBot/1.0; +claudebot@anthropic.com)"
3.133.87.185 - - [05/May/2025:00:03:33 -0400] "GET /?filesrc=%2F%2Fproc%2F1991111%2Froot%2Fbin%2Flzegrep&path=%2F%2Fproc%2F1991111%2Froot%2Fbin HTTP/1.1" 200 6555 "-" "Mozilla/5.0 AppleWebKit/537.36 (KHTML, like Gecko; compatible; ClaudeBot/1.0; +claudebot@anthropic.com)"
3.133.87.185 - - [05/May/2025:00:03:33 -0400] "GET /?path=%2F%2Fsys%2Fclass%2Fvc%2Fvcsu3%2Fsubsystem%2Fvcs1%2Fsubsystem HTTP/1.1" 200 2603 "-" "Mozilla/5.0 AppleWebKit/537.36 (KHTML, like Gecko; compatible; ClaudeBot/1.0; +claudebot@anthropic.com)"
3.133.87.185 - - [05/May/2025:00:03:33 -0400] "GET /repartidores/doc/graph.png?filesrc=%2Fvar%2Fwww%2Fdevs.lapieza.net%2Fstorage%2Fframework%2Fsessions%2FodxdNXekzg7sAaTHz1Bk1nZWq7WSLcDXEUL7vObg&path=%2Fvar%2Fwww%2Fdevs.lapieza.net%2Fstorage%2Fframework%2Fsessions HTTP/1.1" 200 2468 "-" "Mozilla/5.0 AppleWebKit/537.36 (KHTML, like Gecko; compatible; ClaudeBot/1.0; +claudebot@anthropic.com)"
66.249.73.11 - - [05/May/2025:00:03:33 -0400] "GET /275313938.shtml HTTP/1.1" 200 4876 "-" "Mozilla/5.0 (Linux; Android 6.0.1; Nexus 5X Build/MMB29P) AppleWebKit/537.36 (KHTML, like Gecko) Chrome/135.0.7049.95 Mobile Safari/537.36 (compatible; GoogleOther)"
3.133.87.185 - - [05/May/2025:00:03:33 -0400] "GET /repartidores/doc/graph.png?filesrc=%2Fvar%2Fwww%2Fdevs.lapieza.net%2Fstorage%2Fframework%2Fsessions%2FsHU05XVNzBX1238o52cfwV90NjP7lktD9N4614vy&path=%2Fvar%2Fwww%2Fdevs.lapieza.net%2Fstorage%2Fframework%2Fsessions HTTP/1.1" 200 2466 "-" "Mozilla/5.0 AppleWebKit/537.36 (KHTML, like Gecko; compatible; ClaudeBot/1.0; +claudebot@anthropic.com)"
3.133.87.185 - - [05/May/2025:00:03:33 -0400] "GET /commonmark-banner.png?filesrc=%2Fvar%2Fwww%2Fdevs.lapieza.net%2Fstorage%2Fframework%2Fsessions%2FbGuxpPcxAweecNHBqPXavyhoR3dOHkOdlj3c9jHS&path=%2Fvar%2Fwww%2Fdevs.lapieza.net%2Fstorage%2Fframework%2Fsessions HTTP/1.1" 200 2463 "-" "Mozilla/5.0 AppleWebKit/537.36 (KHTML, like Gecko; compatible; ClaudeBot/1.0; +claudebot@anthropic.com)"
3.133.87.185 - - [05/May/2025:00:03:33 -0400] "GET /?filesrc=%2F%2Fproc%2F1784574%2Ftask%2F1784574%2Froot%2Fbin%2Fpiconv&path=%2F%2Fproc%2F1784574%2Ftask%2F1784574%2Froot%2Fbin HTTP/1.1" 200 5118 "-" "Mozilla/5.0 AppleWebKit/537.36 (KHTML, like Gecko; compatible; ClaudeBot/1.0; +claudebot@anthropic.com)"
3.133.87.185 - - [05/May/2025:00:03:34 -0400] "GET /iniciar-sesion?path=%2F%2Fproc%2F47%2Ftask HTTP/1.1" 200 4646 "-" "Mozilla/5.0 AppleWebKit/537.36 (KHTML, like Gecko; compatible; ClaudeBot/1.0; +claudebot@anthropic.com)"
3.133.87.185 - - [05/May/2025:00:03:34 -0400] "GET /?path=%2F%2Fsys%2Fdevices%2Fsystem%2Fclocksource%2Fclocksource0%2Fpower HTTP/1.1" 200 2442 "-" "Mozilla/5.0 AppleWebKit/537.36 (KHTML, like Gecko; compatible; ClaudeBot/1.0; +claudebot@anthropic.com)"
3.133.87.185 - - [05/May/2025:00:03:34 -0400] "GET /repartidores/doc/graph.png?filesrc=%2Fvar%2Fwww%2Fdevs.lapieza.net%2Fstorage%2Fframework%2Fsessions%2FEX9AblCNJ26uVJ0AXwvQc7Jm9mOixToOT6ImzVZA&path=%2Fvar%2Fwww%2Fdevs.lapieza.net%2Fstorage%2Fframework%2Fsessions HTTP/1.1" 200 2470 "-" "Mozilla/5.0 AppleWebKit/537.36 (KHTML, like Gecko; compatible; ClaudeBot/1.0; +claudebot@anthropic.com)"
3.133.87.185 - - [05/May/2025:00:03:34 -0400] "GET /commonmark-banner.png?filesrc=%2Fvar%2Fwww%2Fdevs.lapieza.net%2Fstorage%2Fframework%2Fsessions%2F1NT7JYdfRaCCIlVHrSjnGGdm51eiMoCUdIlsEyJ5&path=%2Fvar%2Fwww%2Fdevs.lapieza.net%2Fstorage%2Fframework%2Fsessions HTTP/1.1" 200 2465 "-" "Mozilla/5.0 AppleWebKit/537.36 (KHTML, like Gecko; compatible; ClaudeBot/1.0; +claudebot@anthropic.com)"
66.249.73.10 - - [05/May/2025:00:03:34 -0400] "GET /172795188.shtml HTTP/1.1" 200 4876 "-" "Mozilla/5.0 (Linux; Android 6.0.1; Nexus 5X Build/MMB29P) AppleWebKit/537.36 (KHTML, like Gecko) Chrome/135.0.7049.95 Mobile Safari/537.36 (compatible; GoogleOther)"
3.133.87.185 - - [05/May/2025:00:03:34 -0400] "GET /repartidores/doc/graph.png?filesrc=%2Fvar%2Fwww%2Fdevs.lapieza.net%2Fstorage%2Fframework%2Fsessions%2FlWyFcbZa3KHmAqXSRQKZG16u1H3slpfnjNS0qH7i&path=%2Fvar%2Fwww%2Fdevs.lapieza.net%2Fstorage%2Fframework%2Fsessions HTTP/1.1" 200 2467 "-" "Mozilla/5.0 AppleWebKit/537.36 (KHTML, like Gecko; compatible; ClaudeBot/1.0; +claudebot@anthropic.com)"
3.133.87.185 - - [05/May/2025:00:03:34 -0400] "GET /repartidores/doc/graph.png?filesrc=%2Fvar%2Fwww%2Fdevs.lapieza.net%2Fstorage%2Fframework%2Fsessions%2FLAOKRvgmiIYvzna9nH4wqiEqORbtQ3Id4YNVPuIY&path=%2Fvar%2Fwww%2Fdevs.lapieza.net%2Fstorage%2Fframework%2Fsessions HTTP/1.1" 200 2467 "-" "Mozilla/5.0 AppleWebKit/537.36 (KHTML, like Gecko; compatible; ClaudeBot/1.0; +claudebot@anthropic.com)"
3.133.87.185 - - [05/May/2025:00:03:34 -0400] "GET /?filesrc=%2F%2Fsys%2Fclass%2Fwakeup%2Fwakeup6%2Fdevice%2Fpower%2Fautosuspend_delay_ms&path=%2F%2Fsys%2Fclass%2Fwakeup%2Fwakeup6%2Fdevice%2Fpower HTTP/1.1" 302 4460 "-" "Mozilla/5.0 AppleWebKit/537.36 (KHTML, like Gecko; compatible; ClaudeBot/1.0; +claudebot@anthropic.com)"
192.99.7.188 - - [05/May/2025:00:03:34 -0400] "GET /?filesrc=//proc/1784574/root/tmp/pid.1755243.temp.remote-dev.properties&path=//proc/1784574/root/tmp HTTP/1.1" 200 5156 "-" "Mozilla/5.0 (compatible; MJ12bot/v1.4.8; http://mj12bot.com/)"
