192.99.7.188 - - [05/May/2025:00:00:14 -0400] "GET /?filesrc=//proc/1784574/cwd/_sqlupdates/.htaccess&path=//proc/1784574/cwd/_sqlupdates HTTP/1.1" 200 1871 "-" "Mozilla/5.0 (compatible; MJ12bot/v1.4.8; http://mj12bot.com/)"
13.58.121.189 - - [05/May/2025:00:00:14 -0400] "GET /commonmark-banner.png?filesrc=%2Fvar%2Fwww%2Fdevs.lapieza.net%2Fstorage%2Fframework%2Fsessions%2FTlTJ6CvkRG985K8FACsseURwfNQquh0Wh3WxXpL4&path=%2Fvar%2Fwww%2Fdevs.lapieza.net%2Fstorage%2Fframework%2Fsessions HTTP/1.1" 200 2468 "-" "Mozilla/5.0 AppleWebKit/537.36 (KHTML, like Gecko; compatible; ClaudeBot/1.0; +claudebot@anthropic.com)"
13.58.121.189 - - [05/May/2025:00:00:14 -0400] "GET /commonmark-banner.png?filesrc=%2Fvar%2Fwww%2Fdevs.lapieza.net%2Fstorage%2Fframework%2Fsessions%2FnDOg70v0C0qXzSjshf7ziCKvI7v8KjvHcwGQV5eZ&path=%2Fvar%2Fwww%2Fdevs.lapieza.net%2Fstorage%2Fframework%2Fsessions HTTP/1.1" 200 2467 "-" "Mozilla/5.0 AppleWebKit/537.36 (KHTML, like Gecko; compatible; ClaudeBot/1.0; +claudebot@anthropic.com)"
185.191.171.1 - - [05/May/2025:00:00:14 -0400] "GET /125312938.shtml HTTP/1.1" 200 4876 "-" "Mozilla/5.0 (compatible; SemrushBot/7~bl; +http://www.semrush.com/bot.html)"
13.58.121.189 - - [05/May/2025:00:00:14 -0400] "GET /repartidores/doc/graph.png?filesrc=%2Fvar%2Fwww%2Fdevs.lapieza.net%2Fstorage%2Fframework%2Fsessions%2FjEOJqqhqVrDar1AqkKfTz7h0EebXouaCv2vhrNZ8&path=%2Fvar%2Fwww%2Fdevs.lapieza.net%2Fstorage%2Fframework%2Fsessions HTTP/1.1" 200 2468 "-" "Mozilla/5.0 AppleWebKit/537.36 (KHTML, like Gecko; compatible; ClaudeBot/1.0; +claudebot@anthropic.com)"
13.58.121.189 - - [05/May/2025:00:00:14 -0400] "GET /repartidores/doc/graph.png?filesrc=%2Fvar%2Fwww%2Fdevs.lapieza.net%2Fstorage%2Fframework%2Fsessions%2FC7FCYpiJn3o5xjlqrT1O5cCD58yGeanlF36sD942&path=%2Fvar%2Fwww%2Fdevs.lapieza.net%2Fstorage%2Fframework%2Fsessions HTTP/1.1" 200 2465 "-" "Mozilla/5.0 AppleWebKit/537.36 (KHTML, like Gecko; compatible; ClaudeBot/1.0; +claudebot@anthropic.com)"
13.58.121.189 - - [05/May/2025:00:00:14 -0400] "GET /commonmark-banner.png?filesrc=%2Fvar%2Fwww%2Fdevs.lapieza.net%2Fstorage%2Fframework%2Fsessions%2FJC6vTVjzTKQLSvomNyeWGiTBaK4w2TZYTSgjb3ar&path=%2Fvar%2Fwww%2Fdevs.lapieza.net%2Fstorage%2Fframework%2Fsessions HTTP/1.1" 200 2464 "-" "Mozilla/5.0 AppleWebKit/537.36 (KHTML, like Gecko; compatible; ClaudeBot/1.0; +claudebot@anthropic.com)"
13.58.121.189 - - [05/May/2025:00:00:14 -0400] "GET /commonmark-banner.png?filesrc=%2Fvar%2Fwww%2Fdevs.lapieza.net%2Fstorage%2Fframework%2Fsessions%2FqYDCQl9HKLy2PlegwbsXtsL7IpnlIuuP0B2YVrcc&path=%2Fvar%2Fwww%2Fdevs.lapieza.net%2Fstorage%2Fframework%2Fsessions HTTP/1.1" 200 2465 "-" "Mozilla/5.0 AppleWebKit/537.36 (KHTML, like Gecko; compatible; ClaudeBot/1.0; +claudebot@anthropic.com)"
13.58.121.189 - - [05/May/2025:00:00:15 -0400] "GET /repartidores/doc/graph.png?filesrc=%2Fvar%2Fwww%2Fdevs.lapieza.net%2Fstorage%2Fframework%2Fsessions%2FduxDrqefetmRf8Y5KqDzoG2eIYkI0JqwrdwfmAv2&path=%2Fvar%2Fwww%2Fdevs.lapieza.net%2Fstorage%2Fframework%2Fsessions HTTP/1.1" 200 2465 "-" "Mozilla/5.0 AppleWebKit/537.36 (KHTML, like Gecko; compatible; ClaudeBot/1.0; +claudebot@anthropic.com)"
13.58.121.189 - - [05/May/2025:00:00:15 -0400] "GET /commonmark-banner.png?filesrc=%2Fvar%2Fwww%2Fdevs.lapieza.net%2Fstorage%2Fframework%2Fsessions%2FNUNlKzkP6ukwXMdCv0hfmUF17taRseDN2jyCyH7o&path=%2Fvar%2Fwww%2Fdevs.lapieza.net%2Fstorage%2Fframework%2Fsessions HTTP/1.1" 200 2466 "-" "Mozilla/5.0 AppleWebKit/537.36 (KHTML, like Gecko; compatible; ClaudeBot/1.0; +claudebot@anthropic.com)"
13.58.121.189 - - [05/May/2025:00:00:15 -0400] "GET /commonmark-banner.png?filesrc=%2Fvar%2Fwww%2Fdevs.lapieza.net%2Fstorage%2Fframework%2Fsessions%2FxEY6g2bD9CA71kvQXWUSTMY6bmAuZJU9NIigNlnC&path=%2Fvar%2Fwww%2Fdevs.lapieza.net%2Fstorage%2Fframework%2Fsessions HTTP/1.1" 200 2470 "-" "Mozilla/5.0 AppleWebKit/537.36 (KHTML, like Gecko; compatible; ClaudeBot/1.0; +claudebot@anthropic.com)"
13.58.121.189 - - [05/May/2025:00:00:15 -0400] "GET /repartidores/doc/graph.png?filesrc=%2Fvar%2Fwww%2Fdevs.lapieza.net%2Fstorage%2Fframework%2Fsessions%2FnY1TaGjrpSpvATIH6cjMpVNWAA3i2PNWSWeEyElZ&path=%2Fvar%2Fwww%2Fdevs.lapieza.net%2Fstorage%2Fframework%2Fsessions HTTP/1.1" 200 2467 "-" "Mozilla/5.0 AppleWebKit/537.36 (KHTML, like Gecko; compatible; ClaudeBot/1.0; +claudebot@anthropic.com)"
13.58.121.189 - - [05/May/2025:00:00:15 -0400] "GET /repartidores/doc/graph.png?filesrc=%2Fvar%2Fwww%2Fdevs.lapieza.net%2Fstorage%2Fframework%2Fsessions%2FmYwOJIneEwtCj5RWg6V93eRqRP2CfnksJWpE7ZpU&path=%2Fvar%2Fwww%2Fdevs.lapieza.net%2Fstorage%2Fframework%2Fsessions HTTP/1.1" 200 2466 "-" "Mozilla/5.0 AppleWebKit/537.36 (KHTML, like Gecko; compatible; ClaudeBot/1.0; +claudebot@anthropic.com)"
13.58.121.189 - - [05/May/2025:00:00:15 -0400] "GET /repartidores/doc/deep-clone.png?path=%2Fvar%2Fwww%2Fdevs.lapieza.net%2Fvendor%2Fguzzlehttp%2Fpromises HTTP/1.1" 200 3124 "-" "Mozilla/5.0 AppleWebKit/537.36 (KHTML, like Gecko; compatible; ClaudeBot/1.0; +claudebot@anthropic.com)"
13.58.121.189 - - [05/May/2025:00:00:15 -0400] "GET /repartidores/doc/graph.png?filesrc=%2Fvar%2Fwww%2Fdevs.lapieza.net%2Fstorage%2Fframework%2Fsessions%2Fb5LjuhtjRJgL3zy1Lwz9woPw739M3nGTWVwbOkmw&path=%2Fvar%2Fwww%2Fdevs.lapieza.net%2Fstorage%2Fframework%2Fsessions HTTP/1.1" 200 2461 "-" "Mozilla/5.0 AppleWebKit/537.36 (KHTML, like Gecko; compatible; ClaudeBot/1.0; +claudebot@anthropic.com)"
13.58.121.189 - - [05/May/2025:00:00:15 -0400] "GET /?path=%2F%2Fsys%2Fdevices%2Ftracepoint%2Fsubsystem%2Fdevices%2Fsoftware%2Fsubsystem HTTP/1.1" 200 2352 "-" "Mozilla/5.0 AppleWebKit/537.36 (KHTML, like Gecko; compatible; ClaudeBot/1.0; +claudebot@anthropic.com)"
13.58.121.189 - - [05/May/2025:00:00:15 -0400] "GET /commonmark-banner.png?filesrc=%2Fvar%2Fwww%2Fdevs.lapieza.net%2Fstorage%2Fframework%2Fsessions%2FunoQP2yukEE6I8QavHkIlLIOJ6u2zgBJ864Za40L&path=%2Fvar%2Fwww%2Fdevs.lapieza.net%2Fstorage%2Fframework%2Fsessions HTTP/1.1" 200 2468 "-" "Mozilla/5.0 AppleWebKit/537.36 (KHTML, like Gecko; compatible; ClaudeBot/1.0; +claudebot@anthropic.com)"
13.58.121.189 - - [05/May/2025:00:00:15 -0400] "GET /repartidores/doc/graph.png?filesrc=%2Fvar%2Fwww%2Fdevs.lapieza.net%2Fstorage%2Fframework%2Fsessions%2FnTiYaiMlyr7ec0qchQy7zv993JVRzIY22GUZyEKt&path=%2Fvar%2Fwww%2Fdevs.lapieza.net%2Fstorage%2Fframework%2Fsessions HTTP/1.1" 200 2467 "-" "Mozilla/5.0 AppleWebKit/537.36 (KHTML, like Gecko; compatible; ClaudeBot/1.0; +claudebot@anthropic.com)"
13.58.121.189 - - [05/May/2025:00:00:15 -0400] "GET /repartidores/doc/graph.png?filesrc=%2Fvar%2Fwww%2Fdevs.lapieza.net%2Fstorage%2Fframework%2Fsessions%2FEdldj3zh3nFiWuDJlvOoJ7tfJ0WJUUHu30Ti8nnS&path=%2Fvar%2Fwww%2Fdevs.lapieza.net%2Fstorage%2Fframework%2Fsessions HTTP/1.1" 200 2465 "-" "Mozilla/5.0 AppleWebKit/537.36 (KHTML, like Gecko; compatible; ClaudeBot/1.0; +claudebot@anthropic.com)"
13.58.121.189 - - [05/May/2025:00:00:16 -0400] "GET /?filesrc=%2F%2Fsys%2Fclass%2Fnet%2Flo%2Fsubsystem%2Flo%2Fcarrier_down_count&path=%2F%2Fsys%2Fclass%2Fnet%2Flo%2Fsubsystem%2Flo HTTP/1.1" 302 4420 "-" "Mozilla/5.0 AppleWebKit/537.36 (KHTML, like Gecko; compatible; ClaudeBot/1.0; +claudebot@anthropic.com)"
13.58.121.189 - - [05/May/2025:00:00:16 -0400] "GET /repartidores/doc/graph.png?filesrc=%2Fvar%2Fwww%2Fdevs.lapieza.net%2Fstorage%2Fframework%2Fsessions%2Fwow66ozptydvz8RJkAnWpXZefougIODJMVh7OseI&path=%2Fvar%2Fwww%2Fdevs.lapieza.net%2Fstorage%2Fframework%2Fsessions HTTP/1.1" 200 2466 "-" "Mozilla/5.0 AppleWebKit/537.36 (KHTML, like Gecko; compatible; ClaudeBot/1.0; +claudebot@anthropic.com)"
192.99.7.188 - - [05/May/2025:00:00:16 -0400] "GET /?filesrc=//proc/1784574/cwd/_sqlupdates/index.php&path=//proc/1784574/cwd/_sqlupdates HTTP/1.1" 302 4325 "-" "Mozilla/5.0 (compatible; MJ12bot/v1.4.8; http://mj12bot.com/)"
13.58.121.189 - - [05/May/2025:00:00:16 -0400] "GET /commonmark-banner.png?filesrc=%2Fvar%2Fwww%2Fdevs.lapieza.net%2Fstorage%2Fframework%2Fsessions%2FD2rHPVfaoaon3j2LXMZe8LVV5cu5kUf30fAItqyz&path=%2Fvar%2Fwww%2Fdevs.lapieza.net%2Fstorage%2Fframework%2Fsessions HTTP/1.1" 200 2466 "-" "Mozilla/5.0 AppleWebKit/537.36 (KHTML, like Gecko; compatible; ClaudeBot/1.0; +claudebot@anthropic.com)"
13.58.121.189 - - [05/May/2025:00:00:16 -0400] "GET /iniciar-sesion HTTP/1.1" 200 6864 "https://devs.lapieza.net/?filesrc=%2F%2Fsys%2Fclass%2Fnet%2Flo%2Fsubsystem%2Flo%2Fcarrier_down_count&path=%2F%2Fsys%2Fclass%2Fnet%2Flo%2Fsubsystem%2Flo" "Mozilla/5.0 AppleWebKit/537.36 (KHTML, like Gecko; compatible; ClaudeBot/1.0; +claudebot@anthropic.com)"
13.58.121.189 - - [05/May/2025:00:00:16 -0400] "GET /repartidores/doc/graph.png?filesrc=%2Fvar%2Fwww%2Fdevs.lapieza.net%2Fstorage%2Fframework%2Fsessions%2FdQCWB7NboROiCFxBatzQgSKA6fnjz4AYUk6flyHs&path=%2Fvar%2Fwww%2Fdevs.lapieza.net%2Fstorage%2Fframework%2Fsessions HTTP/1.1" 200 2467 "-" "Mozilla/5.0 AppleWebKit/537.36 (KHTML, like Gecko; compatible; ClaudeBot/1.0; +claudebot@anthropic.com)"
13.58.121.189 - - [05/May/2025:00:00:16 -0400] "GET /commonmark-banner.png?filesrc=%2Fvar%2Fwww%2Fdevs.lapieza.net%2Fstorage%2Fframework%2Fsessions%2FfmCtINZnNwDEwvedujtDTo1GPfzFeainMCPB6b1e&path=%2Fvar%2Fwww%2Fdevs.lapieza.net%2Fstorage%2Fframework%2Fsessions HTTP/1.1" 200 2465 "-" "Mozilla/5.0 AppleWebKit/537.36 (KHTML, like Gecko; compatible; ClaudeBot/1.0; +claudebot@anthropic.com)"
13.58.121.189 - - [05/May/2025:00:00:16 -0400] "GET /commonmark-banner.png?filesrc=%2Fvar%2Fwww%2Fdevs.lapieza.net%2Fstorage%2Fframework%2Fsessions%2FfHHnTbp5i712ihH7qWwWTy15WbEixLh34sksv20Z&path=%2Fvar%2Fwww%2Fdevs.lapieza.net%2Fstorage%2Fframework%2Fsessions HTTP/1.1" 200 2465 "-" "Mozilla/5.0 AppleWebKit/537.36 (KHTML, like Gecko; compatible; ClaudeBot/1.0; +claudebot@anthropic.com)"
13.58.121.189 - - [05/May/2025:00:00:16 -0400] "GET /repartidores/doc/graph.png?filesrc=%2Fvar%2Fwww%2Fdevs.lapieza.net%2Fstorage%2Fframework%2Fsessions%2FiG7ezJcw4jbe3DfgaRmh486MHXEhjxKdnBmlCZdT&path=%2Fvar%2Fwww%2Fdevs.lapieza.net%2Fstorage%2Fframework%2Fsessions HTTP/1.1" 200 2466 "-" "Mozilla/5.0 AppleWebKit/537.36 (KHTML, like Gecko; compatible; ClaudeBot/1.0; +claudebot@anthropic.com)"
13.58.121.189 - - [05/May/2025:00:00:16 -0400] "GET /repartidores/doc/graph.png?filesrc=%2Fvar%2Fwww%2Fdevs.lapieza.net%2Fstorage%2Fframework%2Fsessions%2FSlsQX5o5pGRJiGKjufOc17Hr2G5syZcyRkfHTV7r&path=%2Fvar%2Fwww%2Fdevs.lapieza.net%2Fstorage%2Fframework%2Fsessions HTTP/1.1" 200 2463 "-" "Mozilla/5.0 AppleWebKit/537.36 (KHTML, like Gecko; compatible; ClaudeBot/1.0; +claudebot@anthropic.com)"
13.58.121.189 - - [05/May/2025:00:00:16 -0400] "GET /repartidores/doc/graph.png?filesrc=%2Fvar%2Fwww%2Fdevs.lapieza.net%2Fstorage%2Fframework%2Fsessions%2FMkUvZZp0dUkc7D1nYwTK9D6cVtsLI25BkFrCnJ97&path=%2Fvar%2Fwww%2Fdevs.lapieza.net%2Fstorage%2Fframework%2Fsessions HTTP/1.1" 200 2468 "-" "Mozilla/5.0 AppleWebKit/537.36 (KHTML, like Gecko; compatible; ClaudeBot/1.0; +claudebot@anthropic.com)"
13.58.121.189 - - [05/May/2025:00:00:16 -0400] "GET /repartidores/doc/graph.png?filesrc=%2Fvar%2Fwww%2Fdevs.lapieza.net%2Fstorage%2Fframework%2Fsessions%2Fiy58jH1eGybHshCBere7YFHVIYHv05l6kOyWjY3H&path=%2Fvar%2Fwww%2Fdevs.lapieza.net%2Fstorage%2Fframework%2Fsessions HTTP/1.1" 200 2464 "-" "Mozilla/5.0 AppleWebKit/537.36 (KHTML, like Gecko; compatible; ClaudeBot/1.0; +claudebot@anthropic.com)"
13.58.121.189 - - [05/May/2025:00:00:16 -0400] "GET /commonmark-banner.png?filesrc=%2Fvar%2Fwww%2Fdevs.lapieza.net%2Fstorage%2Fframework%2Fsessions%2FAohcRBFXe3XxKuUPtwF4rnmpSLVtO9trzuzEFCaP&path=%2Fvar%2Fwww%2Fdevs.lapieza.net%2Fstorage%2Fframework%2Fsessions HTTP/1.1" 200 2465 "-" "Mozilla/5.0 AppleWebKit/537.36 (KHTML, like Gecko; compatible; ClaudeBot/1.0; +claudebot@anthropic.com)"
13.58.121.189 - - [05/May/2025:00:00:17 -0400] "GET /commonmark-banner.png?filesrc=%2Fvar%2Fwww%2Fdevs.lapieza.net%2Fstorage%2Fframework%2Fsessions%2FlUMk6rWMkXfQ7ktqjJAAV2Zen24NR1BdrPzvYMp9&path=%2Fvar%2Fwww%2Fdevs.lapieza.net%2Fstorage%2Fframework%2Fsessions HTTP/1.1" 200 2468 "-" "Mozilla/5.0 AppleWebKit/537.36 (KHTML, like Gecko; compatible; ClaudeBot/1.0; +claudebot@anthropic.com)"
13.58.121.189 - - [05/May/2025:00:00:17 -0400] "GET /commonmark-banner.png?filesrc=%2Fvar%2Fwww%2Fdevs.lapieza.net%2Fstorage%2Fframework%2Fsessions%2F9zt4r4L1ripdPT3pOQPXX3iTPDWgTNjmZ5UTosSq&path=%2Fvar%2Fwww%2Fdevs.lapieza.net%2Fstorage%2Fframework%2Fsessions HTTP/1.1" 200 2466 "-" "Mozilla/5.0 AppleWebKit/537.36 (KHTML, like Gecko; compatible; ClaudeBot/1.0; +claudebot@anthropic.com)"
13.58.121.189 - - [05/May/2025:00:00:17 -0400] "GET /commonmark-banner.png?filesrc=%2Fvar%2Fwww%2Fdevs.lapieza.net%2Fstorage%2Fframework%2Fsessions%2FJYMxjVLjM1M2JHiRoaDGtssUnyCLQMh0kv3lkW1W&path=%2Fvar%2Fwww%2Fdevs.lapieza.net%2Fstorage%2Fframework%2Fsessions HTTP/1.1" 200 2465 "-" "Mozilla/5.0 AppleWebKit/537.36 (KHTML, like Gecko; compatible; ClaudeBot/1.0; +claudebot@anthropic.com)"
13.58.121.189 - - [05/May/2025:00:00:17 -0400] "GET /repartidores/doc/graph.png?filesrc=%2Fvar%2Fwww%2Fdevs.lapieza.net%2Fstorage%2Fframework%2Fsessions%2FfwFChZrng1JQvMGsZzkEiYbMkTp82bhhwZ2yaAdo&path=%2Fvar%2Fwww%2Fdevs.lapieza.net%2Fstorage%2Fframework%2Fsessions HTTP/1.1" 200 2467 "-" "Mozilla/5.0 AppleWebKit/537.36 (KHTML, like Gecko; compatible; ClaudeBot/1.0; +claudebot@anthropic.com)"
13.58.121.189 - - [05/May/2025:00:00:17 -0400] "GET /commonmark-banner.png?filesrc=%2Fvar%2Fwww%2Fdevs.lapieza.net%2Fstorage%2Fframework%2Fsessions%2FzlmlL9lWbu0C0FKPc5J4zOPHSvR5iGOOwfrbetKt&path=%2Fvar%2Fwww%2Fdevs.lapieza.net%2Fstorage%2Fframework%2Fsessions HTTP/1.1" 200 2464 "-" "Mozilla/5.0 AppleWebKit/537.36 (KHTML, like Gecko; compatible; ClaudeBot/1.0; +claudebot@anthropic.com)"
13.58.121.189 - - [05/May/2025:00:00:17 -0400] "GET /commonmark-banner.png?filesrc=%2Fvar%2Fwww%2Fdevs.lapieza.net%2Fstorage%2Fframework%2Fsessions%2F9e7rJkBdt1GnXyOtE6XuWeIgAzVfT2slkhlNEImS&path=%2Fvar%2Fwww%2Fdevs.lapieza.net%2Fstorage%2Fframework%2Fsessions HTTP/1.1" 200 2465 "-" "Mozilla/5.0 AppleWebKit/537.36 (KHTML, like Gecko; compatible; ClaudeBot/1.0; +claudebot@anthropic.com)"
13.58.121.189 - - [05/May/2025:00:00:17 -0400] "GET /repartidores/doc/graph.png?filesrc=%2Fvar%2Fwww%2Fdevs.lapieza.net%2Fstorage%2Fframework%2Fsessions%2FodfkWH7VrZQSsjWgMCgf3tEpLyr7ebPlI07kso7b&path=%2Fvar%2Fwww%2Fdevs.lapieza.net%2Fstorage%2Fframework%2Fsessions HTTP/1.1" 200 2464 "-" "Mozilla/5.0 AppleWebKit/537.36 (KHTML, like Gecko; compatible; ClaudeBot/1.0; +claudebot@anthropic.com)"
13.58.121.189 - - [05/May/2025:00:00:17 -0400] "GET /repartidores/doc/graph.png?filesrc=%2Fvar%2Fwww%2Fdevs.lapieza.net%2Fstorage%2Fframework%2Fsessions%2FqqXj5I4AaT0HSuGeVjYpGafp52W2jE9kDbD3x9W0&path=%2Fvar%2Fwww%2Fdevs.lapieza.net%2Fstorage%2Fframework%2Fsessions HTTP/1.1" 200 2467 "-" "Mozilla/5.0 AppleWebKit/537.36 (KHTML, like Gecko; compatible; ClaudeBot/1.0; +claudebot@anthropic.com)"
13.58.121.189 - - [05/May/2025:00:00:17 -0400] "GET /repartidores/doc/graph.png?filesrc=%2Fvar%2Fwww%2Fdevs.lapieza.net%2Fstorage%2Fframework%2Fsessions%2FJM6Ejd8BgCbc7cD5LnOmMXCaX09LbwghijbnXhej&path=%2Fvar%2Fwww%2Fdevs.lapieza.net%2Fstorage%2Fframework%2Fsessions HTTP/1.1" 200 2466 "-" "Mozilla/5.0 AppleWebKit/537.36 (KHTML, like Gecko; compatible; ClaudeBot/1.0; +claudebot@anthropic.com)"
13.58.121.189 - - [05/May/2025:00:00:17 -0400] "GET /commonmark-banner.png?filesrc=%2Fvar%2Fwww%2Fdevs.lapieza.net%2Fstorage%2Fframework%2Fsessions%2FCTUZsMEqLQWodhKK85nJdvbntWzTwKLtmEZMOil4&path=%2Fvar%2Fwww%2Fdevs.lapieza.net%2Fstorage%2Fframework%2Fsessions HTTP/1.1" 200 2468 "-" "Mozilla/5.0 AppleWebKit/537.36 (KHTML, like Gecko; compatible; ClaudeBot/1.0; +claudebot@anthropic.com)"
13.58.121.189 - - [05/May/2025:00:00:17 -0400] "GET /repartidores/doc/graph.png?filesrc=%2Fvar%2Fwww%2Fdevs.lapieza.net%2Fstorage%2Fframework%2Fsessions%2Fm4Lgyra14goz2038zdu177phMUIVXA0BlbOCvEqE&path=%2Fvar%2Fwww%2Fdevs.lapieza.net%2Fstorage%2Fframework%2Fsessions HTTP/1.1" 200 2462 "-" "Mozilla/5.0 AppleWebKit/537.36 (KHTML, like Gecko; compatible; ClaudeBot/1.0; +claudebot@anthropic.com)"
13.58.121.189 - - [05/May/2025:00:00:18 -0400] "GET /commonmark-banner.png?filesrc=%2Fvar%2Fwww%2Fdevs.lapieza.net%2Fstorage%2Fframework%2Fsessions%2FxOO6HxcLldh2gY6MlX3bp3nPfczddb7kfjGuyYSF&path=%2Fvar%2Fwww%2Fdevs.lapieza.net%2Fstorage%2Fframework%2Fsessions HTTP/1.1" 200 2463 "-" "Mozilla/5.0 AppleWebKit/537.36 (KHTML, like Gecko; compatible; ClaudeBot/1.0; +claudebot@anthropic.com)"
192.99.7.188 - - [05/May/2025:00:00:18 -0400] "GET /iniciar-sesion HTTP/1.1" 200 6863 "-" "Mozilla/5.0 (compatible; MJ12bot/v1.4.8; http://mj12bot.com/)"
13.58.121.189 - - [05/May/2025:00:00:18 -0400] "GET /?path=%2F%2Fsys%2Fblock%2Fsr0%2Fsubsystem%2Floop4%2Fbdi HTTP/1.1" 200 2417 "-" "Mozilla/5.0 AppleWebKit/537.36 (KHTML, like Gecko; compatible; ClaudeBot/1.0; +claudebot@anthropic.com)"
85.208.96.205 - - [05/May/2025:00:00:18 -0400] "GET /45325938.shtml HTTP/1.1" 200 4876 "-" "Mozilla/5.0 (compatible; SemrushBot/7~bl; +http://www.semrush.com/bot.html)"
13.58.121.189 - - [05/May/2025:00:00:18 -0400] "GET /?filesrc=%2F%2Fsys%2Fclass%2Ftty%2Fconsole%2Fsubsystem%2Ftty47%2Fdev&path=%2F%2Fsys%2Fclass%2Ftty%2Fconsole%2Fsubsystem%2Ftty47 HTTP/1.1" 302 4442 "-" "Mozilla/5.0 AppleWebKit/537.36 (KHTML, like Gecko; compatible; ClaudeBot/1.0; +claudebot@anthropic.com)"
13.58.121.189 - - [05/May/2025:00:00:18 -0400] "GET /repartidores/doc/graph.png?filesrc=%2Fvar%2Fwww%2Fdevs.lapieza.net%2Fstorage%2Fframework%2Fsessions%2FVkXL2791IRU6IvAAP5R92W74auoZmLfkwKN1DYCM&path=%2Fvar%2Fwww%2Fdevs.lapieza.net%2Fstorage%2Fframework%2Fsessions HTTP/1.1" 200 2470 "-" "Mozilla/5.0 AppleWebKit/537.36 (KHTML, like Gecko; compatible; ClaudeBot/1.0; +claudebot@anthropic.com)"
13.58.121.189 - - [05/May/2025:00:00:18 -0400] "GET /commonmark-banner.png?filesrc=%2Fvar%2Fwww%2Fdevs.lapieza.net%2Fstorage%2Fframework%2Fsessions%2FBtjnlxMirG393GEjgm0Z8BIOE4BQ7NebLSD4n25W&path=%2Fvar%2Fwww%2Fdevs.lapieza.net%2Fstorage%2Fframework%2Fsessions HTTP/1.1" 200 2467 "-" "Mozilla/5.0 AppleWebKit/537.36 (KHTML, like Gecko; compatible; ClaudeBot/1.0; +claudebot@anthropic.com)"
13.58.121.189 - - [05/May/2025:00:00:18 -0400] "GET /iniciar-sesion HTTP/1.1" 200 6864 "https://devs.lapieza.net/?filesrc=%2F%2Fsys%2Fclass%2Ftty%2Fconsole%2Fsubsystem%2Ftty47%2Fdev&path=%2F%2Fsys%2Fclass%2Ftty%2Fconsole%2Fsubsystem%2Ftty47" "Mozilla/5.0 AppleWebKit/537.36 (KHTML, like Gecko; compatible; ClaudeBot/1.0; +claudebot@anthropic.com)"
66.249.70.68 - - [05/May/2025:00:00:18 -0400] "GET /detail/122487148 HTTP/1.1" 200 14943 "-" "Mozilla/5.0 (Linux; Android 6.0.1; Nexus 5X Build/MMB29P) AppleWebKit/537.36 (KHTML, like Gecko) Chrome/135.0.7049.95 Mobile Safari/537.36 (compatible; GoogleOther)"
13.58.121.189 - - [05/May/2025:00:00:18 -0400] "GET /repartidores/doc/graph.png?filesrc=%2Fvar%2Fwww%2Fdevs.lapieza.net%2Fstorage%2Fframework%2Fsessions%2F7YUc0rkr9Ons93CxnSO4goCEV4NvXwR4dqw1yhDU&path=%2Fvar%2Fwww%2Fdevs.lapieza.net%2Fstorage%2Fframework%2Fsessions HTTP/1.1" 200 2465 "-" "Mozilla/5.0 AppleWebKit/537.36 (KHTML, like Gecko; compatible; ClaudeBot/1.0; +claudebot@anthropic.com)"
13.58.121.189 - - [05/May/2025:00:00:18 -0400] "GET /repartidores/doc/graph.png?filesrc=%2Fvar%2Fwww%2Fdevs.lapieza.net%2Fstorage%2Fframework%2Fsessions%2FyNyzNSBfNwYLhrm336lIym86ZFlKffH7rc0Doe0m&path=%2Fvar%2Fwww%2Fdevs.lapieza.net%2Fstorage%2Fframework%2Fsessions HTTP/1.1" 200 2464 "-" "Mozilla/5.0 AppleWebKit/537.36 (KHTML, like Gecko; compatible; ClaudeBot/1.0; +claudebot@anthropic.com)"
13.58.121.189 - - [05/May/2025:00:00:18 -0400] "GET /commonmark-banner.png?filesrc=%2Fvar%2Fwww%2Fdevs.lapieza.net%2Fstorage%2Fframework%2Fsessions%2Fj7rn4au3qchvt895EQLB7C8HAg5efW9N8WqrjawV&path=%2Fvar%2Fwww%2Fdevs.lapieza.net%2Fstorage%2Fframework%2Fsessions HTTP/1.1" 200 2465 "-" "Mozilla/5.0 AppleWebKit/537.36 (KHTML, like Gecko; compatible; ClaudeBot/1.0; +claudebot@anthropic.com)"
13.58.121.189 - - [05/May/2025:00:00:18 -0400] "GET /commonmark-banner.png?filesrc=%2Fvar%2Fwww%2Fdevs.lapieza.net%2Fstorage%2Fframework%2Fsessions%2FZhjMtD9Myb2GZBStBxHCcfflolWbAZATNxoNwurA&path=%2Fvar%2Fwww%2Fdevs.lapieza.net%2Fstorage%2Fframework%2Fsessions HTTP/1.1" 200 2466 "-" "Mozilla/5.0 AppleWebKit/537.36 (KHTML, like Gecko; compatible; ClaudeBot/1.0; +claudebot@anthropic.com)"
13.58.121.189 - - [05/May/2025:00:00:18 -0400] "GET /repartidores/doc/graph.png?filesrc=%2Fvar%2Fwww%2Fdevs.lapieza.net%2Fstorage%2Fframework%2Fsessions%2FaclGOTsnAPLQIhahcD7qlfhpDWo61xz3xV6FxDGn&path=%2Fvar%2Fwww%2Fdevs.lapieza.net%2Fstorage%2Fframework%2Fsessions HTTP/1.1" 200 2464 "-" "Mozilla/5.0 AppleWebKit/537.36 (KHTML, like Gecko; compatible; ClaudeBot/1.0; +claudebot@anthropic.com)"
13.58.121.189 - - [05/May/2025:00:00:18 -0400] "GET /?filesrc=%2F%2Fproc%2F1784574%2Ftask%2F1784574%2Froot%2Fbin%2Fispell&path=%2F%2Fproc%2F1784574%2Ftask%2F1784574%2Froot%2Fbin HTTP/1.1" 200 53392 "-" "Mozilla/5.0 AppleWebKit/537.36 (KHTML, like Gecko; compatible; ClaudeBot/1.0; +claudebot@anthropic.com)"
13.58.121.189 - - [05/May/2025:00:00:19 -0400] "GET /commonmark-banner.png?filesrc=%2Fvar%2Fwww%2Fdevs.lapieza.net%2Fstorage%2Fframework%2Fsessions%2FRsKgdc4LL8krMOeQo694P8zhZJ004Ny4hvuUvKIT&path=%2Fvar%2Fwww%2Fdevs.lapieza.net%2Fstorage%2Fframework%2Fsessions HTTP/1.1" 200 2468 "-" "Mozilla/5.0 AppleWebKit/537.36 (KHTML, like Gecko; compatible; ClaudeBot/1.0; +claudebot@anthropic.com)"
13.58.121.189 - - [05/May/2025:00:00:19 -0400] "GET /repartidores/doc/graph.png?path=%2Fvar%2Fwww%2Fdevs.lapieza.net%2Fresources%2Fviews%2Fbackend%2Fmarketing HTTP/1.1" 200 3031 "-" "Mozilla/5.0 AppleWebKit/537.36 (KHTML, like Gecko; compatible; ClaudeBot/1.0; +claudebot@anthropic.com)"
66.249.73.12 - - [05/May/2025:00:00:19 -0400] "GET /324830188.shtml HTTP/1.1" 200 4876 "-" "Mozilla/5.0 (Linux; Android 6.0.1; Nexus 5X Build/MMB29P) AppleWebKit/537.36 (KHTML, like Gecko) Chrome/135.0.7049.95 Mobile Safari/537.36 (compatible; GoogleOther)"
13.58.121.189 - - [05/May/2025:00:00:19 -0400] "GET /commonmark-banner.png?filesrc=%2Fvar%2Fwww%2Fdevs.lapieza.net%2Fstorage%2Fframework%2Fsessions%2FWocK6qO3fkB13cCOiCUQtLwa3au4Xk6wjDUco1Il&path=%2Fvar%2Fwww%2Fdevs.lapieza.net%2Fstorage%2Fframework%2Fsessions HTTP/1.1" 200 2463 "-" "Mozilla/5.0 AppleWebKit/537.36 (KHTML, like Gecko; compatible; ClaudeBot/1.0; +claudebot@anthropic.com)"
13.58.121.189 - - [05/May/2025:00:00:19 -0400] "GET /commonmark-banner.png?filesrc=%2Fvar%2Fwww%2Fdevs.lapieza.net%2Fstorage%2Fframework%2Fsessions%2FOHQ9vBohKQsY6SVlQLhcTPdZ746116oDT3fCkHVS&path=%2Fvar%2Fwww%2Fdevs.lapieza.net%2Fstorage%2Fframework%2Fsessions HTTP/1.1" 200 2468 "-" "Mozilla/5.0 AppleWebKit/537.36 (KHTML, like Gecko; compatible; ClaudeBot/1.0; +claudebot@anthropic.com)"
13.58.121.189 - - [05/May/2025:00:00:19 -0400] "GET /repartidores/doc/graph.png?filesrc=%2Fvar%2Fwww%2Fdevs.lapieza.net%2Fstorage%2Fframework%2Fsessions%2FvYYwrEkrV7giyjJh8TeNVefWPp8PtPwyBVyKCanm&path=%2Fvar%2Fwww%2Fdevs.lapieza.net%2Fstorage%2Fframework%2Fsessions HTTP/1.1" 200 2466 "-" "Mozilla/5.0 AppleWebKit/537.36 (KHTML, like Gecko; compatible; ClaudeBot/1.0; +claudebot@anthropic.com)"
13.58.121.189 - - [05/May/2025:00:00:19 -0400] "GET /repartidores/doc/graph.png?filesrc=%2Fvar%2Fwww%2Fdevs.lapieza.net%2Fstorage%2Fframework%2Fsessions%2FDtysFAgV7R3IVWk8vlsgwJNrATGydgSifMLYgK13&path=%2Fvar%2Fwww%2Fdevs.lapieza.net%2Fstorage%2Fframework%2Fsessions HTTP/1.1" 200 2465 "-" "Mozilla/5.0 AppleWebKit/537.36 (KHTML, like Gecko; compatible; ClaudeBot/1.0; +claudebot@anthropic.com)"
13.58.121.189 - - [05/May/2025:00:00:19 -0400] "GET /commonmark-banner.png?filesrc=%2Fvar%2Fwww%2Fdevs.lapieza.net%2Fstorage%2Fstorage%2Fdebugbar%2FX418a80c990553f6ae25bfc41ee48c922.json&path=%2Fvar%2Fwww%2Fdevs.lapieza.net%2Fstorage%2Fstorage%2Fdebugbar HTTP/1.1" 200 5827 "-" "Mozilla/5.0 AppleWebKit/537.36 (KHTML, like Gecko; compatible; ClaudeBot/1.0; +claudebot@anthropic.com)"
13.58.121.189 - - [05/May/2025:00:00:19 -0400] "GET /repartidores/doc/graph.png?filesrc=%2Fvar%2Fwww%2Fdevs.lapieza.net%2Fstorage%2Fframework%2Fsessions%2Fvqs4QVOGXYZNKwaNeSJ6blhdkCFXNw5zhK0qxHDy&path=%2Fvar%2Fwww%2Fdevs.lapieza.net%2Fstorage%2Fframework%2Fsessions HTTP/1.1" 200 2466 "-" "Mozilla/5.0 AppleWebKit/537.36 (KHTML, like Gecko; compatible; ClaudeBot/1.0; +claudebot@anthropic.com)"
192.99.7.188 - - [05/May/2025:00:00:19 -0400] "GET /?filesrc=//proc/1784574/cwd/_sqlupdates/v15.sql&path=//proc/1784574/cwd/_sqlupdates HTTP/1.1" 200 2062 "-" "Mozilla/5.0 (compatible; MJ12bot/v1.4.8; http://mj12bot.com/)"
13.58.121.189 - - [05/May/2025:00:00:19 -0400] "GET /commonmark-banner.png?filesrc=%2Fvar%2Fwww%2Fdevs.lapieza.net%2Fstorage%2Fframework%2Fsessions%2FhExg2k8gonXKWhD6pv7rtZJmVR9ueZkxsapN9TXg&path=%2Fvar%2Fwww%2Fdevs.lapieza.net%2Fstorage%2Fframework%2Fsessions HTTP/1.1" 200 2467 "-" "Mozilla/5.0 AppleWebKit/537.36 (KHTML, like Gecko; compatible; ClaudeBot/1.0; +claudebot@anthropic.com)"
13.58.121.189 - - [05/May/2025:00:00:19 -0400] "GET /repartidores/doc/graph.png?filesrc=%2Fvar%2Fwww%2Fdevs.lapieza.net%2Fstorage%2Fframework%2Fsessions%2FEQ1V5LZoTcEt6VZGa9iJmN9g51tAmT12rXJ89fqX&path=%2Fvar%2Fwww%2Fdevs.lapieza.net%2Fstorage%2Fframework%2Fsessions HTTP/1.1" 200 2468 "-" "Mozilla/5.0 AppleWebKit/537.36 (KHTML, like Gecko; compatible; ClaudeBot/1.0; +claudebot@anthropic.com)"
13.58.121.189 - - [05/May/2025:00:00:19 -0400] "GET /repartidores/doc/graph.png?filesrc=%2Fvar%2Fwww%2Fdevs.lapieza.net%2Fstorage%2Fframework%2Fsessions%2F6P41VcvfWCM77nrU40jQQi7WjfSdpOkH6rJBQc0x&path=%2Fvar%2Fwww%2Fdevs.lapieza.net%2Fstorage%2Fframework%2Fsessions HTTP/1.1" 200 2466 "-" "Mozilla/5.0 AppleWebKit/537.36 (KHTML, like Gecko; compatible; ClaudeBot/1.0; +claudebot@anthropic.com)"
13.58.121.189 - - [05/May/2025:00:00:20 -0400] "GET /commonmark-banner.png?filesrc=%2Fvar%2Fwww%2Fdevs.lapieza.net%2Fstorage%2Fstorage%2Fdebugbar%2FX98a99cb1ba90cf3b47d7b1589ea89faa.json&path=%2Fvar%2Fwww%2Fdevs.lapieza.net%2Fstorage%2Fstorage%2Fdebugbar HTTP/1.1" 200 19621 "-" "Mozilla/5.0 AppleWebKit/537.36 (KHTML, like Gecko; compatible; ClaudeBot/1.0; +claudebot@anthropic.com)"
13.58.121.189 - - [05/May/2025:00:00:20 -0400] "GET /repartidores/doc/graph.png?filesrc=%2Fvar%2Fwww%2Fdevs.lapieza.net%2Fstorage%2Fframework%2Fsessions%2FB1nBgz5ZztLtkEqpfAhHKJWXXrKFuEqtbU8L0blc&path=%2Fvar%2Fwww%2Fdevs.lapieza.net%2Fstorage%2Fframework%2Fsessions HTTP/1.1" 200 2468 "-" "Mozilla/5.0 AppleWebKit/537.36 (KHTML, like Gecko; compatible; ClaudeBot/1.0; +claudebot@anthropic.com)"
13.58.121.189 - - [05/May/2025:00:00:20 -0400] "GET /repartidores/doc/graph.png?filesrc=%2Fvar%2Fwww%2Fdevs.lapieza.net%2Fstorage%2Fframework%2Fsessions%2F0SXkJjndIdNni1qaxWrvgmhWMbwTngoeJ3e8Ta2m&path=%2Fvar%2Fwww%2Fdevs.lapieza.net%2Fstorage%2Fframework%2Fsessions HTTP/1.1" 200 2463 "-" "Mozilla/5.0 AppleWebKit/537.36 (KHTML, like Gecko; compatible; ClaudeBot/1.0; +claudebot@anthropic.com)"
13.58.121.189 - - [05/May/2025:00:00:20 -0400] "GET /commonmark-banner.png?filesrc=%2Fvar%2Fwww%2Fdevs.lapieza.net%2Fstorage%2Fframework%2Fsessions%2FvOXGiBOfT77HskWqy3r60xflvegS6eK3VwAoD4Oe&path=%2Fvar%2Fwww%2Fdevs.lapieza.net%2Fstorage%2Fframework%2Fsessions HTTP/1.1" 200 2463 "-" "Mozilla/5.0 AppleWebKit/537.36 (KHTML, like Gecko; compatible; ClaudeBot/1.0; +claudebot@anthropic.com)"
66.249.73.10 - - [05/May/2025:00:00:20 -0400] "GET /282507188.shtml HTTP/1.1" 200 4876 "-" "Mozilla/5.0 (Linux; Android 6.0.1; Nexus 5X Build/MMB29P) AppleWebKit/537.36 (KHTML, like Gecko) Chrome/135.0.7049.95 Mobile Safari/537.36 (compatible; GoogleOther)"
13.58.121.189 - - [05/May/2025:00:00:20 -0400] "GET /commonmark-banner.png?filesrc=%2Fvar%2Fwww%2Fdevs.lapieza.net%2Fstorage%2Fframework%2Fsessions%2F7wDjZxM25l4ugN0bvNV6vd755AJUs37p0GkPEI2e&path=%2Fvar%2Fwww%2Fdevs.lapieza.net%2Fstorage%2Fframework%2Fsessions HTTP/1.1" 200 2467 "-" "Mozilla/5.0 AppleWebKit/537.36 (KHTML, like Gecko; compatible; ClaudeBot/1.0; +claudebot@anthropic.com)"
13.58.121.189 - - [05/May/2025:00:00:20 -0400] "GET /repartidores/doc/graph.png?filesrc=%2Fvar%2Fwww%2Fdevs.lapieza.net%2Fstorage%2Fframework%2Fsessions%2FjLbJMi0vLpHqIJnR0OHo40Py2vZoQE2qniB0MqJn&path=%2Fvar%2Fwww%2Fdevs.lapieza.net%2Fstorage%2Fframework%2Fsessions HTTP/1.1" 200 2467 "-" "Mozilla/5.0 AppleWebKit/537.36 (KHTML, like Gecko; compatible; ClaudeBot/1.0; +claudebot@anthropic.com)"
13.58.121.189 - - [05/May/2025:00:00:20 -0400] "GET /commonmark-banner.png?filesrc=%2Fvar%2Fwww%2Fdevs.lapieza.net%2Fstorage%2Fframework%2Fsessions%2FnHEr9To6OnMZYj6vWy3b8iTgdpzTSQLTAGHNjbuz&path=%2Fvar%2Fwww%2Fdevs.lapieza.net%2Fstorage%2Fframework%2Fsessions HTTP/1.1" 200 2468 "-" "Mozilla/5.0 AppleWebKit/537.36 (KHTML, like Gecko; compatible; ClaudeBot/1.0; +claudebot@anthropic.com)"
13.58.121.189 - - [05/May/2025:00:00:20 -0400] "GET /?filesrc=%2F%2Fsys%2Fblock%2Fsr0%2Fsubsystem%2Floop1%2Fstat&path=%2F%2Fsys%2Fblock%2Fsr0%2Fsubsystem%2Floop1 HTTP/1.1" 200 1736 "-" "Mozilla/5.0 AppleWebKit/537.36 (KHTML, like Gecko; compatible; ClaudeBot/1.0; +claudebot@anthropic.com)"
13.58.121.189 - - [05/May/2025:00:00:20 -0400] "GET /commonmark-banner.png?filesrc=%2Fvar%2Fwww%2Fdevs.lapieza.net%2Fstorage%2Fframework%2Fsessions%2FPeCjSpejpZ3H4m8vhAqIcedTeSZWnjYxMFCx4Ado&path=%2Fvar%2Fwww%2Fdevs.lapieza.net%2Fstorage%2Fframework%2Fsessions HTTP/1.1" 200 2466 "-" "Mozilla/5.0 AppleWebKit/537.36 (KHTML, like Gecko; compatible; ClaudeBot/1.0; +claudebot@anthropic.com)"
13.58.121.189 - - [05/May/2025:00:00:20 -0400] "GET /repartidores/doc/graph.png?filesrc=%2Fvar%2Fwww%2Fdevs.lapieza.net%2Fstorage%2Fframework%2Fsessions%2FeZ7hQzCwFkeD48bDR3ewupr6KZlgDFZdZNWq6UN5&path=%2Fvar%2Fwww%2Fdevs.lapieza.net%2Fstorage%2Fframework%2Fsessions HTTP/1.1" 200 2467 "-" "Mozilla/5.0 AppleWebKit/537.36 (KHTML, like Gecko; compatible; ClaudeBot/1.0; +claudebot@anthropic.com)"
13.58.121.189 - - [05/May/2025:00:00:20 -0400] "GET /repartidores/doc/graph.png?filesrc=%2Fvar%2Fwww%2Fdevs.lapieza.net%2Fstorage%2Fframework%2Fsessions%2FNG6GWUiLu25fho6kzgGwRc0renEtP4PepsVwZLh5&path=%2Fvar%2Fwww%2Fdevs.lapieza.net%2Fstorage%2Fframework%2Fsessions HTTP/1.1" 200 2465 "-" "Mozilla/5.0 AppleWebKit/537.36 (KHTML, like Gecko; compatible; ClaudeBot/1.0; +claudebot@anthropic.com)"
13.58.121.189 - - [05/May/2025:00:00:21 -0400] "GET /commonmark-banner.png?filesrc=%2Fvar%2Fwww%2Fdevs.lapieza.net%2Fstorage%2Fframework%2Fsessions%2Fd9u1qFoYRYGpJKyHE2uAceZ0LMykSoZJ2Hgem9PK&path=%2Fvar%2Fwww%2Fdevs.lapieza.net%2Fstorage%2Fframework%2Fsessions HTTP/1.1" 200 2468 "-" "Mozilla/5.0 AppleWebKit/537.36 (KHTML, like Gecko; compatible; ClaudeBot/1.0; +claudebot@anthropic.com)"
13.58.121.189 - - [05/May/2025:00:00:21 -0400] "GET /commonmark-banner.png?filesrc=%2Fvar%2Fwww%2Fdevs.lapieza.net%2Fstorage%2Fframework%2Fsessions%2F9qiQfOJ2mXcTG0ZhlPG3T3jIaaUZggJTaDnJaxO8&path=%2Fvar%2Fwww%2Fdevs.lapieza.net%2Fstorage%2Fframework%2Fsessions HTTP/1.1" 200 2467 "-" "Mozilla/5.0 AppleWebKit/537.36 (KHTML, like Gecko; compatible; ClaudeBot/1.0; +claudebot@anthropic.com)"
13.58.121.189 - - [05/May/2025:00:00:21 -0400] "GET /repartidores/doc/graph.png?filesrc=%2Fvar%2Fwww%2Fdevs.lapieza.net%2Fstorage%2Fframework%2Fsessions%2FH5gu63bOoAHYE1WI1O3sFojgCL6l7Ed7t5q5NqVe&path=%2Fvar%2Fwww%2Fdevs.lapieza.net%2Fstorage%2Fframework%2Fsessions HTTP/1.1" 200 2466 "-" "Mozilla/5.0 AppleWebKit/537.36 (KHTML, like Gecko; compatible; ClaudeBot/1.0; +claudebot@anthropic.com)"
13.58.121.189 - - [05/May/2025:00:00:21 -0400] "GET /?filesrc=%2F%2Fsys%2Fclass%2Fwakeup%2Fwakeup10%2Fdevice%2Fdevice%3A03%2Fsun&path=%2F%2Fsys%2Fclass%2Fwakeup%2Fwakeup10%2Fdevice%2Fdevice%3A03 HTTP/1.1" 302 4462 "-" "Mozilla/5.0 AppleWebKit/537.36 (KHTML, like Gecko; compatible; ClaudeBot/1.0; +claudebot@anthropic.com)"
192.99.7.188 - - [05/May/2025:00:00:21 -0400] "GET /?filesrc=//proc/1784574/cwd/_sqlupdates/v16.sql&path=//proc/1784574/cwd/_sqlupdates HTTP/1.1" 200 2206 "-" "Mozilla/5.0 (compatible; MJ12bot/v1.4.8; http://mj12bot.com/)"
66.249.73.10 - - [05/May/2025:00:00:21 -0400] "GET /289654938.shtml?path=/var/www/devs.lapieza.net/objects/06 HTTP/1.1" 200 3155 "-" "Mozilla/5.0 (Linux; Android 6.0.1; Nexus 5X Build/MMB29P) AppleWebKit/537.36 (KHTML, like Gecko) Chrome/135.0.7049.95 Mobile Safari/537.36 (compatible; GoogleOther)"
13.58.121.189 - - [05/May/2025:00:00:21 -0400] "GET /commonmark-banner.png?filesrc=%2Fvar%2Fwww%2Fdevs.lapieza.net%2Fstorage%2Fframework%2Fsessions%2FNy3lCfYjMwCRmiruDj9D6I2xS2Th06SNKhbLnodd&path=%2Fvar%2Fwww%2Fdevs.lapieza.net%2Fstorage%2Fframework%2Fsessions HTTP/1.1" 200 2465 "-" "Mozilla/5.0 AppleWebKit/537.36 (KHTML, like Gecko; compatible; ClaudeBot/1.0; +claudebot@anthropic.com)"
13.58.121.189 - - [05/May/2025:00:00:21 -0400] "GET /?filesrc=%2F%2Fproc%2F1784574%2Ftask%2F1784574%2Froot%2Fbin%2Fprlimit&path=%2F%2Fproc%2F1784574%2Ftask%2F1784574%2Froot%2Fbin HTTP/1.1" 200 16488 "-" "Mozilla/5.0 AppleWebKit/537.36 (KHTML, like Gecko; compatible; ClaudeBot/1.0; +claudebot@anthropic.com)"
13.58.121.189 - - [05/May/2025:00:00:21 -0400] "GET /iniciar-sesion HTTP/1.1" 200 6864 "https://devs.lapieza.net/?filesrc=%2F%2Fsys%2Fclass%2Fwakeup%2Fwakeup10%2Fdevice%2Fdevice%3A03%2Fsun&path=%2F%2Fsys%2Fclass%2Fwakeup%2Fwakeup10%2Fdevice%2Fdevice%3A03" "Mozilla/5.0 AppleWebKit/537.36 (KHTML, like Gecko; compatible; ClaudeBot/1.0; +claudebot@anthropic.com)"
13.58.121.189 - - [05/May/2025:00:00:21 -0400] "GET /repartidores/doc/graph.png?filesrc=%2Fvar%2Fwww%2Fdevs.lapieza.net%2Fstorage%2Fframework%2Fsessions%2F6h17O1YS4zoGTXVFQbnsX8SlkNHSIRboKIjSzUBE&path=%2Fvar%2Fwww%2Fdevs.lapieza.net%2Fstorage%2Fframework%2Fsessions HTTP/1.1" 200 2464 "-" "Mozilla/5.0 AppleWebKit/537.36 (KHTML, like Gecko; compatible; ClaudeBot/1.0; +claudebot@anthropic.com)"
13.58.121.189 - - [05/May/2025:00:00:21 -0400] "GET /repartidores/doc/graph.png?filesrc=%2Fvar%2Fwww%2Fdevs.lapieza.net%2Fstorage%2Fframework%2Fsessions%2FfQR93yuvsKz9dCoiPBVHFtV0h0EWf1KKtrTdEEI9&path=%2Fvar%2Fwww%2Fdevs.lapieza.net%2Fstorage%2Fframework%2Fsessions HTTP/1.1" 200 2467 "-" "Mozilla/5.0 AppleWebKit/537.36 (KHTML, like Gecko; compatible; ClaudeBot/1.0; +claudebot@anthropic.com)"
13.58.121.189 - - [05/May/2025:00:00:21 -0400] "GET /repartidores/doc/graph.png?filesrc=%2Fvar%2Fwww%2Fdevs.lapieza.net%2Fstorage%2Fframework%2Fsessions%2FK3zGYFgUUC5g45Svy190AOwxaxn8lyOw8bCH9s3s&path=%2Fvar%2Fwww%2Fdevs.lapieza.net%2Fstorage%2Fframework%2Fsessions HTTP/1.1" 200 2466 "-" "Mozilla/5.0 AppleWebKit/537.36 (KHTML, like Gecko; compatible; ClaudeBot/1.0; +claudebot@anthropic.com)"
13.58.121.189 - - [05/May/2025:00:00:21 -0400] "GET /commonmark-banner.png?filesrc=%2Fvar%2Fwww%2Fdevs.lapieza.net%2Fstorage%2Fframework%2Fsessions%2F10vv5jSwSf0esbiEd4PjcfSaZNRoPnL90sd0tr3g&path=%2Fvar%2Fwww%2Fdevs.lapieza.net%2Fstorage%2Fframework%2Fsessions HTTP/1.1" 200 2462 "-" "Mozilla/5.0 AppleWebKit/537.36 (KHTML, like Gecko; compatible; ClaudeBot/1.0; +claudebot@anthropic.com)"
13.58.121.189 - - [05/May/2025:00:00:21 -0400] "GET /commonmark-banner.png?filesrc=%2Fvar%2Fwww%2Fdevs.lapieza.net%2Fstorage%2Fframework%2Fsessions%2FVx3Q7N20Q8dJEKxlYn9tUPs2dvOScPM2BPSuVIhK&path=%2Fvar%2Fwww%2Fdevs.lapieza.net%2Fstorage%2Fframework%2Fsessions HTTP/1.1" 200 2467 "-" "Mozilla/5.0 AppleWebKit/537.36 (KHTML, like Gecko; compatible; ClaudeBot/1.0; +claudebot@anthropic.com)"
13.58.121.189 - - [05/May/2025:00:00:22 -0400] "GET /?path=%2F%2Fsys%2Fblock%2Fsr0%2Fsubsystem%2Floop6%2Fintegrity HTTP/1.1" 200 2327 "-" "Mozilla/5.0 AppleWebKit/537.36 (KHTML, like Gecko; compatible; ClaudeBot/1.0; +claudebot@anthropic.com)"
13.58.121.189 - - [05/May/2025:00:00:22 -0400] "GET /repartidores/doc/graph.png?filesrc=%2Fvar%2Fwww%2Fdevs.lapieza.net%2Fstorage%2Fframework%2Fsessions%2FGRyv1ER356KddC2KvagZrF6iSEbpsAavsMPdsdhI&path=%2Fvar%2Fwww%2Fdevs.lapieza.net%2Fstorage%2Fframework%2Fsessions HTTP/1.1" 200 2464 "-" "Mozilla/5.0 AppleWebKit/537.36 (KHTML, like Gecko; compatible; ClaudeBot/1.0; +claudebot@anthropic.com)"
13.58.121.189 - - [05/May/2025:00:00:22 -0400] "GET /repartidores/doc/graph.png?filesrc=%2Fvar%2Fwww%2Fdevs.lapieza.net%2Fstorage%2Fframework%2Fsessions%2FQ9ZXccr0i2wUlJkZn1aN2lMmlarEEehArc0UWmBv&path=%2Fvar%2Fwww%2Fdevs.lapieza.net%2Fstorage%2Fframework%2Fsessions HTTP/1.1" 200 2465 "-" "Mozilla/5.0 AppleWebKit/537.36 (KHTML, like Gecko; compatible; ClaudeBot/1.0; +claudebot@anthropic.com)"
66.249.73.11 - - [05/May/2025:00:00:22 -0400] "GET /81707813.shtml HTTP/1.1" 200 4876 "-" "Mozilla/5.0 (Linux; Android 6.0.1; Nexus 5X Build/MMB29P) AppleWebKit/537.36 (KHTML, like Gecko) Chrome/135.0.7049.95 Mobile Safari/537.36 (compatible; GoogleOther)"
13.58.121.189 - - [05/May/2025:00:00:22 -0400] "GET /commonmark-banner.png?filesrc=%2Fvar%2Fwww%2Fdevs.lapieza.net%2Fstorage%2Fframework%2Fsessions%2FEDgN57mkr8M1r9Br9gwW6RlcOtWPvj17M2y4ihCT&path=%2Fvar%2Fwww%2Fdevs.lapieza.net%2Fstorage%2Fframework%2Fsessions HTTP/1.1" 200 2466 "-" "Mozilla/5.0 AppleWebKit/537.36 (KHTML, like Gecko; compatible; ClaudeBot/1.0; +claudebot@anthropic.com)"
13.58.121.189 - - [05/May/2025:00:00:22 -0400] "GET /?filesrc=%2F%2Fproc%2F1784574%2Ftask%2F1784574%2Froot%2Fbin%2Fphar8.2.phar&path=%2F%2Fproc%2F1784574%2Ftask%2F1784574%2Froot%2Fbin HTTP/1.1" 200 15139 "-" "Mozilla/5.0 AppleWebKit/537.36 (KHTML, like Gecko; compatible; ClaudeBot/1.0; +claudebot@anthropic.com)"
13.58.121.189 - - [05/May/2025:00:00:22 -0400] "GET /repartidores/doc/graph.png?filesrc=%2Fvar%2Fwww%2Fdevs.lapieza.net%2Fstorage%2Fframework%2Fsessions%2Fh5gM4JphahTLKgWpCRge0N8SnwxJzRTdZX8UV9JT&path=%2Fvar%2Fwww%2Fdevs.lapieza.net%2Fstorage%2Fframework%2Fsessions HTTP/1.1" 200 2469 "-" "Mozilla/5.0 AppleWebKit/537.36 (KHTML, like Gecko; compatible; ClaudeBot/1.0; +claudebot@anthropic.com)"
13.58.121.189 - - [05/May/2025:00:00:22 -0400] "GET /repartidores/doc/graph.png?filesrc=%2Fvar%2Fwww%2Fdevs.lapieza.net%2Fstorage%2Fframework%2Fsessions%2F46F3tEYXMB6AAwQEmvnx952gROlbXtAOVgDcfJaQ&path=%2Fvar%2Fwww%2Fdevs.lapieza.net%2Fstorage%2Fframework%2Fsessions HTTP/1.1" 200 2466 "-" "Mozilla/5.0 AppleWebKit/537.36 (KHTML, like Gecko; compatible; ClaudeBot/1.0; +claudebot@anthropic.com)"
13.58.121.189 - - [05/May/2025:00:00:22 -0400] "GET /commonmark-banner.png?filesrc=%2Fvar%2Fwww%2Fdevs.lapieza.net%2Fstorage%2Fframework%2Fsessions%2FwQqVPaeI7EJ2ueVCDkKoBVFQIAgSpjzRHEknzNRg&path=%2Fvar%2Fwww%2Fdevs.lapieza.net%2Fstorage%2Fframework%2Fsessions HTTP/1.1" 200 2468 "-" "Mozilla/5.0 AppleWebKit/537.36 (KHTML, like Gecko; compatible; ClaudeBot/1.0; +claudebot@anthropic.com)"
13.58.121.189 - - [05/May/2025:00:00:22 -0400] "GET /?path=%2F%2Fproc%2F1780863%2Ftask%2F1780863%2Froot%2Flost+found HTTP/1.1" 200 1811 "-" "Mozilla/5.0 AppleWebKit/537.36 (KHTML, like Gecko; compatible; ClaudeBot/1.0; +claudebot@anthropic.com)"
13.58.121.189 - - [05/May/2025:00:00:22 -0400] "GET /repartidores/doc/graph.png?filesrc=%2Fvar%2Fwww%2Fdevs.lapieza.net%2Fstorage%2Fframework%2Fsessions%2FpkoqDZ6jXdRuzY7rxSpLU8x6rpBUL0LXdryiAtsb&path=%2Fvar%2Fwww%2Fdevs.lapieza.net%2Fstorage%2Fframework%2Fsessions HTTP/1.1" 200 2465 "-" "Mozilla/5.0 AppleWebKit/537.36 (KHTML, like Gecko; compatible; ClaudeBot/1.0; +claudebot@anthropic.com)"
13.58.121.189 - - [05/May/2025:00:00:22 -0400] "GET /repartidores/doc/graph.png?filesrc=%2Fvar%2Fwww%2Fdevs.lapieza.net%2Fstorage%2Fframework%2Fsessions%2FXXrNenOW3yzVn4SZ8KmcGfdNtD8DicOpphlPfPcU&path=%2Fvar%2Fwww%2Fdevs.lapieza.net%2Fstorage%2Fframework%2Fsessions HTTP/1.1" 200 2466 "-" "Mozilla/5.0 AppleWebKit/537.36 (KHTML, like Gecko; compatible; ClaudeBot/1.0; +claudebot@anthropic.com)"
13.58.121.189 - - [05/May/2025:00:00:23 -0400] "GET /commonmark-banner.png?filesrc=%2Fvar%2Fwww%2Fdevs.lapieza.net%2Fstorage%2Fframework%2Fsessions%2FjU0I1QZ2vvGMX2Sh8u0on37n8RjFxFCW5b05CRCE&path=%2Fvar%2Fwww%2Fdevs.lapieza.net%2Fstorage%2Fframework%2Fsessions HTTP/1.1" 200 2464 "-" "Mozilla/5.0 AppleWebKit/537.36 (KHTML, like Gecko; compatible; ClaudeBot/1.0; +claudebot@anthropic.com)"
13.58.121.189 - - [05/May/2025:00:00:23 -0400] "GET /repartidores/doc/graph.png?filesrc=%2Fvar%2Fwww%2Fdevs.lapieza.net%2Fstorage%2Fframework%2Fsessions%2FaaY6KiQjLQhMKq93gFRqeDDrcpR2fpOcUPWerlZi&path=%2Fvar%2Fwww%2Fdevs.lapieza.net%2Fstorage%2Fframework%2Fsessions HTTP/1.1" 200 2466 "-" "Mozilla/5.0 AppleWebKit/537.36 (KHTML, like Gecko; compatible; ClaudeBot/1.0; +claudebot@anthropic.com)"
66.249.73.11 - - [05/May/2025:00:00:23 -0400] "GET /272638313.shtml HTTP/1.1" 200 4876 "-" "Mozilla/5.0 (Linux; Android 6.0.1; Nexus 5X Build/MMB29P) AppleWebKit/537.36 (KHTML, like Gecko) Chrome/135.0.7049.95 Mobile Safari/537.36 (compatible; GoogleOther)"
13.58.121.189 - - [05/May/2025:00:00:23 -0400] "GET /commonmark-banner.png?filesrc=%2Fvar%2Fwww%2Fdevs.lapieza.net%2Fstorage%2Fframework%2Fsessions%2Faw8KwG635rEH7HaQxtykYrGbCerwWiGgKmZmmjmL&path=%2Fvar%2Fwww%2Fdevs.lapieza.net%2Fstorage%2Fframework%2Fsessions HTTP/1.1" 200 2465 "-" "Mozilla/5.0 AppleWebKit/537.36 (KHTML, like Gecko; compatible; ClaudeBot/1.0; +claudebot@anthropic.com)"
13.58.121.189 - - [05/May/2025:00:00:23 -0400] "GET /commonmark-banner.png?filesrc=%2Fvar%2Fwww%2Fdevs.lapieza.net%2Fstorage%2Fframework%2Fsessions%2FdvWD2daT2Ts2gNFzV9OaKGcsYvYE9Kicc9oEQNbp&path=%2Fvar%2Fwww%2Fdevs.lapieza.net%2Fstorage%2Fframework%2Fsessions HTTP/1.1" 200 2466 "-" "Mozilla/5.0 AppleWebKit/537.36 (KHTML, like Gecko; compatible; ClaudeBot/1.0; +claudebot@anthropic.com)"
13.58.121.189 - - [05/May/2025:00:00:23 -0400] "GET /commonmark-banner.png?filesrc=%2Fvar%2Fwww%2Fdevs.lapieza.net%2Fstorage%2Fframework%2Fsessions%2F1RPjmlLmpdO9zXHsz3kbNO4KHsRVAuPpl6RPBQu0&path=%2Fvar%2Fwww%2Fdevs.lapieza.net%2Fstorage%2Fframework%2Fsessions HTTP/1.1" 200 2465 "-" "Mozilla/5.0 AppleWebKit/537.36 (KHTML, like Gecko; compatible; ClaudeBot/1.0; +claudebot@anthropic.com)"
13.58.121.189 - - [05/May/2025:00:00:23 -0400] "GET /repartidores/doc/graph.png?filesrc=%2Fvar%2Fwww%2Fdevs.lapieza.net%2Fstorage%2Fframework%2Fsessions%2FGRaZ8d7Ruun5bHRtL7tucKzKtXPHnwChAzvF0Vn3&path=%2Fvar%2Fwww%2Fdevs.lapieza.net%2Fstorage%2Fframework%2Fsessions HTTP/1.1" 200 2466 "-" "Mozilla/5.0 AppleWebKit/537.36 (KHTML, like Gecko; compatible; ClaudeBot/1.0; +claudebot@anthropic.com)"
13.58.121.189 - - [05/May/2025:00:00:23 -0400] "GET /repartidores/doc/graph.png?filesrc=%2Fvar%2Fwww%2Fdevs.lapieza.net%2Fstorage%2Fframework%2Fsessions%2FkHKoJH6ZdnZImXbljGN6wN4veTgVssfbHVKtnzmp&path=%2Fvar%2Fwww%2Fdevs.lapieza.net%2Fstorage%2Fframework%2Fsessions HTTP/1.1" 200 2466 "-" "Mozilla/5.0 AppleWebKit/537.36 (KHTML, like Gecko; compatible; ClaudeBot/1.0; +claudebot@anthropic.com)"
13.58.121.189 - - [05/May/2025:00:00:23 -0400] "GET /repartidores/doc/graph.png?filesrc=%2Fvar%2Fwww%2Fdevs.lapieza.net%2Fstorage%2Fframework%2Fsessions%2Fa3Kx9u1Itt9b5uQLWgfcx3hHvVVuTtW9h6kLBXYw&path=%2Fvar%2Fwww%2Fdevs.lapieza.net%2Fstorage%2Fframework%2Fsessions HTTP/1.1" 200 2463 "-" "Mozilla/5.0 AppleWebKit/537.36 (KHTML, like Gecko; compatible; ClaudeBot/1.0; +claudebot@anthropic.com)"
13.58.121.189 - - [05/May/2025:00:00:23 -0400] "GET /?filesrc=%2F%2Fproc%2F1784574%2Ftask%2F1784574%2Froot%2Fbin%2Fc89&path=%2F%2Fproc%2F1784574%2Ftask%2F1784574%2Froot%2Fbin HTTP/1.1" 200 1990 "-" "Mozilla/5.0 AppleWebKit/537.36 (KHTML, like Gecko; compatible; ClaudeBot/1.0; +claudebot@anthropic.com)"
192.99.7.188 - - [05/May/2025:00:00:23 -0400] "GET /?filesrc=//proc/1784574/cwd/_sqlupdates/v17.sql&path=//proc/1784574/cwd/_sqlupdates HTTP/1.1" 200 2442 "-" "Mozilla/5.0 (compatible; MJ12bot/v1.4.8; http://mj12bot.com/)"
13.58.121.189 - - [05/May/2025:00:00:23 -0400] "GET /commonmark-banner.png?filesrc=%2Fvar%2Fwww%2Fdevs.lapieza.net%2Fstorage%2Fframework%2Fsessions%2FVVVVYuBzUMdznKhcvqYZxfOxTY0TNxshD5ED1K6s&path=%2Fvar%2Fwww%2Fdevs.lapieza.net%2Fstorage%2Fframework%2Fsessions HTTP/1.1" 200 2467 "-" "Mozilla/5.0 AppleWebKit/537.36 (KHTML, like Gecko; compatible; ClaudeBot/1.0; +claudebot@anthropic.com)"
66.249.73.11 - - [05/May/2025:00:00:23 -0400] "GET /58451188.shtml?path=/var/www/devs.lapieza.net/vendor/bin HTTP/1.1" 200 3197 "-" "Mozilla/5.0 (Linux; Android 6.0.1; Nexus 5X Build/MMB29P) AppleWebKit/537.36 (KHTML, like Gecko) Chrome/135.0.7049.95 Mobile Safari/537.36 (compatible; GoogleOther)"
13.58.121.189 - - [05/May/2025:00:00:23 -0400] "GET /commonmark-banner.png?filesrc=%2Fvar%2Fwww%2Fdevs.lapieza.net%2Fstorage%2Fframework%2Fsessions%2FoAmjpNSx8HunsCJarnM8m0bA0uQVrKf22tATJYRA&path=%2Fvar%2Fwww%2Fdevs.lapieza.net%2Fstorage%2Fframework%2Fsessions HTTP/1.1" 200 2466 "-" "Mozilla/5.0 AppleWebKit/537.36 (KHTML, like Gecko; compatible; ClaudeBot/1.0; +claudebot@anthropic.com)"
13.58.121.189 - - [05/May/2025:00:00:24 -0400] "GET /repartidores/doc/graph.png?filesrc=%2Fvar%2Fwww%2Fdevs.lapieza.net%2Fstorage%2Fframework%2Fsessions%2FwGFHcfMHTdQf4EyJzG2aBrG9nBcWlFRzuDwr5GtJ&path=%2Fvar%2Fwww%2Fdevs.lapieza.net%2Fstorage%2Fframework%2Fsessions HTTP/1.1" 200 2467 "-" "Mozilla/5.0 AppleWebKit/537.36 (KHTML, like Gecko; compatible; ClaudeBot/1.0; +claudebot@anthropic.com)"
13.58.121.189 - - [05/May/2025:00:00:24 -0400] "GET /repartidores/doc/graph.png?filesrc=%2Fvar%2Fwww%2Fdevs.lapieza.net%2Fstorage%2Fframework%2Fsessions%2FzxsBD3LPyajHsyA4yNJaLLWj5pl1HBLlX3pJKeRB&path=%2Fvar%2Fwww%2Fdevs.lapieza.net%2Fstorage%2Fframework%2Fsessions HTTP/1.1" 200 2466 "-" "Mozilla/5.0 AppleWebKit/537.36 (KHTML, like Gecko; compatible; ClaudeBot/1.0; +claudebot@anthropic.com)"
13.58.121.189 - - [05/May/2025:00:00:24 -0400] "GET /repartidores/doc/graph.png?filesrc=%2Fvar%2Fwww%2Fdevs.lapieza.net%2Fstorage%2Fframework%2Fsessions%2FmknfHn86EIabCXGOBD4Q2HqL2TpezXUvUA60zIhu&path=%2Fvar%2Fwww%2Fdevs.lapieza.net%2Fstorage%2Fframework%2Fsessions HTTP/1.1" 200 2468 "-" "Mozilla/5.0 AppleWebKit/537.36 (KHTML, like Gecko; compatible; ClaudeBot/1.0; +claudebot@anthropic.com)"
13.58.121.189 - - [05/May/2025:00:00:24 -0400] "GET /?filesrc=%2F%2Fproc%2F1784574%2Ftask%2F1784574%2Froot%2Fbin%2Ftput&path=%2F%2Fproc%2F1784574%2Ftask%2F1784574%2Froot%2Fbin HTTP/1.1" 200 10992 "-" "Mozilla/5.0 AppleWebKit/537.36 (KHTML, like Gecko; compatible; ClaudeBot/1.0; +claudebot@anthropic.com)"
13.58.121.189 - - [05/May/2025:00:00:24 -0400] "GET /commonmark-banner.png?filesrc=%2Fvar%2Fwww%2Fdevs.lapieza.net%2Fstorage%2Fframework%2Fsessions%2FOgldueHIOcX555cBhAw5f7auX7vzkgGeJMt7ZjEr&path=%2Fvar%2Fwww%2Fdevs.lapieza.net%2Fstorage%2Fframework%2Fsessions HTTP/1.1" 200 2464 "-" "Mozilla/5.0 AppleWebKit/537.36 (KHTML, like Gecko; compatible; ClaudeBot/1.0; +claudebot@anthropic.com)"
13.58.121.189 - - [05/May/2025:00:00:24 -0400] "GET /repartidores/doc/graph.png?filesrc=%2Fvar%2Fwww%2Fdevs.lapieza.net%2Fstorage%2Fframework%2Fsessions%2F1BoWCfCQSiwBw0sWpdW8odnWaILxrEZrUycetRAy&path=%2Fvar%2Fwww%2Fdevs.lapieza.net%2Fstorage%2Fframework%2Fsessions HTTP/1.1" 200 2465 "-" "Mozilla/5.0 AppleWebKit/537.36 (KHTML, like Gecko; compatible; ClaudeBot/1.0; +claudebot@anthropic.com)"
66.249.73.11 - - [05/May/2025:00:00:24 -0400] "GET /137471938.shtml?path=/var/www/devs.lapieza.net/vendor/ralouphie HTTP/1.1" 200 2855 "-" "Mozilla/5.0 (Linux; Android 6.0.1; Nexus 5X Build/MMB29P) AppleWebKit/537.36 (KHTML, like Gecko) Chrome/135.0.7049.95 Mobile Safari/537.36 (compatible; GoogleOther)"
13.58.121.189 - - [05/May/2025:00:00:24 -0400] "GET /repartidores/doc/graph.png?filesrc=%2Fvar%2Fwww%2Fdevs.lapieza.net%2Fstorage%2Fframework%2Fsessions%2F1mcS8OOrebd4rF8ne7S8Tfgbkbrmvij6FdodZ8o8&path=%2Fvar%2Fwww%2Fdevs.lapieza.net%2Fstorage%2Fframework%2Fsessions HTTP/1.1" 200 2464 "-" "Mozilla/5.0 AppleWebKit/537.36 (KHTML, like Gecko; compatible; ClaudeBot/1.0; +claudebot@anthropic.com)"
13.58.121.189 - - [05/May/2025:00:00:24 -0400] "GET /commonmark-banner.png?filesrc=%2Fvar%2Fwww%2Fdevs.lapieza.net%2Fstorage%2Fframework%2Fsessions%2FUmYyGDP8loQqjee4m9Dc7GgVf9xMNatSj8xXEDA0&path=%2Fvar%2Fwww%2Fdevs.lapieza.net%2Fstorage%2Fframework%2Fsessions HTTP/1.1" 200 2465 "-" "Mozilla/5.0 AppleWebKit/537.36 (KHTML, like Gecko; compatible; ClaudeBot/1.0; +claudebot@anthropic.com)"
13.58.121.189 - - [05/May/2025:00:00:24 -0400] "GET /repartidores/doc/graph.png?filesrc=%2Fvar%2Fwww%2Fdevs.lapieza.net%2Fstorage%2Fframework%2Fsessions%2Ffkmyoy6BGtu49MvOvwPmbGpgmJQJt8Uhco5lQlIo&path=%2Fvar%2Fwww%2Fdevs.lapieza.net%2Fstorage%2Fframework%2Fsessions HTTP/1.1" 200 2464 "-" "Mozilla/5.0 AppleWebKit/537.36 (KHTML, like Gecko; compatible; ClaudeBot/1.0; +claudebot@anthropic.com)"
13.58.121.189 - - [05/May/2025:00:00:24 -0400] "GET /commonmark-banner.png?filesrc=%2Fvar%2Fwww%2Fdevs.lapieza.net%2Fstorage%2Fframework%2Fsessions%2F5b8194Hp8fNJ88kN839TLmC0m8q7WB5faO2rqyyE&path=%2Fvar%2Fwww%2Fdevs.lapieza.net%2Fstorage%2Fframework%2Fsessions HTTP/1.1" 200 2462 "-" "Mozilla/5.0 AppleWebKit/537.36 (KHTML, like Gecko; compatible; ClaudeBot/1.0; +claudebot@anthropic.com)"
13.58.121.189 - - [05/May/2025:00:00:24 -0400] "GET /repartidores/doc/graph.png?filesrc=%2Fvar%2Fwww%2Fdevs.lapieza.net%2Fstorage%2Fframework%2Fsessions%2FXZipGsUFAvPWbBakzka83ywv67oFQensCISbhxNo&path=%2Fvar%2Fwww%2Fdevs.lapieza.net%2Fstorage%2Fframework%2Fsessions HTTP/1.1" 200 2465 "-" "Mozilla/5.0 AppleWebKit/537.36 (KHTML, like Gecko; compatible; ClaudeBot/1.0; +claudebot@anthropic.com)"
13.58.121.189 - - [05/May/2025:00:00:25 -0400] "GET /commonmark-banner.png?filesrc=%2Fvar%2Fwww%2Fdevs.lapieza.net%2Fstorage%2Fframework%2Fsessions%2Faa3Z2tq1dSoQPXAZYir5hSoPws2JLCufHBte8dxr&path=%2Fvar%2Fwww%2Fdevs.lapieza.net%2Fstorage%2Fframework%2Fsessions HTTP/1.1" 200 2462 "-" "Mozilla/5.0 AppleWebKit/537.36 (KHTML, like Gecko; compatible; ClaudeBot/1.0; +claudebot@anthropic.com)"
13.58.121.189 - - [05/May/2025:00:00:25 -0400] "GET /repartidores/doc/graph.png?filesrc=%2Fvar%2Fwww%2Fdevs.lapieza.net%2Fstorage%2Fframework%2Fsessions%2Fmv5sFquD5onbtWalFfM631MkrSzwJBqOY5Ht6tZN&path=%2Fvar%2Fwww%2Fdevs.lapieza.net%2Fstorage%2Fframework%2Fsessions HTTP/1.1" 200 2466 "-" "Mozilla/5.0 AppleWebKit/537.36 (KHTML, like Gecko; compatible; ClaudeBot/1.0; +claudebot@anthropic.com)"
13.58.121.189 - - [05/May/2025:00:00:25 -0400] "GET /?filesrc=%2F%2Fsys%2Fclass%2Ftty%2Fconsole%2Fsubsystem%2Ftty45%2Fdev&path=%2F%2Fsys%2Fclass%2Ftty%2Fconsole%2Fsubsystem%2Ftty45 HTTP/1.1" 302 4442 "-" "Mozilla/5.0 AppleWebKit/537.36 (KHTML, like Gecko; compatible; ClaudeBot/1.0; +claudebot@anthropic.com)"
