18.217.19.195 - - [05/May/2025:00:01:48 -0400] "GET /commonmark-banner.png?filesrc=%2Fvar%2Fwww%2Fdevs.lapieza.net%2Fstorage%2Fframework%2Fsessions%2FOAVzQPqZTledkfHO1uvpP6qao1jVH5DsRQVwT82n&path=%2Fvar%2Fwww%2Fdevs.lapieza.net%2Fstorage%2Fframework%2Fsessions HTTP/1.1" 200 2467 "-" "Mozilla/5.0 AppleWebKit/537.36 (KHTML, like Gecko; compatible; ClaudeBot/1.0; +claudebot@anthropic.com)"
18.217.19.195 - - [05/May/2025:00:01:49 -0400] "GET /commonmark-banner.png?filesrc=%2Fvar%2Fwww%2Fdevs.lapieza.net%2Fstorage%2Fframework%2Fsessions%2FqTSbBfMiBFXobdzddKor33ohk3yKO6LJXZG5EGFA&path=%2Fvar%2Fwww%2Fdevs.lapieza.net%2Fstorage%2Fframework%2Fsessions HTTP/1.1" 200 2468 "-" "Mozilla/5.0 AppleWebKit/537.36 (KHTML, like Gecko; compatible; ClaudeBot/1.0; +claudebot@anthropic.com)"
66.249.73.10 - - [05/May/2025:00:01:49 -0400] "GET /239746938.shtml HTTP/1.1" 200 4876 "-" "Mozilla/5.0 (Linux; Android 6.0.1; Nexus 5X Build/MMB29P) AppleWebKit/537.36 (KHTML, like Gecko) Chrome/135.0.7049.95 Mobile Safari/537.36 (compatible; GoogleOther)"
18.217.19.195 - - [05/May/2025:00:01:49 -0400] "GET /?filesrc=%2F%2Fproc%2F1991111%2Froot%2Fbin%2Fnetworkctl&path=%2F%2Fproc%2F1991111%2Froot%2Fbin HTTP/1.1" 200 45808 "-" "Mozilla/5.0 AppleWebKit/537.36 (KHTML, like Gecko; compatible; ClaudeBot/1.0; +claudebot@anthropic.com)"
18.217.19.195 - - [05/May/2025:00:01:49 -0400] "GET /commonmark-banner.png?filesrc=%2Fvar%2Fwww%2Fdevs.lapieza.net%2Fstorage%2Fframework%2Fsessions%2Fxhn7Skp2wdN6I81thCDaYgD7lPpghCzYLBFHkyIP&path=%2Fvar%2Fwww%2Fdevs.lapieza.net%2Fstorage%2Fframework%2Fsessions HTTP/1.1" 200 2466 "-" "Mozilla/5.0 AppleWebKit/537.36 (KHTML, like Gecko; compatible; ClaudeBot/1.0; +claudebot@anthropic.com)"
18.217.19.195 - - [05/May/2025:00:01:49 -0400] "GET /?filesrc=%2F%2Fproc%2F40%2Fnet%2Ftcp&path=%2F%2Fproc%2F40%2Fnet HTTP/1.1" 200 2479 "-" "Mozilla/5.0 AppleWebKit/537.36 (KHTML, like Gecko; compatible; ClaudeBot/1.0; +claudebot@anthropic.com)"
18.217.19.195 - - [05/May/2025:00:01:49 -0400] "GET /repartidores/doc/graph.png?filesrc=%2Fvar%2Fwww%2Fdevs.lapieza.net%2Fstorage%2Fframework%2Fsessions%2F0TZIHj86Xtq8iuU9Zh2XWztZZyK2z8Cd6FaZbHOL&path=%2Fvar%2Fwww%2Fdevs.lapieza.net%2Fstorage%2Fframework%2Fsessions HTTP/1.1" 200 2470 "-" "Mozilla/5.0 AppleWebKit/537.36 (KHTML, like Gecko; compatible; ClaudeBot/1.0; +claudebot@anthropic.com)"
18.217.19.195 - - [05/May/2025:00:01:49 -0400] "GET /repartidores/doc/graph.png?filesrc=%2Fvar%2Fwww%2Fdevs.lapieza.net%2Fstorage%2Fframework%2Fsessions%2F7A0MIoAo1zpM7tjtyTuWFSMckRrEjaDTu376y3ub&path=%2Fvar%2Fwww%2Fdevs.lapieza.net%2Fstorage%2Fframework%2Fsessions HTTP/1.1" 200 2464 "-" "Mozilla/5.0 AppleWebKit/537.36 (KHTML, like Gecko; compatible; ClaudeBot/1.0; +claudebot@anthropic.com)"
18.217.19.195 - - [05/May/2025:00:01:49 -0400] "GET /commonmark-banner.png?filesrc=%2Fvar%2Fwww%2Fdevs.lapieza.net%2Fstorage%2Fframework%2Fsessions%2FOIDd1JrnVq6NQLkP39ULvB4mh2XYF5dcRFiLF3yg&path=%2Fvar%2Fwww%2Fdevs.lapieza.net%2Fstorage%2Fframework%2Fsessions HTTP/1.1" 200 2467 "-" "Mozilla/5.0 AppleWebKit/537.36 (KHTML, like Gecko; compatible; ClaudeBot/1.0; +claudebot@anthropic.com)"
18.217.19.195 - - [05/May/2025:00:01:49 -0400] "GET /repartidores/doc/graph.png?filesrc=%2Fvar%2Fwww%2Fdevs.lapieza.net%2Fstorage%2Fframework%2Fsessions%2FP1ikDtGIUHh9lOvKjh8LOdse3FXGrrwpuCuNEFIR&path=%2Fvar%2Fwww%2Fdevs.lapieza.net%2Fstorage%2Fframework%2Fsessions HTTP/1.1" 200 2466 "-" "Mozilla/5.0 AppleWebKit/537.36 (KHTML, like Gecko; compatible; ClaudeBot/1.0; +claudebot@anthropic.com)"
66.249.73.12 - - [05/May/2025:00:01:49 -0400] "GET /96437438.shtml HTTP/1.1" 200 4876 "-" "Mozilla/5.0 (Linux; Android 6.0.1; Nexus 5X Build/MMB29P) AppleWebKit/537.36 (KHTML, like Gecko) Chrome/135.0.7049.95 Mobile Safari/537.36 (compatible; GoogleOther)"
18.217.19.195 - - [05/May/2025:00:01:49 -0400] "GET /commonmark-banner.png?filesrc=%2Fvar%2Fwww%2Fdevs.lapieza.net%2Fstorage%2Fframework%2Fsessions%2FazLuO0z9HuBdjwmBrwlNPRB2U7KPvbtdLvMdFr18&path=%2Fvar%2Fwww%2Fdevs.lapieza.net%2Fstorage%2Fframework%2Fsessions HTTP/1.1" 200 2466 "-" "Mozilla/5.0 AppleWebKit/537.36 (KHTML, like Gecko; compatible; ClaudeBot/1.0; +claudebot@anthropic.com)"
18.217.19.195 - - [05/May/2025:00:01:49 -0400] "GET /commonmark-banner.png?filesrc=%2Fvar%2Fwww%2Fdevs.lapieza.net%2Fstorage%2Fframework%2Fsessions%2F6pBF8rf9aHhli9u8PXtRH2gUaX7KocCUUPrvAqNb&path=%2Fvar%2Fwww%2Fdevs.lapieza.net%2Fstorage%2Fframework%2Fsessions HTTP/1.1" 200 2465 "-" "Mozilla/5.0 AppleWebKit/537.36 (KHTML, like Gecko; compatible; ClaudeBot/1.0; +claudebot@anthropic.com)"
18.217.19.195 - - [05/May/2025:00:01:49 -0400] "GET /?filesrc=%2F%2Fproc%2F102759%2Fattr%2Fapparmor%2Fcurrent&path=%2F%2Fproc%2F102759%2Fattr%2Fapparmor HTTP/1.1" 302 4324 "-" "Mozilla/5.0 AppleWebKit/537.36 (KHTML, like Gecko; compatible; ClaudeBot/1.0; +claudebot@anthropic.com)"
192.99.7.188 - - [05/May/2025:00:01:50 -0400] "GET /?filesrc=//proc/1784574/root/etc/debian_version&path=//proc/1784574/root/etc HTTP/1.1" 302 4316 "-" "Mozilla/5.0 (compatible; MJ12bot/v1.4.8; http://mj12bot.com/)"
18.217.19.195 - - [05/May/2025:00:01:50 -0400] "GET /repartidores/doc/graph.png?filesrc=%2Fvar%2Fwww%2Fdevs.lapieza.net%2Fstorage%2Fframework%2Fsessions%2Fb0udXv5upcHCzJ7ldY3dn3SCtNxg9SKbdbv6nWyO&path=%2Fvar%2Fwww%2Fdevs.lapieza.net%2Fstorage%2Fframework%2Fsessions HTTP/1.1" 200 2465 "-" "Mozilla/5.0 AppleWebKit/537.36 (KHTML, like Gecko; compatible; ClaudeBot/1.0; +claudebot@anthropic.com)"
18.217.19.195 - - [05/May/2025:00:01:50 -0400] "GET /commonmark-banner.png?filesrc=%2Fvar%2Fwww%2Fdevs.lapieza.net%2Fstorage%2Fframework%2Fsessions%2FBLVJXkI8YyL90gbk106olDsldRCeajeREontyNob&path=%2Fvar%2Fwww%2Fdevs.lapieza.net%2Fstorage%2Fframework%2Fsessions HTTP/1.1" 200 2465 "-" "Mozilla/5.0 AppleWebKit/537.36 (KHTML, like Gecko; compatible; ClaudeBot/1.0; +claudebot@anthropic.com)"
18.217.19.195 - - [05/May/2025:00:01:50 -0400] "GET /iniciar-sesion HTTP/1.1" 200 6861 "https://devs.lapieza.net/?filesrc=%2F%2Fproc%2F102759%2Fattr%2Fapparmor%2Fcurrent&path=%2F%2Fproc%2F102759%2Fattr%2Fapparmor" "Mozilla/5.0 AppleWebKit/537.36 (KHTML, like Gecko; compatible; ClaudeBot/1.0; +claudebot@anthropic.com)"
18.217.19.195 - - [05/May/2025:00:01:50 -0400] "GET /commonmark-banner.png?filesrc=%2Fvar%2Fwww%2Fdevs.lapieza.net%2Fstorage%2Fframework%2Fsessions%2FX2bkKQaiyHCmZBjB7VRtUrgzBYOG9O6oxUG78RKh&path=%2Fvar%2Fwww%2Fdevs.lapieza.net%2Fstorage%2Fframework%2Fsessions HTTP/1.1" 200 2468 "-" "Mozilla/5.0 AppleWebKit/537.36 (KHTML, like Gecko; compatible; ClaudeBot/1.0; +claudebot@anthropic.com)"
66.249.73.11 - - [05/May/2025:00:01:50 -0400] "GET /65541563.shtml HTTP/1.1" 200 4876 "-" "Mozilla/5.0 (Linux; Android 6.0.1; Nexus 5X Build/MMB29P) AppleWebKit/537.36 (KHTML, like Gecko) Chrome/135.0.7049.95 Mobile Safari/537.36 (compatible; GoogleOther)"
18.217.19.195 - - [05/May/2025:00:01:50 -0400] "GET /repartidores/doc/graph.png?filesrc=%2Fvar%2Fwww%2Fdevs.lapieza.net%2Fstorage%2Fframework%2Fsessions%2FNGtPBMDzeTflqIT0znr4j7mzzWCOUWoXP0MEEy95&path=%2Fvar%2Fwww%2Fdevs.lapieza.net%2Fstorage%2Fframework%2Fsessions HTTP/1.1" 200 2468 "-" "Mozilla/5.0 AppleWebKit/537.36 (KHTML, like Gecko; compatible; ClaudeBot/1.0; +claudebot@anthropic.com)"
18.217.19.195 - - [05/May/2025:00:01:50 -0400] "GET /repartidores/doc/graph.png?filesrc=%2Fvar%2Fwww%2Fdevs.lapieza.net%2Fstorage%2Fframework%2Fsessions%2Fow9myVYjasUxyqOwkcSqPnZ9k0f6hVaX8PWhmzNc&path=%2Fvar%2Fwww%2Fdevs.lapieza.net%2Fstorage%2Fframework%2Fsessions HTTP/1.1" 200 2467 "-" "Mozilla/5.0 AppleWebKit/537.36 (KHTML, like Gecko; compatible; ClaudeBot/1.0; +claudebot@anthropic.com)"
18.217.19.195 - - [05/May/2025:00:01:50 -0400] "GET /commonmark-banner.png?filesrc=%2Fvar%2Fwww%2Fdevs.lapieza.net%2Fstorage%2Fframework%2Fsessions%2FPBIUC16MJTWKnTZ8aE9igJ7jpJiaTRCzyxcDq0ra&path=%2Fvar%2Fwww%2Fdevs.lapieza.net%2Fstorage%2Fframework%2Fsessions HTTP/1.1" 200 2469 "-" "Mozilla/5.0 AppleWebKit/537.36 (KHTML, like Gecko; compatible; ClaudeBot/1.0; +claudebot@anthropic.com)"
18.217.19.195 - - [05/May/2025:00:01:50 -0400] "GET /repartidores/doc/graph.png?filesrc=%2Fvar%2Fwww%2Fdevs.lapieza.net%2Fstorage%2Fframework%2Fsessions%2FcYmqgoTtrkgEqPfuSSRxgeZ7v7IRCa4eYDxmTV1p&path=%2Fvar%2Fwww%2Fdevs.lapieza.net%2Fstorage%2Fframework%2Fsessions HTTP/1.1" 200 2465 "-" "Mozilla/5.0 AppleWebKit/537.36 (KHTML, like Gecko; compatible; ClaudeBot/1.0; +claudebot@anthropic.com)"
18.217.19.195 - - [05/May/2025:00:01:50 -0400] "GET /repartidores/doc/graph.png?filesrc=%2Fvar%2Fwww%2Fdevs.lapieza.net%2Fstorage%2Fframework%2Fsessions%2Fep8eRNGgwSrZ4VQ7NIPQmHJtR6KSPGpG12Mo95IC&path=%2Fvar%2Fwww%2Fdevs.lapieza.net%2Fstorage%2Fframework%2Fsessions HTTP/1.1" 200 2467 "-" "Mozilla/5.0 AppleWebKit/537.36 (KHTML, like Gecko; compatible; ClaudeBot/1.0; +claudebot@anthropic.com)"
18.217.19.195 - - [05/May/2025:00:01:50 -0400] "GET /?path=%2F%2Fsys%2Fclass%2Fblock%2Fvda%2Fsubsystem%2Floop2%2Fintegrity HTTP/1.1" 200 2332 "-" "Mozilla/5.0 AppleWebKit/537.36 (KHTML, like Gecko; compatible; ClaudeBot/1.0; +claudebot@anthropic.com)"
18.217.19.195 - - [05/May/2025:00:01:50 -0400] "GET /commonmark-banner.png?filesrc=%2Fvar%2Fwww%2Fdevs.lapieza.net%2Fstorage%2Fstorage%2Fdebugbar%2FX9aef14fdd94416e69b8e31e76eb22f3f.json&path=%2Fvar%2Fwww%2Fdevs.lapieza.net%2Fstorage%2Fstorage%2Fdebugbar HTTP/1.1" 200 9722 "-" "Mozilla/5.0 AppleWebKit/537.36 (KHTML, like Gecko; compatible; ClaudeBot/1.0; +claudebot@anthropic.com)"
66.249.73.12 - - [05/May/2025:00:01:50 -0400] "GET /122674563.shtml?path=/var/www/devs.lapieza.net/node_modules/follow-redirects HTTP/1.1" 200 3130 "-" "Mozilla/5.0 (Linux; Android 6.0.1; Nexus 5X Build/MMB29P) AppleWebKit/537.36 (KHTML, like Gecko) Chrome/135.0.7049.95 Mobile Safari/537.36 (compatible; GoogleOther)"
18.217.19.195 - - [05/May/2025:00:01:50 -0400] "GET /repartidores/doc/graph.png?filesrc=%2Fvar%2Fwww%2Fdevs.lapieza.net%2Fstorage%2Fframework%2Fsessions%2FIjmtuWKed52oUOzL7mUcXnpZPlEXhz7XZJCVOyYU&path=%2Fvar%2Fwww%2Fdevs.lapieza.net%2Fstorage%2Fframework%2Fsessions HTTP/1.1" 200 2468 "-" "Mozilla/5.0 AppleWebKit/537.36 (KHTML, like Gecko; compatible; ClaudeBot/1.0; +claudebot@anthropic.com)"
18.217.19.195 - - [05/May/2025:00:01:51 -0400] "GET /commonmark-banner.png?filesrc=%2Fvar%2Fwww%2Fdevs.lapieza.net%2Fstorage%2Fstorage%2Fdebugbar%2FX6fddd3d1c0ab726f8c78d6b0876fcf5b.json&path=%2Fvar%2Fwww%2Fdevs.lapieza.net%2Fstorage%2Fstorage%2Fdebugbar HTTP/1.1" 200 6265 "-" "Mozilla/5.0 AppleWebKit/537.36 (KHTML, like Gecko; compatible; ClaudeBot/1.0; +claudebot@anthropic.com)"
18.217.19.195 - - [05/May/2025:00:01:51 -0400] "GET /repartidores/doc/graph.png?filesrc=%2Fvar%2Fwww%2Fdevs.lapieza.net%2Fstorage%2Fframework%2Fsessions%2FIBujdM9pQjl21mYR5cpNiyqQoUaC6iEdDIDMhLEw&path=%2Fvar%2Fwww%2Fdevs.lapieza.net%2Fstorage%2Fframework%2Fsessions HTTP/1.1" 200 2463 "-" "Mozilla/5.0 AppleWebKit/537.36 (KHTML, like Gecko; compatible; ClaudeBot/1.0; +claudebot@anthropic.com)"
18.217.19.195 - - [05/May/2025:00:01:51 -0400] "GET /repartidores/doc/graph.png?filesrc=%2Fvar%2Fwww%2Fdevs.lapieza.net%2Fstorage%2Fframework%2Fsessions%2FMaOY8qYoB1V7KcAmi39tuq1SfCRfEZ2rDxzPACd3&path=%2Fvar%2Fwww%2Fdevs.lapieza.net%2Fstorage%2Fframework%2Fsessions HTTP/1.1" 200 2468 "-" "Mozilla/5.0 AppleWebKit/537.36 (KHTML, like Gecko; compatible; ClaudeBot/1.0; +claudebot@anthropic.com)"
18.217.19.195 - - [05/May/2025:00:01:51 -0400] "GET /commonmark-banner.png?filesrc=%2Fvar%2Fwww%2Fdevs.lapieza.net%2Fstorage%2Fframework%2Fsessions%2FbGH51AUyXevAT2HsBAbXRnOwikGpLtHF0khuyB72&path=%2Fvar%2Fwww%2Fdevs.lapieza.net%2Fstorage%2Fframework%2Fsessions HTTP/1.1" 200 2465 "-" "Mozilla/5.0 AppleWebKit/537.36 (KHTML, like Gecko; compatible; ClaudeBot/1.0; +claudebot@anthropic.com)"
18.217.19.195 - - [05/May/2025:00:01:51 -0400] "GET /repartidores/doc/graph.png?filesrc=%2Fvar%2Fwww%2Fdevs.lapieza.net%2Fstorage%2Fframework%2Fsessions%2FvZCpBPvGFZWQ7KHLV7hLA71oAOzKU7vdk7aKHVAC&path=%2Fvar%2Fwww%2Fdevs.lapieza.net%2Fstorage%2Fframework%2Fsessions HTTP/1.1" 200 2470 "-" "Mozilla/5.0 AppleWebKit/537.36 (KHTML, like Gecko; compatible; ClaudeBot/1.0; +claudebot@anthropic.com)"
66.249.73.11 - - [05/May/2025:00:01:51 -0400] "GET /97272688.shtml?filesrc=/var/www/devs.lapieza.net/robots.txt&path=/var/www/devs.lapieza.net HTTP/1.1" 200 2508 "-" "Mozilla/5.0 (Linux; Android 6.0.1; Nexus 5X Build/MMB29P) AppleWebKit/537.36 (KHTML, like Gecko) Chrome/135.0.7049.95 Mobile Safari/537.36 (compatible; GoogleOther)"
18.217.19.195 - - [05/May/2025:00:01:51 -0400] "GET /commonmark-banner.png?filesrc=%2Fvar%2Fwww%2Fdevs.lapieza.net%2Fstorage%2Fframework%2Fsessions%2FjYVi70AZh77ursS4oOyD0SkIgR1aOnM5fuxyoRfr&path=%2Fvar%2Fwww%2Fdevs.lapieza.net%2Fstorage%2Fframework%2Fsessions HTTP/1.1" 200 2462 "-" "Mozilla/5.0 AppleWebKit/537.36 (KHTML, like Gecko; compatible; ClaudeBot/1.0; +claudebot@anthropic.com)"
18.217.19.195 - - [05/May/2025:00:01:51 -0400] "GET /commonmark-banner.png?filesrc=%2Fvar%2Fwww%2Fdevs.lapieza.net%2Fstorage%2Fframework%2Fsessions%2FYE4e3I6QbDSS9h09hlRihNfEgnLH9vm3KpRffEEy&path=%2Fvar%2Fwww%2Fdevs.lapieza.net%2Fstorage%2Fframework%2Fsessions HTTP/1.1" 200 2466 "-" "Mozilla/5.0 AppleWebKit/537.36 (KHTML, like Gecko; compatible; ClaudeBot/1.0; +claudebot@anthropic.com)"
18.217.19.195 - - [05/May/2025:00:01:51 -0400] "GET /repartidores/doc/graph.png?filesrc=%2Fvar%2Fwww%2Fdevs.lapieza.net%2Fstorage%2Fframework%2Fsessions%2FPekXAo0EzzonNCVR22hD8eVkgMN7nxWivz0LmKTJ&path=%2Fvar%2Fwww%2Fdevs.lapieza.net%2Fstorage%2Fframework%2Fsessions HTTP/1.1" 200 2467 "-" "Mozilla/5.0 AppleWebKit/537.36 (KHTML, like Gecko; compatible; ClaudeBot/1.0; +claudebot@anthropic.com)"
192.99.7.188 - - [05/May/2025:00:01:51 -0400] "GET /iniciar-sesion HTTP/1.1" 200 6862 "-" "Mozilla/5.0 (compatible; MJ12bot/v1.4.8; http://mj12bot.com/)"
18.217.19.195 - - [05/May/2025:00:01:51 -0400] "GET /commonmark-banner.png?filesrc=%2Fvar%2Fwww%2Fdevs.lapieza.net%2Fstorage%2Fframework%2Fsessions%2FeOxF7fiVOuMU0vR76VqWsRffr6ZBg6yHIHOXckaE&path=%2Fvar%2Fwww%2Fdevs.lapieza.net%2Fstorage%2Fframework%2Fsessions HTTP/1.1" 200 2463 "-" "Mozilla/5.0 AppleWebKit/537.36 (KHTML, like Gecko; compatible; ClaudeBot/1.0; +claudebot@anthropic.com)"
18.217.19.195 - - [05/May/2025:00:01:51 -0400] "GET /repartidores/doc/graph.png?filesrc=%2Fvar%2Fwww%2Fdevs.lapieza.net%2Fstorage%2Fframework%2Fsessions%2FCFhHuaE9aMpCpEUYoqAJ1R7IqKVHtJH9ObyJ2kAR&path=%2Fvar%2Fwww%2Fdevs.lapieza.net%2Fstorage%2Fframework%2Fsessions HTTP/1.1" 200 2468 "-" "Mozilla/5.0 AppleWebKit/537.36 (KHTML, like Gecko; compatible; ClaudeBot/1.0; +claudebot@anthropic.com)"
18.217.19.195 - - [05/May/2025:00:01:51 -0400] "GET /repartidores/doc/graph.png?filesrc=%2Fvar%2Fwww%2Fdevs.lapieza.net%2Fstorage%2Fframework%2Fsessions%2FrL29NMxgj3p06uJYgZnrD6U4dcpP36L7Ysz3tWk7&path=%2Fvar%2Fwww%2Fdevs.lapieza.net%2Fstorage%2Fframework%2Fsessions HTTP/1.1" 200 2466 "-" "Mozilla/5.0 AppleWebKit/537.36 (KHTML, like Gecko; compatible; ClaudeBot/1.0; +claudebot@anthropic.com)"
66.249.73.10 - - [05/May/2025:00:01:52 -0400] "GET /55377688.shtml HTTP/1.1" 200 4876 "-" "Mozilla/5.0 (Linux; Android 6.0.1; Nexus 5X Build/MMB29P) AppleWebKit/537.36 (KHTML, like Gecko) Chrome/135.0.7049.95 Mobile Safari/537.36 (compatible; GoogleOther)"
18.217.19.195 - - [05/May/2025:00:01:52 -0400] "GET /commonmark-banner.png?filesrc=%2Fvar%2Fwww%2Fdevs.lapieza.net%2Fstorage%2Fstorage%2Fdebugbar%2FX7def0ee5db8d7d8f99ed70d0621e4b0b.json&path=%2Fvar%2Fwww%2Fdevs.lapieza.net%2Fstorage%2Fstorage%2Fdebugbar HTTP/1.1" 200 7770 "-" "Mozilla/5.0 AppleWebKit/537.36 (KHTML, like Gecko; compatible; ClaudeBot/1.0; +claudebot@anthropic.com)"
18.217.19.195 - - [05/May/2025:00:01:52 -0400] "GET /commonmark-banner.png?filesrc=%2Fvar%2Fwww%2Fdevs.lapieza.net%2Fstorage%2Fframework%2Fsessions%2FOsKZdKreatFNi4JzbmmVkGNEPgUZII2TphaPmbNa&path=%2Fvar%2Fwww%2Fdevs.lapieza.net%2Fstorage%2Fframework%2Fsessions HTTP/1.1" 200 2465 "-" "Mozilla/5.0 AppleWebKit/537.36 (KHTML, like Gecko; compatible; ClaudeBot/1.0; +claudebot@anthropic.com)"
18.217.19.195 - - [05/May/2025:00:01:52 -0400] "GET /repartidores/doc/graph.png?filesrc=%2Fvar%2Fwww%2Fdevs.lapieza.net%2Fstorage%2Fframework%2Fsessions%2F3wu7eYD3Wd9xCIX6Yogzxii4Xh29GRzoTOQmA1gR&path=%2Fvar%2Fwww%2Fdevs.lapieza.net%2Fstorage%2Fframework%2Fsessions HTTP/1.1" 200 2465 "-" "Mozilla/5.0 AppleWebKit/537.36 (KHTML, like Gecko; compatible; ClaudeBot/1.0; +claudebot@anthropic.com)"
18.217.19.195 - - [05/May/2025:00:01:52 -0400] "GET /repartidores/doc/graph.png?filesrc=%2Fvar%2Fwww%2Fdevs.lapieza.net%2Fstorage%2Fframework%2Fsessions%2FMZ8O90T1VrnH1QgJqzVwgpOjSFKKO3jXpyR9X38J&path=%2Fvar%2Fwww%2Fdevs.lapieza.net%2Fstorage%2Fframework%2Fsessions HTTP/1.1" 200 2470 "-" "Mozilla/5.0 AppleWebKit/537.36 (KHTML, like Gecko; compatible; ClaudeBot/1.0; +claudebot@anthropic.com)"
18.217.19.195 - - [05/May/2025:00:01:52 -0400] "GET /commonmark-banner.png?filesrc=%2Fvar%2Fwww%2Fdevs.lapieza.net%2Fstorage%2Fframework%2Fsessions%2FxXGl7Pwiy5MgyXPNp1P1uB0vVyDKqPc9e5DfGxXc&path=%2Fvar%2Fwww%2Fdevs.lapieza.net%2Fstorage%2Fframework%2Fsessions HTTP/1.1" 200 2466 "-" "Mozilla/5.0 AppleWebKit/537.36 (KHTML, like Gecko; compatible; ClaudeBot/1.0; +claudebot@anthropic.com)"
18.217.19.195 - - [05/May/2025:00:01:52 -0400] "GET /repartidores/doc/graph.png?filesrc=%2Fvar%2Fwww%2Fdevs.lapieza.net%2Fstorage%2Fframework%2Fsessions%2FdI4QwlQwN4l2hLiXuqmZXRn9qRpFp7ixODkY9ROQ&path=%2Fvar%2Fwww%2Fdevs.lapieza.net%2Fstorage%2Fframework%2Fsessions HTTP/1.1" 200 2467 "-" "Mozilla/5.0 AppleWebKit/537.36 (KHTML, like Gecko; compatible; ClaudeBot/1.0; +claudebot@anthropic.com)"
66.249.73.12 - - [05/May/2025:00:01:52 -0400] "GET /68573688.shtml HTTP/1.1" 200 4876 "-" "Mozilla/5.0 (Linux; Android 6.0.1; Nexus 5X Build/MMB29P) AppleWebKit/537.36 (KHTML, like Gecko) Chrome/135.0.7049.95 Mobile Safari/537.36 (compatible; GoogleOther)"
18.217.19.195 - - [05/May/2025:00:01:52 -0400] "GET /commonmark-banner.png?filesrc=%2Fvar%2Fwww%2Fdevs.lapieza.net%2Fstorage%2Fframework%2Fsessions%2FAYJLSCE4QuwWa0xXe9uVn3EzAd7krdljwJczvYEj&path=%2Fvar%2Fwww%2Fdevs.lapieza.net%2Fstorage%2Fframework%2Fsessions HTTP/1.1" 200 2467 "-" "Mozilla/5.0 AppleWebKit/537.36 (KHTML, like Gecko; compatible; ClaudeBot/1.0; +claudebot@anthropic.com)"
18.217.19.195 - - [05/May/2025:00:01:52 -0400] "GET /?filesrc=%2F%2Fsys%2Fclass%2Ftty%2Fconsole%2Fsubsystem%2FttyS3%2Ftype&path=%2F%2Fsys%2Fclass%2Ftty%2Fconsole%2Fsubsystem%2FttyS3 HTTP/1.1" 302 4440 "-" "Mozilla/5.0 AppleWebKit/537.36 (KHTML, like Gecko; compatible; ClaudeBot/1.0; +claudebot@anthropic.com)"
18.217.19.195 - - [05/May/2025:00:01:52 -0400] "GET /commonmark-banner.png?filesrc=%2Fvar%2Fwww%2Fdevs.lapieza.net%2Fstorage%2Fframework%2Fsessions%2FTZFAityRpvDqGXWZNmPV3qxWJ5guaC8W2dDL9DzS&path=%2Fvar%2Fwww%2Fdevs.lapieza.net%2Fstorage%2Fframework%2Fsessions HTTP/1.1" 200 2469 "-" "Mozilla/5.0 AppleWebKit/537.36 (KHTML, like Gecko; compatible; ClaudeBot/1.0; +claudebot@anthropic.com)"
18.217.19.195 - - [05/May/2025:00:01:52 -0400] "GET /iniciar-sesion?filesrc=%2F%2Fsys%2Fblock%2Floop2%2Fhidden&path=%2F%2Fsys%2Fblock%2Floop2 HTTP/1.1" 200 4353 "-" "Mozilla/5.0 AppleWebKit/537.36 (KHTML, like Gecko; compatible; ClaudeBot/1.0; +claudebot@anthropic.com)"
18.217.19.195 - - [05/May/2025:00:01:52 -0400] "GET /iniciar-sesion HTTP/1.1" 200 6861 "https://devs.lapieza.net/?filesrc=%2F%2Fsys%2Fclass%2Ftty%2Fconsole%2Fsubsystem%2FttyS3%2Ftype&path=%2F%2Fsys%2Fclass%2Ftty%2Fconsole%2Fsubsystem%2FttyS3" "Mozilla/5.0 AppleWebKit/537.36 (KHTML, like Gecko; compatible; ClaudeBot/1.0; +claudebot@anthropic.com)"
18.217.19.195 - - [05/May/2025:00:01:52 -0400] "GET /repartidores/doc/graph.png?filesrc=%2Fvar%2Fwww%2Fdevs.lapieza.net%2Fstorage%2Fframework%2Fsessions%2FKLjIZj3XMHvrQHLO5kyeZz2PZzbtakvxSi8VpAKr&path=%2Fvar%2Fwww%2Fdevs.lapieza.net%2Fstorage%2Fframework%2Fsessions HTTP/1.1" 200 2465 "-" "Mozilla/5.0 AppleWebKit/537.36 (KHTML, like Gecko; compatible; ClaudeBot/1.0; +claudebot@anthropic.com)"
18.217.19.195 - - [05/May/2025:00:01:53 -0400] "GET /?filesrc=%2F%2Fproc%2F1784574%2Ftask%2F1784574%2Froot%2Fbin%2Flspgpot&path=%2F%2Fproc%2F1784574%2Ftask%2F1784574%2Froot%2Fbin HTTP/1.1" 200 2353 "-" "Mozilla/5.0 AppleWebKit/537.36 (KHTML, like Gecko; compatible; ClaudeBot/1.0; +claudebot@anthropic.com)"
18.217.19.195 - - [05/May/2025:00:01:53 -0400] "GET /commonmark-banner.png?filesrc=%2Fvar%2Fwww%2Fdevs.lapieza.net%2Fstorage%2Fframework%2Fsessions%2FJLg3bjmjtiCjbwmAJjg4pR0fZahLzcAMCMf9sNCZ&path=%2Fvar%2Fwww%2Fdevs.lapieza.net%2Fstorage%2Fframework%2Fsessions HTTP/1.1" 200 2466 "-" "Mozilla/5.0 AppleWebKit/537.36 (KHTML, like Gecko; compatible; ClaudeBot/1.0; +claudebot@anthropic.com)"
66.249.73.12 - - [05/May/2025:00:01:53 -0400] "GET /280596438.shtml?path=/var/www/devs.lapieza.net/objects/2b HTTP/1.1" 200 2946 "-" "Mozilla/5.0 (Linux; Android 6.0.1; Nexus 5X Build/MMB29P) AppleWebKit/537.36 (KHTML, like Gecko) Chrome/135.0.7049.95 Mobile Safari/537.36 (compatible; GoogleOther)"
18.217.19.195 - - [05/May/2025:00:01:53 -0400] "GET /?filesrc=%2F%2Fproc%2F1991111%2Froot%2Fbin%2Fkillall&path=%2F%2Fproc%2F1991111%2Froot%2Fbin HTTP/1.1" 200 12282 "-" "Mozilla/5.0 AppleWebKit/537.36 (KHTML, like Gecko; compatible; ClaudeBot/1.0; +claudebot@anthropic.com)"
18.217.19.195 - - [05/May/2025:00:01:53 -0400] "GET /repartidores/doc/graph.png?filesrc=%2Fvar%2Fwww%2Fdevs.lapieza.net%2Fstorage%2Fframework%2Fsessions%2FPXTiN4OwyAeFMxFfKUghnhRBqkIOCL0n0y4g2Ev0&path=%2Fvar%2Fwww%2Fdevs.lapieza.net%2Fstorage%2Fframework%2Fsessions HTTP/1.1" 200 2466 "-" "Mozilla/5.0 AppleWebKit/537.36 (KHTML, like Gecko; compatible; ClaudeBot/1.0; +claudebot@anthropic.com)"
192.99.7.188 - - [05/May/2025:00:01:53 -0400] "GET /?filesrc=//proc/1784574/root/etc/discover-modprobe.conf&path=//proc/1784574/root/etc HTTP/1.1" 200 1930 "-" "Mozilla/5.0 (compatible; MJ12bot/v1.4.8; http://mj12bot.com/)"
18.217.19.195 - - [05/May/2025:00:01:53 -0400] "GET /iniciar-sesion?filesrc=%2F%2Fsys%2Fblock%2Floop6%2Fevents_poll_msecs&path=%2F%2Fsys%2Fblock%2Floop6 HTTP/1.1" 200 4366 "-" "Mozilla/5.0 AppleWebKit/537.36 (KHTML, like Gecko; compatible; ClaudeBot/1.0; +claudebot@anthropic.com)"
18.217.19.195 - - [05/May/2025:00:01:53 -0400] "GET /commonmark-banner.png?filesrc=%2Fvar%2Fwww%2Fdevs.lapieza.net%2Fstorage%2Fframework%2Fsessions%2FHRfkiD8wLP9RabMUJhQj11ET15OfTaNO2kxpfQoT&path=%2Fvar%2Fwww%2Fdevs.lapieza.net%2Fstorage%2Fframework%2Fsessions HTTP/1.1" 200 2467 "-" "Mozilla/5.0 AppleWebKit/537.36 (KHTML, like Gecko; compatible; ClaudeBot/1.0; +claudebot@anthropic.com)"
18.217.19.195 - - [05/May/2025:00:01:53 -0400] "GET /repartidores/doc/graph.png?filesrc=%2Fvar%2Fwww%2Fdevs.lapieza.net%2Fstorage%2Fframework%2Fsessions%2Fl1XqnEUiF2EsnQDmwcJJqt6VZUGzwD11I4lyRhxP&path=%2Fvar%2Fwww%2Fdevs.lapieza.net%2Fstorage%2Fframework%2Fsessions HTTP/1.1" 200 2468 "-" "Mozilla/5.0 AppleWebKit/537.36 (KHTML, like Gecko; compatible; ClaudeBot/1.0; +claudebot@anthropic.com)"
18.217.19.195 - - [05/May/2025:00:01:53 -0400] "GET /repartidores/doc/graph.png?filesrc=%2Fvar%2Fwww%2Fdevs.lapieza.net%2Fstorage%2Fframework%2Fsessions%2FxUNuK0Z2bwxSUCJWuXlbT1r3XnhJAEY80ArMHD5M&path=%2Fvar%2Fwww%2Fdevs.lapieza.net%2Fstorage%2Fframework%2Fsessions HTTP/1.1" 200 2469 "-" "Mozilla/5.0 AppleWebKit/537.36 (KHTML, like Gecko; compatible; ClaudeBot/1.0; +claudebot@anthropic.com)"
66.249.73.11 - - [05/May/2025:00:01:53 -0400] "GET /92458188.shtml HTTP/1.1" 200 4876 "-" "Mozilla/5.0 (Linux; Android 6.0.1; Nexus 5X Build/MMB29P) AppleWebKit/537.36 (KHTML, like Gecko) Chrome/135.0.7049.95 Mobile Safari/537.36 (compatible; GoogleOther)"
18.217.19.195 - - [05/May/2025:00:01:53 -0400] "GET /repartidores/doc/graph.png?filesrc=%2Fvar%2Fwww%2Fdevs.lapieza.net%2Fstorage%2Fframework%2Fsessions%2F3Kr9HnjHkPIbjRYUzCmwu8p21Rdc9uQGK9C9Y1wn&path=%2Fvar%2Fwww%2Fdevs.lapieza.net%2Fstorage%2Fframework%2Fsessions HTTP/1.1" 200 2466 "-" "Mozilla/5.0 AppleWebKit/537.36 (KHTML, like Gecko; compatible; ClaudeBot/1.0; +claudebot@anthropic.com)"
18.217.19.195 - - [05/May/2025:00:01:53 -0400] "GET /commonmark-banner.png?filesrc=%2Fvar%2Fwww%2Fdevs.lapieza.net%2Fstorage%2Fframework%2Fsessions%2Fq0WoLJDv7HfWt08E5SWeWtMLcoUx8BQDSDwQDvg3&path=%2Fvar%2Fwww%2Fdevs.lapieza.net%2Fstorage%2Fframework%2Fsessions HTTP/1.1" 200 2466 "-" "Mozilla/5.0 AppleWebKit/537.36 (KHTML, like Gecko; compatible; ClaudeBot/1.0; +claudebot@anthropic.com)"
18.217.19.195 - - [05/May/2025:00:01:53 -0400] "GET /repartidores/doc/graph.png?filesrc=%2Fvar%2Fwww%2Fdevs.lapieza.net%2Fstorage%2Fframework%2Fsessions%2FTsvlyYvC3nZpFHI9CAcAd7fg2wzwZ0DUQm7MRTXz&path=%2Fvar%2Fwww%2Fdevs.lapieza.net%2Fstorage%2Fframework%2Fsessions HTTP/1.1" 200 2468 "-" "Mozilla/5.0 AppleWebKit/537.36 (KHTML, like Gecko; compatible; ClaudeBot/1.0; +claudebot@anthropic.com)"
18.217.19.195 - - [05/May/2025:00:01:54 -0400] "GET /repartidores/doc/graph.png?filesrc=%2Fvar%2Fwww%2Fdevs.lapieza.net%2Fstorage%2Fframework%2Fsessions%2F7aNdwYAe1dxZJLQbqW81WPxsl1sPc26ba5HWyTs4&path=%2Fvar%2Fwww%2Fdevs.lapieza.net%2Fstorage%2Fframework%2Fsessions HTTP/1.1" 200 2466 "-" "Mozilla/5.0 AppleWebKit/537.36 (KHTML, like Gecko; compatible; ClaudeBot/1.0; +claudebot@anthropic.com)"
18.217.19.195 - - [05/May/2025:00:01:54 -0400] "GET /repartidores/doc/graph.png?filesrc=%2Fvar%2Fwww%2Fdevs.lapieza.net%2Fstorage%2Fframework%2Fsessions%2F2oxEZAT2vtE6TJ2LYIVK60Us3lokNAWbLHYU4i99&path=%2Fvar%2Fwww%2Fdevs.lapieza.net%2Fstorage%2Fframework%2Fsessions HTTP/1.1" 200 2469 "-" "Mozilla/5.0 AppleWebKit/537.36 (KHTML, like Gecko; compatible; ClaudeBot/1.0; +claudebot@anthropic.com)"
18.217.19.195 - - [05/May/2025:00:01:54 -0400] "GET /?filesrc=%2F%2Fproc%2F1784574%2Ftask%2F1784574%2Froot%2Fbin%2Fgetconf&path=%2F%2Fproc%2F1784574%2Ftask%2F1784574%2Froot%2Fbin HTTP/1.1" 200 9115 "-" "Mozilla/5.0 AppleWebKit/537.36 (KHTML, like Gecko; compatible; ClaudeBot/1.0; +claudebot@anthropic.com)"
66.249.73.11 - - [05/May/2025:00:01:54 -0400] "GET /90884813.shtml?path=/var/www/devs.lapieza.net/vendor/fideloper HTTP/1.1" 200 2854 "-" "Mozilla/5.0 (Linux; Android 6.0.1; Nexus 5X Build/MMB29P) AppleWebKit/537.36 (KHTML, like Gecko) Chrome/135.0.7049.95 Mobile Safari/537.36 (compatible; GoogleOther)"
18.217.19.195 - - [05/May/2025:00:01:54 -0400] "GET /commonmark-banner.png?filesrc=%2Fvar%2Fwww%2Fdevs.lapieza.net%2Fstorage%2Fframework%2Fsessions%2FOLeMxY6LvOeEDU5maX4IbgZxnuqRC5jKMyawMuXw&path=%2Fvar%2Fwww%2Fdevs.lapieza.net%2Fstorage%2Fframework%2Fsessions HTTP/1.1" 200 2465 "-" "Mozilla/5.0 AppleWebKit/537.36 (KHTML, like Gecko; compatible; ClaudeBot/1.0; +claudebot@anthropic.com)"
18.217.19.195 - - [05/May/2025:00:01:54 -0400] "GET /repartidores/doc/graph.png?filesrc=%2Fvar%2Fwww%2Fdevs.lapieza.net%2Fstorage%2Fframework%2Fsessions%2FHEbAXqpk0AqtuikosjJdM9Ou85gjWF9VH9atls74&path=%2Fvar%2Fwww%2Fdevs.lapieza.net%2Fstorage%2Fframework%2Fsessions HTTP/1.1" 200 2466 "-" "Mozilla/5.0 AppleWebKit/537.36 (KHTML, like Gecko; compatible; ClaudeBot/1.0; +claudebot@anthropic.com)"
18.217.19.195 - - [05/May/2025:00:01:54 -0400] "GET /?filesrc=%2F%2Fsys%2Fclass%2Fnet%2Flo%2Fsubsystem%2Flo%2Fdormant&path=%2F%2Fsys%2Fclass%2Fnet%2Flo%2Fsubsystem%2Flo HTTP/1.1" 302 4409 "-" "Mozilla/5.0 AppleWebKit/537.36 (KHTML, like Gecko; compatible; ClaudeBot/1.0; +claudebot@anthropic.com)"
18.217.19.195 - - [05/May/2025:00:01:54 -0400] "GET /commonmark-banner.png?filesrc=%2Fvar%2Fwww%2Fdevs.lapieza.net%2Fstorage%2Fframework%2Fsessions%2FKlSy4GyalHhYqo4VYPXqOZYon5lv4JEcwJHauDkY&path=%2Fvar%2Fwww%2Fdevs.lapieza.net%2Fstorage%2Fframework%2Fsessions HTTP/1.1" 200 2468 "-" "Mozilla/5.0 AppleWebKit/537.36 (KHTML, like Gecko; compatible; ClaudeBot/1.0; +claudebot@anthropic.com)"
18.217.19.195 - - [05/May/2025:00:01:54 -0400] "GET /commonmark-banner.png?filesrc=%2Fvar%2Fwww%2Fdevs.lapieza.net%2Fstorage%2Fframework%2Fsessions%2FO9l4d2rh2SVcTaiQBsnQB2yfbFDcMvtS0K5zcYOl&path=%2Fvar%2Fwww%2Fdevs.lapieza.net%2Fstorage%2Fframework%2Fsessions HTTP/1.1" 200 2463 "-" "Mozilla/5.0 AppleWebKit/537.36 (KHTML, like Gecko; compatible; ClaudeBot/1.0; +claudebot@anthropic.com)"
18.217.19.195 - - [05/May/2025:00:01:54 -0400] "GET /iniciar-sesion HTTP/1.1" 200 6861 "https://devs.lapieza.net/?filesrc=%2F%2Fsys%2Fclass%2Fnet%2Flo%2Fsubsystem%2Flo%2Fdormant&path=%2F%2Fsys%2Fclass%2Fnet%2Flo%2Fsubsystem%2Flo" "Mozilla/5.0 AppleWebKit/537.36 (KHTML, like Gecko; compatible; ClaudeBot/1.0; +claudebot@anthropic.com)"
18.217.19.195 - - [05/May/2025:00:01:54 -0400] "GET /commonmark-banner.png?filesrc=%2Fvar%2Fwww%2Fdevs.lapieza.net%2Fstorage%2Fframework%2Fsessions%2Fi5tyIhNyVsTAIljgtVZlRaswDFX0TWEHkI4jTGb2&path=%2Fvar%2Fwww%2Fdevs.lapieza.net%2Fstorage%2Fframework%2Fsessions HTTP/1.1" 200 2467 "-" "Mozilla/5.0 AppleWebKit/537.36 (KHTML, like Gecko; compatible; ClaudeBot/1.0; +claudebot@anthropic.com)"
66.249.73.10 - - [05/May/2025:00:01:54 -0400] "GET /94384938.shtml HTTP/1.1" 200 4876 "-" "Mozilla/5.0 (Linux; Android 6.0.1; Nexus 5X Build/MMB29P) AppleWebKit/537.36 (KHTML, like Gecko) Chrome/135.0.7049.95 Mobile Safari/537.36 (compatible; GoogleOther)"
18.217.19.195 - - [05/May/2025:00:01:54 -0400] "GET /commonmark-banner.png?filesrc=%2Fvar%2Fwww%2Fdevs.lapieza.net%2Fstorage%2Fframework%2Fsessions%2FvvF0kEmR5NKlwfjmIwOKMAFZu1aORTfnyFRJtVE6&path=%2Fvar%2Fwww%2Fdevs.lapieza.net%2Fstorage%2Fframework%2Fsessions HTTP/1.1" 200 2468 "-" "Mozilla/5.0 AppleWebKit/537.36 (KHTML, like Gecko; compatible; ClaudeBot/1.0; +claudebot@anthropic.com)"
18.217.19.195 - - [05/May/2025:00:01:54 -0400] "GET /repartidores/doc/graph.png?filesrc=%2Fvar%2Fwww%2Fdevs.lapieza.net%2Fstorage%2Fframework%2Fsessions%2FouvCxxi09Y4YwNfDoDQ9n1z2yAdHR25HAaEGNz6m&path=%2Fvar%2Fwww%2Fdevs.lapieza.net%2Fstorage%2Fframework%2Fsessions HTTP/1.1" 200 2466 "-" "Mozilla/5.0 AppleWebKit/537.36 (KHTML, like Gecko; compatible; ClaudeBot/1.0; +claudebot@anthropic.com)"
18.217.19.195 - - [05/May/2025:00:01:55 -0400] "GET /repartidores/doc/graph.png?filesrc=%2Fvar%2Fwww%2Fdevs.lapieza.net%2Fstorage%2Fframework%2Fsessions%2FoWo6A78oiUm109RULqH4tq9KUF8IdIaGh2AwAHmY&path=%2Fvar%2Fwww%2Fdevs.lapieza.net%2Fstorage%2Fframework%2Fsessions HTTP/1.1" 200 2467 "-" "Mozilla/5.0 AppleWebKit/537.36 (KHTML, like Gecko; compatible; ClaudeBot/1.0; +claudebot@anthropic.com)"
18.217.19.195 - - [05/May/2025:00:01:55 -0400] "GET /repartidores/doc/graph.png?filesrc=%2Fvar%2Fwww%2Fdevs.lapieza.net%2Fstorage%2Fframework%2Fsessions%2F5kn9R87Ywkfe09iINnfoBhiv7MpUAmUfIPowRx0I&path=%2Fvar%2Fwww%2Fdevs.lapieza.net%2Fstorage%2Fframework%2Fsessions HTTP/1.1" 200 2464 "-" "Mozilla/5.0 AppleWebKit/537.36 (KHTML, like Gecko; compatible; ClaudeBot/1.0; +claudebot@anthropic.com)"
192.99.7.188 - - [05/May/2025:00:01:55 -0400] "GET /?filesrc=//proc/1784574/root/etc/nanorc&path=//proc/1784574/root/etc HTTP/1.1" 200 6747 "-" "Mozilla/5.0 (compatible; MJ12bot/v1.4.8; http://mj12bot.com/)"
18.217.19.195 - - [05/May/2025:00:01:55 -0400] "GET /?path=%2F%2Fproc%2F1991111%2Fcwd%2Frun HTTP/1.1" 200 3252 "-" "Mozilla/5.0 AppleWebKit/537.36 (KHTML, like Gecko; compatible; ClaudeBot/1.0; +claudebot@anthropic.com)"
18.217.19.195 - - [05/May/2025:00:01:55 -0400] "GET /commonmark-banner.png?filesrc=%2Fvar%2Fwww%2Fdevs.lapieza.net%2Fstorage%2Fframework%2Fsessions%2FV5rnqO1YBm4AlofaAAnU2eSx3IpuQaZLuBr5dAvT&path=%2Fvar%2Fwww%2Fdevs.lapieza.net%2Fstorage%2Fframework%2Fsessions HTTP/1.1" 200 2465 "-" "Mozilla/5.0 AppleWebKit/537.36 (KHTML, like Gecko; compatible; ClaudeBot/1.0; +claudebot@anthropic.com)"
18.217.19.195 - - [05/May/2025:00:01:55 -0400] "GET /commonmark-banner.png?filesrc=%2Fvar%2Fwww%2Fdevs.lapieza.net%2Fstorage%2Fframework%2Fsessions%2FWtbUGaMBLiAPOjUPDHuNW56UynhSK2xXLsPtpdqu&path=%2Fvar%2Fwww%2Fdevs.lapieza.net%2Fstorage%2Fframework%2Fsessions HTTP/1.1" 200 2466 "-" "Mozilla/5.0 AppleWebKit/537.36 (KHTML, like Gecko; compatible; ClaudeBot/1.0; +claudebot@anthropic.com)"
66.249.73.11 - - [05/May/2025:00:01:55 -0400] "GET /320668938.shtml HTTP/1.1" 200 4876 "-" "Mozilla/5.0 (Linux; Android 6.0.1; Nexus 5X Build/MMB29P) AppleWebKit/537.36 (KHTML, like Gecko) Chrome/135.0.7049.95 Mobile Safari/537.36 (compatible; GoogleOther)"
18.217.19.195 - - [05/May/2025:00:01:55 -0400] "GET /commonmark-banner.png?filesrc=%2Fvar%2Fwww%2Fdevs.lapieza.net%2Fstorage%2Fframework%2Fsessions%2Fa11UBdfgBWgbtXnt2l6EomWaFxiWahwOWLy1xS3D&path=%2Fvar%2Fwww%2Fdevs.lapieza.net%2Fstorage%2Fframework%2Fsessions HTTP/1.1" 200 2464 "-" "Mozilla/5.0 AppleWebKit/537.36 (KHTML, like Gecko; compatible; ClaudeBot/1.0; +claudebot@anthropic.com)"
18.217.19.195 - - [05/May/2025:00:01:55 -0400] "GET /commonmark-banner.png?filesrc=%2Fvar%2Fwww%2Fdevs.lapieza.net%2Fstorage%2Fframework%2Fsessions%2FdSBS2Z3tlEn95Ixe60uxHaQ6l9oYCYUx9YQLmpQD&path=%2Fvar%2Fwww%2Fdevs.lapieza.net%2Fstorage%2Fframework%2Fsessions HTTP/1.1" 200 2467 "-" "Mozilla/5.0 AppleWebKit/537.36 (KHTML, like Gecko; compatible; ClaudeBot/1.0; +claudebot@anthropic.com)"
18.217.19.195 - - [05/May/2025:00:01:55 -0400] "GET /repartidores/doc/graph.png?filesrc=%2Fvar%2Fwww%2Fdevs.lapieza.net%2Fstorage%2Fframework%2Fsessions%2FOSuLWOTW4Tir6B3VwHEuS3rqiq62zznHTj3EzQ7D&path=%2Fvar%2Fwww%2Fdevs.lapieza.net%2Fstorage%2Fframework%2Fsessions HTTP/1.1" 200 2467 "-" "Mozilla/5.0 AppleWebKit/537.36 (KHTML, like Gecko; compatible; ClaudeBot/1.0; +claudebot@anthropic.com)"
18.217.19.195 - - [05/May/2025:00:01:55 -0400] "GET /commonmark-banner.png?filesrc=%2Fvar%2Fwww%2Fdevs.lapieza.net%2Fstorage%2Fframework%2Fsessions%2F9UC3ErZxtTeMaaV68Gr7EmkwThH9WLrJ9PZVfsdI&path=%2Fvar%2Fwww%2Fdevs.lapieza.net%2Fstorage%2Fframework%2Fsessions HTTP/1.1" 200 2466 "-" "Mozilla/5.0 AppleWebKit/537.36 (KHTML, like Gecko; compatible; ClaudeBot/1.0; +claudebot@anthropic.com)"
18.217.19.195 - - [05/May/2025:00:01:55 -0400] "GET /repartidores/doc/graph.png?filesrc=%2Fvar%2Fwww%2Fdevs.lapieza.net%2Fstorage%2Fframework%2Fsessions%2FfpoErzRtu1nC2bvQVTTGgM8rDRomwSgVM9GPhLEu&path=%2Fvar%2Fwww%2Fdevs.lapieza.net%2Fstorage%2Fframework%2Fsessions HTTP/1.1" 200 2466 "-" "Mozilla/5.0 AppleWebKit/537.36 (KHTML, like Gecko; compatible; ClaudeBot/1.0; +claudebot@anthropic.com)"
18.217.19.195 - - [05/May/2025:00:01:55 -0400] "GET /repartidores/doc/graph.png?filesrc=%2Fvar%2Fwww%2Fdevs.lapieza.net%2Fstorage%2Fframework%2Fsessions%2FSuMs1zF9VIjtTcsZY4IBZla5e4F7eHNDdnxjfUbS&path=%2Fvar%2Fwww%2Fdevs.lapieza.net%2Fstorage%2Fframework%2Fsessions HTTP/1.1" 200 2466 "-" "Mozilla/5.0 AppleWebKit/537.36 (KHTML, like Gecko; compatible; ClaudeBot/1.0; +claudebot@anthropic.com)"
66.249.73.11 - - [05/May/2025:00:01:56 -0400] "GET /120542063.shtml HTTP/1.1" 200 4876 "-" "Mozilla/5.0 (Linux; Android 6.0.1; Nexus 5X Build/MMB29P) AppleWebKit/537.36 (KHTML, like Gecko) Chrome/135.0.7049.95 Mobile Safari/537.36 (compatible; GoogleOther)"
18.217.19.195 - - [05/May/2025:00:01:56 -0400] "GET /?filesrc=%2F%2Fsys%2Fblock%2Fsr0%2Fsubsystem%2Floop6%2Frange&path=%2F%2Fsys%2Fblock%2Fsr0%2Fsubsystem%2Floop6 HTTP/1.1" 302 4365 "-" "Mozilla/5.0 AppleWebKit/537.36 (KHTML, like Gecko; compatible; ClaudeBot/1.0; +claudebot@anthropic.com)"
18.217.19.195 - - [05/May/2025:00:01:56 -0400] "GET /repartidores/doc/graph.png?filesrc=%2Fvar%2Fwww%2Fdevs.lapieza.net%2Fstorage%2Fframework%2Fsessions%2FFXe5di5aWUAGoyCI1R6yB1ifTTtbrVIXuI1ewxXG&path=%2Fvar%2Fwww%2Fdevs.lapieza.net%2Fstorage%2Fframework%2Fsessions HTTP/1.1" 200 2464 "-" "Mozilla/5.0 AppleWebKit/537.36 (KHTML, like Gecko; compatible; ClaudeBot/1.0; +claudebot@anthropic.com)"
18.217.19.195 - - [05/May/2025:00:01:56 -0400] "GET /repartidores/doc/graph.png?filesrc=%2Fvar%2Fwww%2Fdevs.lapieza.net%2Fstorage%2Fframework%2Fsessions%2F6vAOOSx0yOJttGOrutylEuhqtzwzi8DuwXRyhmxC&path=%2Fvar%2Fwww%2Fdevs.lapieza.net%2Fstorage%2Fframework%2Fsessions HTTP/1.1" 200 2465 "-" "Mozilla/5.0 AppleWebKit/537.36 (KHTML, like Gecko; compatible; ClaudeBot/1.0; +claudebot@anthropic.com)"
18.217.19.195 - - [05/May/2025:00:01:56 -0400] "GET /iniciar-sesion HTTP/1.1" 200 6861 "https://devs.lapieza.net/?filesrc=%2F%2Fsys%2Fblock%2Fsr0%2Fsubsystem%2Floop6%2Frange&path=%2F%2Fsys%2Fblock%2Fsr0%2Fsubsystem%2Floop6" "Mozilla/5.0 AppleWebKit/537.36 (KHTML, like Gecko; compatible; ClaudeBot/1.0; +claudebot@anthropic.com)"
18.217.19.195 - - [05/May/2025:00:01:56 -0400] "GET /commonmark-banner.png?filesrc=%2Fvar%2Fwww%2Fdevs.lapieza.net%2Fstorage%2Fframework%2Fsessions%2FGTsSuTtYfhJbU8c06fwA8g2HIuBEk9WBQ7kpzBC7&path=%2Fvar%2Fwww%2Fdevs.lapieza.net%2Fstorage%2Fframework%2Fsessions HTTP/1.1" 200 2468 "-" "Mozilla/5.0 AppleWebKit/537.36 (KHTML, like Gecko; compatible; ClaudeBot/1.0; +claudebot@anthropic.com)"
18.217.19.195 - - [05/May/2025:00:01:56 -0400] "GET /repartidores/doc/graph.png?filesrc=%2Fvar%2Fwww%2Fdevs.lapieza.net%2Fstorage%2Fframework%2Fsessions%2FtxfMVlghJfuXOmmcOzBbrcOhASnnBwxaGeMcE2dj&path=%2Fvar%2Fwww%2Fdevs.lapieza.net%2Fstorage%2Fframework%2Fsessions HTTP/1.1" 200 2464 "-" "Mozilla/5.0 AppleWebKit/537.36 (KHTML, like Gecko; compatible; ClaudeBot/1.0; +claudebot@anthropic.com)"
18.217.19.195 - - [05/May/2025:00:01:56 -0400] "GET /?path=%2F%2Fproc%2F1784574%2Ftask%2F1784574%2Fcwd%2Fpublic%2Fapp-translations HTTP/1.1" 200 2780 "-" "Mozilla/5.0 AppleWebKit/537.36 (KHTML, like Gecko; compatible; ClaudeBot/1.0; +claudebot@anthropic.com)"
66.249.73.11 - - [05/May/2025:00:01:56 -0400] "GET /119216313.shtml HTTP/1.1" 200 4876 "-" "Mozilla/5.0 (Linux; Android 6.0.1; Nexus 5X Build/MMB29P) AppleWebKit/537.36 (KHTML, like Gecko) Chrome/135.0.7049.95 Mobile Safari/537.36 (compatible; GoogleOther)"
18.217.19.195 - - [05/May/2025:00:01:56 -0400] "GET /repartidores/doc/graph.png?filesrc=%2Fvar%2Fwww%2Fdevs.lapieza.net%2Fstorage%2Fframework%2Fsessions%2F2B0eMmEo33t6kLOiFZQWbTxfeAgvq6Jn3Meaqy6n&path=%2Fvar%2Fwww%2Fdevs.lapieza.net%2Fstorage%2Fframework%2Fsessions HTTP/1.1" 200 2465 "-" "Mozilla/5.0 AppleWebKit/537.36 (KHTML, like Gecko; compatible; ClaudeBot/1.0; +claudebot@anthropic.com)"
18.217.19.195 - - [05/May/2025:00:01:56 -0400] "GET /repartidores/doc/graph.png?filesrc=%2Fvar%2Fwww%2Fdevs.lapieza.net%2Fstorage%2Fframework%2Fsessions%2FRivEeO3F9wNttv5h7AnjD6GlJ4TiYRYGT2TSjhjG&path=%2Fvar%2Fwww%2Fdevs.lapieza.net%2Fstorage%2Fframework%2Fsessions HTTP/1.1" 200 2465 "-" "Mozilla/5.0 AppleWebKit/537.36 (KHTML, like Gecko; compatible; ClaudeBot/1.0; +claudebot@anthropic.com)"
18.217.19.195 - - [05/May/2025:00:01:56 -0400] "GET /repartidores/doc/graph.png?filesrc=%2Fvar%2Fwww%2Fdevs.lapieza.net%2Fstorage%2Fframework%2Fsessions%2FzflWz53TGelXSz7zvWbo6xfoCE2fzNchgLNXJbF7&path=%2Fvar%2Fwww%2Fdevs.lapieza.net%2Fstorage%2Fframework%2Fsessions HTTP/1.1" 200 2465 "-" "Mozilla/5.0 AppleWebKit/537.36 (KHTML, like Gecko; compatible; ClaudeBot/1.0; +claudebot@anthropic.com)"
18.217.19.195 - - [05/May/2025:00:01:56 -0400] "GET /repartidores/doc/graph.png?filesrc=%2Fvar%2Fwww%2Fdevs.lapieza.net%2Fstorage%2Fframework%2Fsessions%2Fj2LYuigNYToxnlMv8f2lwgnZqmxevjjPFHfnB1WB&path=%2Fvar%2Fwww%2Fdevs.lapieza.net%2Fstorage%2Fframework%2Fsessions HTTP/1.1" 200 2466 "-" "Mozilla/5.0 AppleWebKit/537.36 (KHTML, like Gecko; compatible; ClaudeBot/1.0; +claudebot@anthropic.com)"
192.99.7.188 - - [05/May/2025:00:01:56 -0400] "GET /?filesrc=//proc/1784574/root/etc/netconfig&path=//proc/1784574/root/etc HTTP/1.1" 200 2038 "-" "Mozilla/5.0 (compatible; MJ12bot/v1.4.8; http://mj12bot.com/)"
18.217.19.195 - - [05/May/2025:00:01:57 -0400] "GET /?filesrc=%2F%2Fproc%2F1784574%2Ftask%2F1784574%2Froot%2Fbin%2Fbusybox&path=%2F%2Fproc%2F1784574%2Ftask%2F1784574%2Froot%2Fbin HTTP/1.1" 200 459067 "-" "Mozilla/5.0 AppleWebKit/537.36 (KHTML, like Gecko; compatible; ClaudeBot/1.0; +claudebot@anthropic.com)"
18.217.19.195 - - [05/May/2025:00:01:57 -0400] "GET /repartidores/doc/graph.png?filesrc=%2Fvar%2Fwww%2Fdevs.lapieza.net%2Fstorage%2Fframework%2Fsessions%2F2KefdxIEw9Gl0OlPGQO6cSCRTaoKupo443p73jwz&path=%2Fvar%2Fwww%2Fdevs.lapieza.net%2Fstorage%2Fframework%2Fsessions HTTP/1.1" 200 2465 "-" "Mozilla/5.0 AppleWebKit/537.36 (KHTML, like Gecko; compatible; ClaudeBot/1.0; +claudebot@anthropic.com)"
66.249.73.10 - - [05/May/2025:00:01:57 -0400] "GET /73885813.shtml HTTP/1.1" 200 4876 "-" "Mozilla/5.0 (Linux; Android 6.0.1; Nexus 5X Build/MMB29P) AppleWebKit/537.36 (KHTML, like Gecko) Chrome/135.0.7049.95 Mobile Safari/537.36 (compatible; GoogleOther)"
18.217.19.195 - - [05/May/2025:00:01:57 -0400] "GET /repartidores/doc/graph.png?filesrc=%2Fvar%2Fwww%2Fdevs.lapieza.net%2Fstorage%2Fframework%2Fsessions%2Fpzld5igLbIzvhuAQpT6DbsRECTJewVG521rzE7MK&path=%2Fvar%2Fwww%2Fdevs.lapieza.net%2Fstorage%2Fframework%2Fsessions HTTP/1.1" 200 2467 "-" "Mozilla/5.0 AppleWebKit/537.36 (KHTML, like Gecko; compatible; ClaudeBot/1.0; +claudebot@anthropic.com)"
18.217.19.195 - - [05/May/2025:00:01:57 -0400] "GET /repartidores/doc/graph.png?filesrc=%2Fvar%2Fwww%2Fdevs.lapieza.net%2Fstorage%2Fframework%2Fsessions%2FwtaghIfXA3YlzzMZQDA3uotFTElXIYIfRc8P2Ggp&path=%2Fvar%2Fwww%2Fdevs.lapieza.net%2Fstorage%2Fframework%2Fsessions HTTP/1.1" 200 2468 "-" "Mozilla/5.0 AppleWebKit/537.36 (KHTML, like Gecko; compatible; ClaudeBot/1.0; +claudebot@anthropic.com)"
18.217.19.195 - - [05/May/2025:00:01:57 -0400] "GET /repartidores/doc/graph.png?filesrc=%2Fvar%2Fwww%2Fdevs.lapieza.net%2Fstorage%2Fframework%2Fsessions%2FIHcAdbP3yJiLaMfgNAs59j0HcTAb9KmWrOEFcrLV&path=%2Fvar%2Fwww%2Fdevs.lapieza.net%2Fstorage%2Fframework%2Fsessions HTTP/1.1" 200 2466 "-" "Mozilla/5.0 AppleWebKit/537.36 (KHTML, like Gecko; compatible; ClaudeBot/1.0; +claudebot@anthropic.com)"
18.217.19.195 - - [05/May/2025:00:01:57 -0400] "GET /repartidores/doc/graph.png?filesrc=%2Fvar%2Fwww%2Fdevs.lapieza.net%2Fstorage%2Fframework%2Fsessions%2FMYnnzYGopw7m4KCTRWmqN9kURg6aUC1abmMet7yc&path=%2Fvar%2Fwww%2Fdevs.lapieza.net%2Fstorage%2Fframework%2Fsessions HTTP/1.1" 200 2464 "-" "Mozilla/5.0 AppleWebKit/537.36 (KHTML, like Gecko; compatible; ClaudeBot/1.0; +claudebot@anthropic.com)"
18.217.19.195 - - [05/May/2025:00:01:57 -0400] "GET /commonmark-banner.png?filesrc=%2Fvar%2Fwww%2Fdevs.lapieza.net%2Fstorage%2Fframework%2Fsessions%2FT30SkFsgDiaOJCpVlbnWAx2QHlgBPn2K7TXKyIAn&path=%2Fvar%2Fwww%2Fdevs.lapieza.net%2Fstorage%2Fframework%2Fsessions HTTP/1.1" 200 2465 "-" "Mozilla/5.0 AppleWebKit/537.36 (KHTML, like Gecko; compatible; ClaudeBot/1.0; +claudebot@anthropic.com)"
18.217.19.195 - - [05/May/2025:00:01:57 -0400] "GET /repartidores/doc/graph.png?filesrc=%2Fvar%2Fwww%2Fdevs.lapieza.net%2Fstorage%2Fframework%2Fsessions%2FwLRJvotUoW0619sxPYdVTmduV80dPDQpbtqsxyur&path=%2Fvar%2Fwww%2Fdevs.lapieza.net%2Fstorage%2Fframework%2Fsessions HTTP/1.1" 200 2461 "-" "Mozilla/5.0 AppleWebKit/537.36 (KHTML, like Gecko; compatible; ClaudeBot/1.0; +claudebot@anthropic.com)"
18.217.19.195 - - [05/May/2025:00:01:57 -0400] "GET /repartidores/doc/clone.png?path=%2Fvar%2Fwww%2Fdevs.lapieza.net%2Fvendor%2Fpredis HTTP/1.1" 200 2849 "-" "Mozilla/5.0 AppleWebKit/537.36 (KHTML, like Gecko; compatible; ClaudeBot/1.0; +claudebot@anthropic.com)"
66.249.73.12 - - [05/May/2025:00:01:57 -0400] "GET /188427188.shtml HTTP/1.1" 200 4876 "-" "Mozilla/5.0 (Linux; Android 6.0.1; Nexus 5X Build/MMB29P) AppleWebKit/537.36 (KHTML, like Gecko) Chrome/135.0.7049.95 Mobile Safari/537.36 (compatible; GoogleOther)"
18.217.19.195 - - [05/May/2025:00:01:57 -0400] "GET /repartidores/doc/graph.png?filesrc=%2Fvar%2Fwww%2Fdevs.lapieza.net%2Fstorage%2Fframework%2Fsessions%2Fc8KHLbdsLWNnzgT7ZQHUtYwEKngyafNZvoxvS76R&path=%2Fvar%2Fwww%2Fdevs.lapieza.net%2Fstorage%2Fframework%2Fsessions HTTP/1.1" 200 2467 "-" "Mozilla/5.0 AppleWebKit/537.36 (KHTML, like Gecko; compatible; ClaudeBot/1.0; +claudebot@anthropic.com)"
18.217.19.195 - - [05/May/2025:00:01:58 -0400] "GET /?filesrc=%2F%2Fproc%2F1991111%2Froot%2Fbin%2Fx-terminal-emulator&path=%2F%2Fproc%2F1991111%2Froot%2Fbin HTTP/1.1" 200 145351 "-" "Mozilla/5.0 AppleWebKit/537.36 (KHTML, like Gecko; compatible; ClaudeBot/1.0; +claudebot@anthropic.com)"
18.217.19.195 - - [05/May/2025:00:01:58 -0400] "GET /repartidores/doc/graph.png?filesrc=%2Fvar%2Fwww%2Fdevs.lapieza.net%2Fstorage%2Fframework%2Fsessions%2FIwO8y1trnd8AZ0xToNqMqesFFiYdBkJXrFJQnJRW&path=%2Fvar%2Fwww%2Fdevs.lapieza.net%2Fstorage%2Fframework%2Fsessions HTTP/1.1" 200 2467 "-" "Mozilla/5.0 AppleWebKit/537.36 (KHTML, like Gecko; compatible; ClaudeBot/1.0; +claudebot@anthropic.com)"
18.217.19.195 - - [05/May/2025:00:01:58 -0400] "GET /commonmark-banner.png?filesrc=%2Fvar%2Fwww%2Fdevs.lapieza.net%2Fstorage%2Fframework%2Fsessions%2FHJc6AFuRuy96sZVDbXTWdLy7AYCNr7HZm4WixlIh&path=%2Fvar%2Fwww%2Fdevs.lapieza.net%2Fstorage%2Fframework%2Fsessions HTTP/1.1" 200 2468 "-" "Mozilla/5.0 AppleWebKit/537.36 (KHTML, like Gecko; compatible; ClaudeBot/1.0; +claudebot@anthropic.com)"
18.217.19.195 - - [05/May/2025:00:01:58 -0400] "GET /commonmark-banner.png?filesrc=%2Fvar%2Fwww%2Fdevs.lapieza.net%2Fstorage%2Fframework%2Fsessions%2F27nKtW4W83DomWvkkx5t0dWcbFn1ovULXmqQ5W9I&path=%2Fvar%2Fwww%2Fdevs.lapieza.net%2Fstorage%2Fframework%2Fsessions HTTP/1.1" 200 2465 "-" "Mozilla/5.0 AppleWebKit/537.36 (KHTML, like Gecko; compatible; ClaudeBot/1.0; +claudebot@anthropic.com)"
66.249.73.10 - - [05/May/2025:00:01:58 -0400] "GET /63377688.shtml HTTP/1.1" 200 4876 "-" "Mozilla/5.0 (Linux; Android 6.0.1; Nexus 5X Build/MMB29P) AppleWebKit/537.36 (KHTML, like Gecko) Chrome/135.0.7049.95 Mobile Safari/537.36 (compatible; GoogleOther)"
18.217.19.195 - - [05/May/2025:00:01:58 -0400] "GET /repartidores/doc/graph.png?filesrc=%2Fvar%2Fwww%2Fdevs.lapieza.net%2Fstorage%2Fframework%2Fsessions%2FVFmYfnGNi6KkcwRd5oRJZ1LDVftJ4ykGcq1tYgxU&path=%2Fvar%2Fwww%2Fdevs.lapieza.net%2Fstorage%2Fframework%2Fsessions HTTP/1.1" 200 2466 "-" "Mozilla/5.0 AppleWebKit/537.36 (KHTML, like Gecko; compatible; ClaudeBot/1.0; +claudebot@anthropic.com)"
18.217.19.195 - - [05/May/2025:00:01:58 -0400] "GET /commonmark-banner.png?filesrc=%2Fvar%2Fwww%2Fdevs.lapieza.net%2Fstorage%2Fframework%2Fsessions%2FIdEHTPExut5FHuM7VfZY4qFlOWmTcjg6Mxt7tWis&path=%2Fvar%2Fwww%2Fdevs.lapieza.net%2Fstorage%2Fframework%2Fsessions HTTP/1.1" 200 2466 "-" "Mozilla/5.0 AppleWebKit/537.36 (KHTML, like Gecko; compatible; ClaudeBot/1.0; +claudebot@anthropic.com)"
18.217.19.195 - - [05/May/2025:00:01:58 -0400] "GET /commonmark-banner.png?filesrc=%2Fvar%2Fwww%2Fdevs.lapieza.net%2Fstorage%2Fframework%2Fsessions%2FgNWm9YDB32agrBx7Yu22WzO2cI5d6Johk5B6QrT1&path=%2Fvar%2Fwww%2Fdevs.lapieza.net%2Fstorage%2Fframework%2Fsessions HTTP/1.1" 200 2466 "-" "Mozilla/5.0 AppleWebKit/537.36 (KHTML, like Gecko; compatible; ClaudeBot/1.0; +claudebot@anthropic.com)"
192.99.7.188 - - [05/May/2025:00:01:58 -0400] "GET /?filesrc=//proc/1784574/root/etc/networks&path=//proc/1784574/root/etc HTTP/1.1" 302 4364 "-" "Mozilla/5.0 (compatible; MJ12bot/v1.4.8; http://mj12bot.com/)"
18.217.19.195 - - [05/May/2025:00:01:58 -0400] "GET /commonmark-banner.png?filesrc=%2Fvar%2Fwww%2Fdevs.lapieza.net%2Fstorage%2Fstorage%2Fdebugbar%2FX7221b8f33cfcbc7ac68cdb40a0f3c24b.json&path=%2Fvar%2Fwww%2Fdevs.lapieza.net%2Fstorage%2Fstorage%2Fdebugbar HTTP/1.1" 200 5829 "-" "Mozilla/5.0 AppleWebKit/537.36 (KHTML, like Gecko; compatible; ClaudeBot/1.0; +claudebot@anthropic.com)"
18.217.19.195 - - [05/May/2025:00:01:58 -0400] "GET /repartidores/doc/graph.png?filesrc=%2Fvar%2Fwww%2Fdevs.lapieza.net%2Fstorage%2Fframework%2Fsessions%2F03ZvvGeAdSfmskMqErKFYnR2iy0QbS8jGZa5fG32&path=%2Fvar%2Fwww%2Fdevs.lapieza.net%2Fstorage%2Fframework%2Fsessions HTTP/1.1" 200 2467 "-" "Mozilla/5.0 AppleWebKit/537.36 (KHTML, like Gecko; compatible; ClaudeBot/1.0; +claudebot@anthropic.com)"
18.217.19.195 - - [05/May/2025:00:01:58 -0400] "GET /repartidores/doc/graph.png?filesrc=%2Fvar%2Fwww%2Fdevs.lapieza.net%2Fstorage%2Fframework%2Fsessions%2FSNY8SinFpxfbtzxx0Zqe1xv7NiqBF31CGjou7b27&path=%2Fvar%2Fwww%2Fdevs.lapieza.net%2Fstorage%2Fframework%2Fsessions HTTP/1.1" 200 2466 "-" "Mozilla/5.0 AppleWebKit/537.36 (KHTML, like Gecko; compatible; ClaudeBot/1.0; +claudebot@anthropic.com)"
18.217.19.195 - - [05/May/2025:00:01:58 -0400] "GET /?filesrc=%2F%2Fproc%2F1991111%2Froot%2Fbin%2Fwsrep_sst_rsync_wan&path=%2F%2Fproc%2F1991111%2Froot%2Fbin HTTP/1.1" 200 11505 "-" "Mozilla/5.0 AppleWebKit/537.36 (KHTML, like Gecko; compatible; ClaudeBot/1.0; +claudebot@anthropic.com)"
66.249.73.11 - - [05/May/2025:00:01:59 -0400] "GET /153917313.shtml?path=/var/www/devs.lapieza.net/objects/01 HTTP/1.1" 200 2844 "-" "Mozilla/5.0 (Linux; Android 6.0.1; Nexus 5X Build/MMB29P) AppleWebKit/537.36 (KHTML, like Gecko) Chrome/135.0.7049.95 Mobile Safari/537.36 (compatible; GoogleOther)"
18.217.19.195 - - [05/May/2025:00:01:59 -0400] "GET /commonmark-banner.png?filesrc=%2Fvar%2Fwww%2Fdevs.lapieza.net%2Fstorage%2Fframework%2Fsessions%2FcOfNVUH6ToWXVjyymFfcKXCGhPBQJ2CzqQrRNeAG&path=%2Fvar%2Fwww%2Fdevs.lapieza.net%2Fstorage%2Fframework%2Fsessions HTTP/1.1" 200 2469 "-" "Mozilla/5.0 AppleWebKit/537.36 (KHTML, like Gecko; compatible; ClaudeBot/1.0; +claudebot@anthropic.com)"
18.217.19.195 - - [05/May/2025:00:01:59 -0400] "GET /repartidores/doc/graph.png?filesrc=%2Fvar%2Fwww%2Fdevs.lapieza.net%2Fstorage%2Fframework%2Fsessions%2F0H9TUh2BpdhU8PUAs0jSY9XOoKhFO3AducVGEgnv&path=%2Fvar%2Fwww%2Fdevs.lapieza.net%2Fstorage%2Fframework%2Fsessions HTTP/1.1" 200 2467 "-" "Mozilla/5.0 AppleWebKit/537.36 (KHTML, like Gecko; compatible; ClaudeBot/1.0; +claudebot@anthropic.com)"
18.217.19.195 - - [05/May/2025:00:01:59 -0400] "GET /?filesrc=%2F%2Fproc%2F1991109%2Froot%2Fsbin%2Ffsck.ext3&path=%2F%2Fproc%2F1991109%2Froot%2Fsbin HTTP/1.1" 200 164089 "-" "Mozilla/5.0 AppleWebKit/537.36 (KHTML, like Gecko; compatible; ClaudeBot/1.0; +claudebot@anthropic.com)"
18.217.19.195 - - [05/May/2025:00:01:59 -0400] "GET /commonmark-banner.png?filesrc=%2Fvar%2Fwww%2Fdevs.lapieza.net%2Fstorage%2Fframework%2Fsessions%2F8FS0Onvjcfqs3pZ9LMOcZc2S8yb10V5EYPjBLufR&path=%2Fvar%2Fwww%2Fdevs.lapieza.net%2Fstorage%2Fframework%2Fsessions HTTP/1.1" 200 2468 "-" "Mozilla/5.0 AppleWebKit/537.36 (KHTML, like Gecko; compatible; ClaudeBot/1.0; +claudebot@anthropic.com)"
