13.58.121.189 - - [05/May/2025:00:00:25 -0400] "GET /commonmark-banner.png?filesrc=%2Fvar%2Fwww%2Fdevs.lapieza.net%2Fstorage%2Fframework%2Fsessions%2FAnWaZShQ9GvrBdOsGsY3ZjADGDb6JxJcKtsGvlY9&path=%2Fvar%2Fwww%2Fdevs.lapieza.net%2Fstorage%2Fframework%2Fsessions HTTP/1.1" 200 2467 "-" "Mozilla/5.0 AppleWebKit/537.36 (KHTML, like Gecko; compatible; ClaudeBot/1.0; +claudebot@anthropic.com)"
66.249.73.10 - - [05/May/2025:00:00:25 -0400] "GET /176628938.shtml HTTP/1.1" 200 4876 "-" "Mozilla/5.0 (Linux; Android 6.0.1; Nexus 5X Build/MMB29P) AppleWebKit/537.36 (KHTML, like Gecko) Chrome/135.0.7049.95 Mobile Safari/537.36 (compatible; GoogleOther)"
13.58.121.189 - - [05/May/2025:00:00:25 -0400] "GET /repartidores/doc/graph.png?filesrc=%2Fvar%2Fwww%2Fdevs.lapieza.net%2Fstorage%2Fframework%2Fsessions%2FbvbIOs0r76B9mkP6I0FkEgHiEtIPtDBOdTJcbtt7&path=%2Fvar%2Fwww%2Fdevs.lapieza.net%2Fstorage%2Fframework%2Fsessions HTTP/1.1" 200 2465 "-" "Mozilla/5.0 AppleWebKit/537.36 (KHTML, like Gecko; compatible; ClaudeBot/1.0; +claudebot@anthropic.com)"
13.58.121.189 - - [05/May/2025:00:00:25 -0400] "GET /iniciar-sesion HTTP/1.1" 200 6864 "https://devs.lapieza.net/?filesrc=%2F%2Fsys%2Fclass%2Ftty%2Fconsole%2Fsubsystem%2Ftty45%2Fdev&path=%2F%2Fsys%2Fclass%2Ftty%2Fconsole%2Fsubsystem%2Ftty45" "Mozilla/5.0 AppleWebKit/537.36 (KHTML, like Gecko; compatible; ClaudeBot/1.0; +claudebot@anthropic.com)"
13.58.121.189 - - [05/May/2025:00:00:25 -0400] "GET /commonmark-banner.png?filesrc=%2Fvar%2Fwww%2Fdevs.lapieza.net%2Fstorage%2Fframework%2Fsessions%2Fit6eoZXOhrXkrPD8MhiRwuhHgHUUp5JTT2dMWiHM&path=%2Fvar%2Fwww%2Fdevs.lapieza.net%2Fstorage%2Fframework%2Fsessions HTTP/1.1" 200 2466 "-" "Mozilla/5.0 AppleWebKit/537.36 (KHTML, like Gecko; compatible; ClaudeBot/1.0; +claudebot@anthropic.com)"
13.58.121.189 - - [05/May/2025:00:00:25 -0400] "GET /?filesrc=%2F%2Fproc%2F1784574%2Ftask%2F1784574%2Froot%2Fbin%2Fclear&path=%2F%2Fproc%2F1784574%2Ftask%2F1784574%2Froot%2Fbin HTTP/1.1" 200 5294 "-" "Mozilla/5.0 AppleWebKit/537.36 (KHTML, like Gecko; compatible; ClaudeBot/1.0; +claudebot@anthropic.com)"
13.58.121.189 - - [05/May/2025:00:00:25 -0400] "GET /commonmark-banner.png?filesrc=%2Fvar%2Fwww%2Fdevs.lapieza.net%2Fstorage%2Fframework%2Fsessions%2FCoeo3LALTE44Ck6EX4tWLBdSXl93kAfdZh5vOtaK&path=%2Fvar%2Fwww%2Fdevs.lapieza.net%2Fstorage%2Fframework%2Fsessions HTTP/1.1" 200 2467 "-" "Mozilla/5.0 AppleWebKit/537.36 (KHTML, like Gecko; compatible; ClaudeBot/1.0; +claudebot@anthropic.com)"
13.58.121.189 - - [05/May/2025:00:00:25 -0400] "GET /commonmark-banner.png?filesrc=%2Fvar%2Fwww%2Fdevs.lapieza.net%2Fstorage%2Fframework%2Fsessions%2FvLJfHyZsJud35OkkEfhEA0cNKL0qVM2P7mp4c5WC&path=%2Fvar%2Fwww%2Fdevs.lapieza.net%2Fstorage%2Fframework%2Fsessions HTTP/1.1" 200 2468 "-" "Mozilla/5.0 AppleWebKit/537.36 (KHTML, like Gecko; compatible; ClaudeBot/1.0; +claudebot@anthropic.com)"
13.58.121.189 - - [05/May/2025:00:00:25 -0400] "GET /?filesrc=%2F%2Fproc%2F1784574%2Ftask%2F1784574%2Froot%2Fbin%2Fmountpoint&path=%2F%2Fproc%2F1784574%2Ftask%2F1784574%2Froot%2Fbin HTTP/1.1" 200 6650 "-" "Mozilla/5.0 AppleWebKit/537.36 (KHTML, like Gecko; compatible; ClaudeBot/1.0; +claudebot@anthropic.com)"
66.249.73.11 - - [05/May/2025:00:00:25 -0400] "GET /32804938.shtml HTTP/1.1" 200 4876 "-" "Mozilla/5.0 (Linux; Android 6.0.1; Nexus 5X Build/MMB29P) AppleWebKit/537.36 (KHTML, like Gecko) Chrome/135.0.7049.95 Mobile Safari/537.36 (compatible; GoogleOther)"
192.99.7.188 - - [05/May/2025:00:00:25 -0400] "GET /?filesrc=//proc/1784574/cwd/_sqlupdates/v18.sql&path=//proc/1784574/cwd/_sqlupdates HTTP/1.1" 200 2311 "-" "Mozilla/5.0 (compatible; MJ12bot/v1.4.8; http://mj12bot.com/)"
13.58.121.189 - - [05/May/2025:00:00:26 -0400] "GET /repartidores/doc/graph.png?filesrc=%2Fvar%2Fwww%2Fdevs.lapieza.net%2Fstorage%2Fframework%2Fsessions%2FJhjcMbcKNGzhZGf70le6r7KBSw82DApZZqVziWz9&path=%2Fvar%2Fwww%2Fdevs.lapieza.net%2Fstorage%2Fframework%2Fsessions HTTP/1.1" 200 2468 "-" "Mozilla/5.0 AppleWebKit/537.36 (KHTML, like Gecko; compatible; ClaudeBot/1.0; +claudebot@anthropic.com)"
13.58.121.189 - - [05/May/2025:00:00:26 -0400] "GET /commonmark-banner.png?filesrc=%2Fvar%2Fwww%2Fdevs.lapieza.net%2Fstorage%2Fstorage%2Fdebugbar%2FX9b558b4c5fb9ee9fb3ee08305bcc819c.json&path=%2Fvar%2Fwww%2Fdevs.lapieza.net%2Fstorage%2Fstorage%2Fdebugbar HTTP/1.1" 200 16230 "-" "Mozilla/5.0 AppleWebKit/537.36 (KHTML, like Gecko; compatible; ClaudeBot/1.0; +claudebot@anthropic.com)"
13.58.121.189 - - [05/May/2025:00:00:26 -0400] "GET /repartidores/doc/graph.png?filesrc=%2Fvar%2Fwww%2Fdevs.lapieza.net%2Fstorage%2Fframework%2Fsessions%2FW6e9jUp5Q0HBHe47cbTk2NmvhUOuCEJmckYC7J1n&path=%2Fvar%2Fwww%2Fdevs.lapieza.net%2Fstorage%2Fframework%2Fsessions HTTP/1.1" 200 2467 "-" "Mozilla/5.0 AppleWebKit/537.36 (KHTML, like Gecko; compatible; ClaudeBot/1.0; +claudebot@anthropic.com)"
13.58.121.189 - - [05/May/2025:00:00:26 -0400] "GET /commonmark-banner.png?filesrc=%2Fvar%2Fwww%2Fdevs.lapieza.net%2Fstorage%2Fframework%2Fsessions%2FNQ2rsEcum6f3DxUgYQvfUMDP0YQYppUTAGJfi7ni&path=%2Fvar%2Fwww%2Fdevs.lapieza.net%2Fstorage%2Fframework%2Fsessions HTTP/1.1" 200 2466 "-" "Mozilla/5.0 AppleWebKit/537.36 (KHTML, like Gecko; compatible; ClaudeBot/1.0; +claudebot@anthropic.com)"
13.58.121.189 - - [05/May/2025:00:00:26 -0400] "GET /?filesrc=%2F%2Fproc%2F1784574%2Ftask%2F1784574%2Froot%2Fbin%2Fbasenc&path=%2F%2Fproc%2F1784574%2Ftask%2F1784574%2Froot%2Fbin HTTP/1.1" 200 24164 "-" "Mozilla/5.0 AppleWebKit/537.36 (KHTML, like Gecko; compatible; ClaudeBot/1.0; +claudebot@anthropic.com)"
13.58.121.189 - - [05/May/2025:00:00:26 -0400] "GET /?filesrc=%2F%2Fproc%2F1991109%2Froot%2Fsbin%2Fusermod&path=%2F%2Fproc%2F1991109%2Froot%2Fsbin HTTP/1.1" 200 61421 "-" "Mozilla/5.0 AppleWebKit/537.36 (KHTML, like Gecko; compatible; ClaudeBot/1.0; +claudebot@anthropic.com)"
66.249.73.11 - - [05/May/2025:00:00:26 -0400] "GET /34923813.shtml HTTP/1.1" 200 4876 "-" "Mozilla/5.0 (Linux; Android 6.0.1; Nexus 5X Build/MMB29P) AppleWebKit/537.36 (KHTML, like Gecko) Chrome/135.0.7049.95 Mobile Safari/537.36 (compatible; GoogleOther)"
13.58.121.189 - - [05/May/2025:00:00:26 -0400] "GET /?filesrc=%2F%2Fproc%2F1784574%2Ftask%2F1784574%2Froot%2Fbin%2Fkmod&path=%2F%2Fproc%2F1784574%2Ftask%2F1784574%2Froot%2Fbin HTTP/1.1" 200 84988 "-" "Mozilla/5.0 AppleWebKit/537.36 (KHTML, like Gecko; compatible; ClaudeBot/1.0; +claudebot@anthropic.com)"
13.58.121.189 - - [05/May/2025:00:00:26 -0400] "GET /repartidores/doc/graph.png?filesrc=%2Fvar%2Fwww%2Fdevs.lapieza.net%2Fstorage%2Fframework%2Fsessions%2FeT3FNq0kAVdLNNsOeNXjFq5sxasYavFb5QLVfRMm&path=%2Fvar%2Fwww%2Fdevs.lapieza.net%2Fstorage%2Fframework%2Fsessions HTTP/1.1" 200 2466 "-" "Mozilla/5.0 AppleWebKit/537.36 (KHTML, like Gecko; compatible; ClaudeBot/1.0; +claudebot@anthropic.com)"
13.58.121.189 - - [05/May/2025:00:00:26 -0400] "GET /repartidores/doc/graph.png?filesrc=%2Fvar%2Fwww%2Fdevs.lapieza.net%2Fstorage%2Fframework%2Fsessions%2FP6txIhX2VatHZ5jZR0WKQGbqJYXw1hiMvvcdk1QX&path=%2Fvar%2Fwww%2Fdevs.lapieza.net%2Fstorage%2Fframework%2Fsessions HTTP/1.1" 200 2468 "-" "Mozilla/5.0 AppleWebKit/537.36 (KHTML, like Gecko; compatible; ClaudeBot/1.0; +claudebot@anthropic.com)"
13.58.121.189 - - [05/May/2025:00:00:26 -0400] "GET /commonmark-banner.png?filesrc=%2Fvar%2Fwww%2Fdevs.lapieza.net%2Fstorage%2Fframework%2Fsessions%2FZ2r7opSWTeY67M7UyXsWiVNm236iVDtzQX6X6KpU&path=%2Fvar%2Fwww%2Fdevs.lapieza.net%2Fstorage%2Fframework%2Fsessions HTTP/1.1" 200 2466 "-" "Mozilla/5.0 AppleWebKit/537.36 (KHTML, like Gecko; compatible; ClaudeBot/1.0; +claudebot@anthropic.com)"
13.58.121.189 - - [05/May/2025:00:00:26 -0400] "GET /repartidores/doc/graph.png?filesrc=%2Fvar%2Fwww%2Fdevs.lapieza.net%2Fstorage%2Fframework%2Fsessions%2F7l9JaA8co0Xp7LykWdPHqHxoYOinvew7B6FqqNcr&path=%2Fvar%2Fwww%2Fdevs.lapieza.net%2Fstorage%2Fframework%2Fsessions HTTP/1.1" 200 2463 "-" "Mozilla/5.0 AppleWebKit/537.36 (KHTML, like Gecko; compatible; ClaudeBot/1.0; +claudebot@anthropic.com)"
13.58.121.189 - - [05/May/2025:00:00:26 -0400] "GET /repartidores/doc/graph.png?filesrc=%2Fvar%2Fwww%2Fdevs.lapieza.net%2Fstorage%2Fframework%2Fsessions%2FgXAMZBWRUy02tbzr4jqZNhmNbNqcKQaEorK4EsBj&path=%2Fvar%2Fwww%2Fdevs.lapieza.net%2Fstorage%2Fframework%2Fsessions HTTP/1.1" 200 2468 "-" "Mozilla/5.0 AppleWebKit/537.36 (KHTML, like Gecko; compatible; ClaudeBot/1.0; +claudebot@anthropic.com)"
66.249.73.10 - - [05/May/2025:00:00:27 -0400] "GET /348766813.shtml HTTP/1.1" 200 4876 "-" "Mozilla/5.0 (Linux; Android 6.0.1; Nexus 5X Build/MMB29P) AppleWebKit/537.36 (KHTML, like Gecko) Chrome/135.0.7049.95 Mobile Safari/537.36 (compatible; GoogleOther)"
13.58.121.189 - - [05/May/2025:00:00:27 -0400] "GET /commonmark-banner.png?filesrc=%2Fvar%2Fwww%2Fdevs.lapieza.net%2Fstorage%2Fframework%2Fsessions%2Fy3ZluVKe99oO5R2S9jJpSL7AcISPWCB4op4XUnvW&path=%2Fvar%2Fwww%2Fdevs.lapieza.net%2Fstorage%2Fframework%2Fsessions HTTP/1.1" 200 2467 "-" "Mozilla/5.0 AppleWebKit/537.36 (KHTML, like Gecko; compatible; ClaudeBot/1.0; +claudebot@anthropic.com)"
13.58.121.189 - - [05/May/2025:00:00:27 -0400] "GET /repartidores/doc/graph.png?filesrc=%2Fvar%2Fwww%2Fdevs.lapieza.net%2Fstorage%2Fframework%2Fsessions%2FKSW5Xooa3Rzo6QCRA92CZUf0p04RPK7V4hiLGyhj&path=%2Fvar%2Fwww%2Fdevs.lapieza.net%2Fstorage%2Fframework%2Fsessions HTTP/1.1" 200 2467 "-" "Mozilla/5.0 AppleWebKit/537.36 (KHTML, like Gecko; compatible; ClaudeBot/1.0; +claudebot@anthropic.com)"
13.58.121.189 - - [05/May/2025:00:00:27 -0400] "GET /commonmark-banner.png?filesrc=%2Fvar%2Fwww%2Fdevs.lapieza.net%2Fstorage%2Fstorage%2Fdebugbar%2FXa11e7e82cbdbde63858dfd86f009d793.json&path=%2Fvar%2Fwww%2Fdevs.lapieza.net%2Fstorage%2Fstorage%2Fdebugbar HTTP/1.1" 200 7131 "-" "Mozilla/5.0 AppleWebKit/537.36 (KHTML, like Gecko; compatible; ClaudeBot/1.0; +claudebot@anthropic.com)"
13.58.121.189 - - [05/May/2025:00:00:27 -0400] "GET /repartidores/doc/graph.png?filesrc=%2Fvar%2Fwww%2Fdevs.lapieza.net%2Fstorage%2Fframework%2Fsessions%2FcJGfdlVxjZJpLIbJXuNcvnugdw6sryzo1cN0fkmP&path=%2Fvar%2Fwww%2Fdevs.lapieza.net%2Fstorage%2Fframework%2Fsessions HTTP/1.1" 200 2465 "-" "Mozilla/5.0 AppleWebKit/537.36 (KHTML, like Gecko; compatible; ClaudeBot/1.0; +claudebot@anthropic.com)"
13.58.121.189 - - [05/May/2025:00:00:27 -0400] "GET /repartidores/doc/graph.png?filesrc=%2Fvar%2Fwww%2Fdevs.lapieza.net%2Fstorage%2Fframework%2Fsessions%2FkEw8ob6ysla4yaXU9RQVdoHYz3ULQ4H8OJU1e719&path=%2Fvar%2Fwww%2Fdevs.lapieza.net%2Fstorage%2Fframework%2Fsessions HTTP/1.1" 200 2466 "-" "Mozilla/5.0 AppleWebKit/537.36 (KHTML, like Gecko; compatible; ClaudeBot/1.0; +claudebot@anthropic.com)"
13.58.121.189 - - [05/May/2025:00:00:27 -0400] "GET /commonmark-banner.png?filesrc=%2Fvar%2Fwww%2Fdevs.lapieza.net%2Fstorage%2Fframework%2Fsessions%2FCAv0vREuDuXimAg7Qc5oiRaQPU8759iGMDAinJnU&path=%2Fvar%2Fwww%2Fdevs.lapieza.net%2Fstorage%2Fframework%2Fsessions HTTP/1.1" 200 2466 "-" "Mozilla/5.0 AppleWebKit/537.36 (KHTML, like Gecko; compatible; ClaudeBot/1.0; +claudebot@anthropic.com)"
13.58.121.189 - - [05/May/2025:00:00:27 -0400] "GET /repartidores/doc/graph.png?filesrc=%2Fvar%2Fwww%2Fdevs.lapieza.net%2Fstorage%2Fframework%2Fsessions%2FnseDyLr9rYjFOQIag615c2YgetdLCFkn7GSjE8Vr&path=%2Fvar%2Fwww%2Fdevs.lapieza.net%2Fstorage%2Fframework%2Fsessions HTTP/1.1" 200 2462 "-" "Mozilla/5.0 AppleWebKit/537.36 (KHTML, like Gecko; compatible; ClaudeBot/1.0; +claudebot@anthropic.com)"
66.249.73.11 - - [05/May/2025:00:00:27 -0400] "GET /344953563.shtml?path=/var/www/devs.lapieza.net/objects/df HTTP/1.1" 200 3022 "-" "Mozilla/5.0 (Linux; Android 6.0.1; Nexus 5X Build/MMB29P) AppleWebKit/537.36 (KHTML, like Gecko) Chrome/135.0.7049.95 Mobile Safari/537.36 (compatible; GoogleOther)"
13.58.121.189 - - [05/May/2025:00:00:27 -0400] "GET /repartidores/doc/graph.png?filesrc=%2Fvar%2Fwww%2Fdevs.lapieza.net%2Fstorage%2Fframework%2Fsessions%2F5lk7QnVyaTPEKbODLuScv8Dmggk2VuVvcaUfhlqy&path=%2Fvar%2Fwww%2Fdevs.lapieza.net%2Fstorage%2Fframework%2Fsessions HTTP/1.1" 200 2466 "-" "Mozilla/5.0 AppleWebKit/537.36 (KHTML, like Gecko; compatible; ClaudeBot/1.0; +claudebot@anthropic.com)"
13.58.121.189 - - [05/May/2025:00:00:27 -0400] "GET /?filesrc=%2F%2Fsys%2Fclass%2Fwakeup%2Fwakeup9%2Fdevice%2Fpower%2Fruntime_usage&path=%2F%2Fsys%2Fclass%2Fwakeup%2Fwakeup9%2Fdevice%2Fpower HTTP/1.1" 302 4455 "-" "Mozilla/5.0 AppleWebKit/537.36 (KHTML, like Gecko; compatible; ClaudeBot/1.0; +claudebot@anthropic.com)"
13.58.121.189 - - [05/May/2025:00:00:27 -0400] "GET /repartidores/doc/graph.png?filesrc=%2Fvar%2Fwww%2Fdevs.lapieza.net%2Fstorage%2Fframework%2Fsessions%2F7Q9ECW5FvY1P7FSfl8kCunxXUBeFlwIThK8LTYP7&path=%2Fvar%2Fwww%2Fdevs.lapieza.net%2Fstorage%2Fframework%2Fsessions HTTP/1.1" 200 2468 "-" "Mozilla/5.0 AppleWebKit/537.36 (KHTML, like Gecko; compatible; ClaudeBot/1.0; +claudebot@anthropic.com)"
192.99.7.188 - - [05/May/2025:00:00:27 -0400] "GET /?filesrc=//proc/1784574/cwd/_sqlupdates/v19.sql&path=//proc/1784574/cwd/_sqlupdates HTTP/1.1" 200 1937 "-" "Mozilla/5.0 (compatible; MJ12bot/v1.4.8; http://mj12bot.com/)"
13.58.121.189 - - [05/May/2025:00:00:27 -0400] "GET /repartidores/doc/graph.png?filesrc=%2Fvar%2Fwww%2Fdevs.lapieza.net%2Fstorage%2Fframework%2Fsessions%2FY6azCtgi5d0FMhTpeArKOjXPRfUWYJqOLdgqOcgv&path=%2Fvar%2Fwww%2Fdevs.lapieza.net%2Fstorage%2Fframework%2Fsessions HTTP/1.1" 200 2467 "-" "Mozilla/5.0 AppleWebKit/537.36 (KHTML, like Gecko; compatible; ClaudeBot/1.0; +claudebot@anthropic.com)"
13.58.121.189 - - [05/May/2025:00:00:27 -0400] "GET /iniciar-sesion HTTP/1.1" 200 6864 "https://devs.lapieza.net/?filesrc=%2F%2Fsys%2Fclass%2Fwakeup%2Fwakeup9%2Fdevice%2Fpower%2Fruntime_usage&path=%2F%2Fsys%2Fclass%2Fwakeup%2Fwakeup9%2Fdevice%2Fpower" "Mozilla/5.0 AppleWebKit/537.36 (KHTML, like Gecko; compatible; ClaudeBot/1.0; +claudebot@anthropic.com)"
13.58.121.189 - - [05/May/2025:00:00:28 -0400] "GET /repartidores/doc/graph.png?filesrc=%2Fvar%2Fwww%2Fdevs.lapieza.net%2Fstorage%2Fframework%2Fsessions%2F1jEoV3ojB8TRiRL2KDLigNn2nEdyD5mgvyyAhhfg&path=%2Fvar%2Fwww%2Fdevs.lapieza.net%2Fstorage%2Fframework%2Fsessions HTTP/1.1" 200 2464 "-" "Mozilla/5.0 AppleWebKit/537.36 (KHTML, like Gecko; compatible; ClaudeBot/1.0; +claudebot@anthropic.com)"
13.58.121.189 - - [05/May/2025:00:00:28 -0400] "GET /commonmark-banner.png?filesrc=%2Fvar%2Fwww%2Fdevs.lapieza.net%2Fstorage%2Fframework%2Fsessions%2FNV5fxJo0xxN8v50YovKJfJKbbGslFtYlr0qj69eH&path=%2Fvar%2Fwww%2Fdevs.lapieza.net%2Fstorage%2Fframework%2Fsessions HTTP/1.1" 200 2464 "-" "Mozilla/5.0 AppleWebKit/537.36 (KHTML, like Gecko; compatible; ClaudeBot/1.0; +claudebot@anthropic.com)"
13.58.121.189 - - [05/May/2025:00:00:28 -0400] "GET /commonmark-banner.png?filesrc=%2Fvar%2Fwww%2Fdevs.lapieza.net%2Fstorage%2Fframework%2Fsessions%2F3cBVCDHrxe4KwLD7utoxrIpPtvcwqudwTGdKiHFm&path=%2Fvar%2Fwww%2Fdevs.lapieza.net%2Fstorage%2Fframework%2Fsessions HTTP/1.1" 200 2464 "-" "Mozilla/5.0 AppleWebKit/537.36 (KHTML, like Gecko; compatible; ClaudeBot/1.0; +claudebot@anthropic.com)"
66.249.73.11 - - [05/May/2025:00:00:28 -0400] "GET /180212938.shtml HTTP/1.1" 200 4876 "-" "Mozilla/5.0 (Linux; Android 6.0.1; Nexus 5X Build/MMB29P) AppleWebKit/537.36 (KHTML, like Gecko) Chrome/135.0.7049.95 Mobile Safari/537.36 (compatible; GoogleOther)"
13.58.121.189 - - [05/May/2025:00:00:28 -0400] "GET /commonmark-banner.png?filesrc=%2Fvar%2Fwww%2Fdevs.lapieza.net%2Fstorage%2Fstorage%2Fdebugbar%2FX6774bc6105e69c44c9bb7aafa9fa9cfe.json&path=%2Fvar%2Fwww%2Fdevs.lapieza.net%2Fstorage%2Fstorage%2Fdebugbar HTTP/1.1" 200 17964 "-" "Mozilla/5.0 AppleWebKit/537.36 (KHTML, like Gecko; compatible; ClaudeBot/1.0; +claudebot@anthropic.com)"
13.58.121.189 - - [05/May/2025:00:00:28 -0400] "GET /iniciar-sesion?path=%2Fvar%2Fwww%2Fnegocios.lapieza.do%2Fstorage%2Fdebugbar HTTP/1.1" 200 82668 "-" "Mozilla/5.0 AppleWebKit/537.36 (KHTML, like Gecko; compatible; ClaudeBot/1.0; +claudebot@anthropic.com)"
13.58.121.189 - - [05/May/2025:00:00:28 -0400] "GET /repartidores/doc/graph.png?filesrc=%2Fvar%2Fwww%2Fdevs.lapieza.net%2Fstorage%2Fframework%2Fsessions%2FLs1hu4gXxJsPBOw8RGpYloSmBafhL09ladT1zIJP&path=%2Fvar%2Fwww%2Fdevs.lapieza.net%2Fstorage%2Fframework%2Fsessions HTTP/1.1" 200 2464 "-" "Mozilla/5.0 AppleWebKit/537.36 (KHTML, like Gecko; compatible; ClaudeBot/1.0; +claudebot@anthropic.com)"
13.58.121.189 - - [05/May/2025:00:00:28 -0400] "GET /repartidores/doc/graph.png?filesrc=%2Fvar%2Fwww%2Fdevs.lapieza.net%2Fstorage%2Fframework%2Fsessions%2F1Pyoo0gKXhc9ajCe8tV4pMKYXFhIBBPGcQCqJ6I1&path=%2Fvar%2Fwww%2Fdevs.lapieza.net%2Fstorage%2Fframework%2Fsessions HTTP/1.1" 200 2467 "-" "Mozilla/5.0 AppleWebKit/537.36 (KHTML, like Gecko; compatible; ClaudeBot/1.0; +claudebot@anthropic.com)"
13.58.121.189 - - [05/May/2025:00:00:28 -0400] "GET /?filesrc=%2F%2Fproc%2F1784574%2Ftask%2F1784574%2Froot%2Fbin%2Fbunzip2&path=%2F%2Fproc%2F1784574%2Ftask%2F1784574%2Froot%2Fbin HTTP/1.1" 200 16215 "-" "Mozilla/5.0 AppleWebKit/537.36 (KHTML, like Gecko; compatible; ClaudeBot/1.0; +claudebot@anthropic.com)"
13.58.121.189 - - [05/May/2025:00:00:28 -0400] "GET /?filesrc=%2F%2Fproc%2F1784574%2Ftask%2F1784574%2Froot%2Fbin%2Fsystemd-sysext&path=%2F%2Fproc%2F1784574%2Ftask%2F1784574%2Froot%2Fbin HTTP/1.1" 200 17549 "-" "Mozilla/5.0 AppleWebKit/537.36 (KHTML, like Gecko; compatible; ClaudeBot/1.0; +claudebot@anthropic.com)"
66.249.73.10 - - [05/May/2025:00:00:28 -0400] "GET /226825438.shtml HTTP/1.1" 200 4876 "-" "Mozilla/5.0 (Linux; Android 6.0.1; Nexus 5X Build/MMB29P) AppleWebKit/537.36 (KHTML, like Gecko) Chrome/135.0.7049.95 Mobile Safari/537.36 (compatible; GoogleOther)"
13.58.121.189 - - [05/May/2025:00:00:28 -0400] "GET /repartidores/doc/graph.png?filesrc=%2Fvar%2Fwww%2Fdevs.lapieza.net%2Fstorage%2Fframework%2Fsessions%2FX2gDqu3ToNiXGC5vi5XtzNEhPahFGR2KOMnXpA6D&path=%2Fvar%2Fwww%2Fdevs.lapieza.net%2Fstorage%2Fframework%2Fsessions HTTP/1.1" 200 2467 "-" "Mozilla/5.0 AppleWebKit/537.36 (KHTML, like Gecko; compatible; ClaudeBot/1.0; +claudebot@anthropic.com)"
13.58.121.189 - - [05/May/2025:00:00:28 -0400] "GET /commonmark-banner.png?filesrc=%2Fvar%2Fwww%2Fdevs.lapieza.net%2Fstorage%2Fframework%2Fsessions%2FMrDEc6SJ7gW2N2ArarbGKZ91ncIEwYkax8TmZnx2&path=%2Fvar%2Fwww%2Fdevs.lapieza.net%2Fstorage%2Fframework%2Fsessions HTTP/1.1" 200 2467 "-" "Mozilla/5.0 AppleWebKit/537.36 (KHTML, like Gecko; compatible; ClaudeBot/1.0; +claudebot@anthropic.com)"
13.58.121.189 - - [05/May/2025:00:00:29 -0400] "GET /?filesrc=%2F%2Fproc%2F1991111%2Froot%2Fbin%2Fjs-yaml&path=%2F%2Fproc%2F1991111%2Froot%2Fbin HTTP/1.1" 200 2808 "-" "Mozilla/5.0 AppleWebKit/537.36 (KHTML, like Gecko; compatible; ClaudeBot/1.0; +claudebot@anthropic.com)"
13.58.121.189 - - [05/May/2025:00:00:29 -0400] "GET /iniciar-sesion?path=%2F%2Fproc%2F63%2Ftask HTTP/1.1" 200 4646 "-" "Mozilla/5.0 AppleWebKit/537.36 (KHTML, like Gecko; compatible; ClaudeBot/1.0; +claudebot@anthropic.com)"
13.58.121.189 - - [05/May/2025:00:00:29 -0400] "GET /?filesrc=%2F%2Fsys%2Fclass%2Fdrm%2Fcard0%2Fdevice%2Fpower%2Fruntime_status&path=%2F%2Fsys%2Fclass%2Fdrm%2Fcard0%2Fdevice%2Fpower HTTP/1.1" 302 4433 "-" "Mozilla/5.0 AppleWebKit/537.36 (KHTML, like Gecko; compatible; ClaudeBot/1.0; +claudebot@anthropic.com)"
13.58.121.189 - - [05/May/2025:00:00:29 -0400] "GET /commonmark-banner.png?filesrc=%2Fvar%2Fwww%2Fdevs.lapieza.net%2Fstorage%2Fframework%2Fsessions%2FwZqzH1HzJREEpaEIoJrExvfqttvF3wdUORpkIFCb&path=%2Fvar%2Fwww%2Fdevs.lapieza.net%2Fstorage%2Fframework%2Fsessions HTTP/1.1" 200 2466 "-" "Mozilla/5.0 AppleWebKit/537.36 (KHTML, like Gecko; compatible; ClaudeBot/1.0; +claudebot@anthropic.com)"
85.208.96.202 - - [05/May/2025:00:00:29 -0400] "GET /265025063.shtml HTTP/1.1" 200 4876 "-" "Mozilla/5.0 (compatible; SemrushBot/7~bl; +http://www.semrush.com/bot.html)"
66.249.73.10 - - [05/May/2025:00:00:29 -0400] "GET /243439188.shtml HTTP/1.1" 200 4876 "-" "Mozilla/5.0 (Linux; Android 6.0.1; Nexus 5X Build/MMB29P) AppleWebKit/537.36 (KHTML, like Gecko) Chrome/135.0.7049.95 Mobile Safari/537.36 (compatible; GoogleOther)"
13.58.121.189 - - [05/May/2025:00:00:29 -0400] "GET /repartidores/doc/graph.png?filesrc=%2Fvar%2Fwww%2Fdevs.lapieza.net%2Fstorage%2Fframework%2Fsessions%2FprixAmwPskmYBrWlOFCeCTOP6VCN2TUljGHhb7ai&path=%2Fvar%2Fwww%2Fdevs.lapieza.net%2Fstorage%2Fframework%2Fsessions HTTP/1.1" 200 2463 "-" "Mozilla/5.0 AppleWebKit/537.36 (KHTML, like Gecko; compatible; ClaudeBot/1.0; +claudebot@anthropic.com)"
13.58.121.189 - - [05/May/2025:00:00:29 -0400] "GET /iniciar-sesion HTTP/1.1" 200 6864 "https://devs.lapieza.net/?filesrc=%2F%2Fsys%2Fclass%2Fdrm%2Fcard0%2Fdevice%2Fpower%2Fruntime_status&path=%2F%2Fsys%2Fclass%2Fdrm%2Fcard0%2Fdevice%2Fpower" "Mozilla/5.0 AppleWebKit/537.36 (KHTML, like Gecko; compatible; ClaudeBot/1.0; +claudebot@anthropic.com)"
13.58.121.189 - - [05/May/2025:00:00:29 -0400] "GET /commonmark-banner.png?filesrc=%2Fvar%2Fwww%2Fdevs.lapieza.net%2Fstorage%2Fframework%2Fsessions%2FfsYgeZUJghwuVpKqAFyOBEvizZRPW9NxzQLUlFCF&path=%2Fvar%2Fwww%2Fdevs.lapieza.net%2Fstorage%2Fframework%2Fsessions HTTP/1.1" 200 2470 "-" "Mozilla/5.0 AppleWebKit/537.36 (KHTML, like Gecko; compatible; ClaudeBot/1.0; +claudebot@anthropic.com)"
13.58.121.189 - - [05/May/2025:00:00:29 -0400] "GET /commonmark-banner.png?filesrc=%2Fvar%2Fwww%2Fdevs.lapieza.net%2Fstorage%2Fframework%2Fsessions%2F9tTfyB10AvSHwRfH2D4oGFeXhMqprjlR8e7h0eGM&path=%2Fvar%2Fwww%2Fdevs.lapieza.net%2Fstorage%2Fframework%2Fsessions HTTP/1.1" 200 2464 "-" "Mozilla/5.0 AppleWebKit/537.36 (KHTML, like Gecko; compatible; ClaudeBot/1.0; +claudebot@anthropic.com)"
13.58.121.189 - - [05/May/2025:00:00:29 -0400] "GET /repartidores/doc/graph.png?filesrc=%2Fvar%2Fwww%2Fdevs.lapieza.net%2Fstorage%2Fframework%2Fsessions%2Fvg7MT5CJmjt8jaNkT2Vt5ewSepQ70WqlxihzcDll&path=%2Fvar%2Fwww%2Fdevs.lapieza.net%2Fstorage%2Fframework%2Fsessions HTTP/1.1" 200 2462 "-" "Mozilla/5.0 AppleWebKit/537.36 (KHTML, like Gecko; compatible; ClaudeBot/1.0; +claudebot@anthropic.com)"
13.58.121.189 - - [05/May/2025:00:00:29 -0400] "GET /commonmark-banner.png?filesrc=%2Fvar%2Fwww%2Fdevs.lapieza.net%2Fstorage%2Fframework%2Fsessions%2FRJ3zj5KHvYMa9WOCyl3czITR85rUZEdeyeIOUsFO&path=%2Fvar%2Fwww%2Fdevs.lapieza.net%2Fstorage%2Fframework%2Fsessions HTTP/1.1" 200 2468 "-" "Mozilla/5.0 AppleWebKit/537.36 (KHTML, like Gecko; compatible; ClaudeBot/1.0; +claudebot@anthropic.com)"
192.99.7.188 - - [05/May/2025:00:00:29 -0400] "GET /?filesrc=//proc/1784574/cwd/_sqlupdates/v20.sql&path=//proc/1784574/cwd/_sqlupdates HTTP/1.1" 200 2968 "-" "Mozilla/5.0 (compatible; MJ12bot/v1.4.8; http://mj12bot.com/)"
13.58.121.189 - - [05/May/2025:00:00:29 -0400] "GET /commonmark-banner.png?filesrc=%2Fvar%2Fwww%2Fdevs.lapieza.net%2Fstorage%2Fframework%2Fsessions%2F5CFtaBgaBoWYkqUeZCKgx4ADZJMMESG9gFFSbjge&path=%2Fvar%2Fwww%2Fdevs.lapieza.net%2Fstorage%2Fframework%2Fsessions HTTP/1.1" 200 2469 "-" "Mozilla/5.0 AppleWebKit/537.36 (KHTML, like Gecko; compatible; ClaudeBot/1.0; +claudebot@anthropic.com)"
66.249.73.11 - - [05/May/2025:00:00:29 -0400] "GET /86733438.shtml?path=//var/opt HTTP/1.1" 200 2440 "-" "Mozilla/5.0 (Linux; Android 6.0.1; Nexus 5X Build/MMB29P) AppleWebKit/537.36 (KHTML, like Gecko) Chrome/135.0.7049.95 Mobile Safari/537.36 (compatible; GoogleOther)"
13.58.121.189 - - [05/May/2025:00:00:30 -0400] "GET /?filesrc=%2F%2Fsys%2Fclass%2Fnet%2Feth0%2Fsubsystem%2Flo%2Fcarrier_down_count&path=%2F%2Fsys%2Fclass%2Fnet%2Feth0%2Fsubsystem%2Flo HTTP/1.1" 302 4430 "-" "Mozilla/5.0 AppleWebKit/537.36 (KHTML, like Gecko; compatible; ClaudeBot/1.0; +claudebot@anthropic.com)"
13.58.121.189 - - [05/May/2025:00:00:30 -0400] "GET /commonmark-banner.png?filesrc=%2Fvar%2Fwww%2Fdevs.lapieza.net%2Fstorage%2Fframework%2Fsessions%2Fb3ziroCkli3hJYtqntGyxITibSNSYI7ISHqz4FZ3&path=%2Fvar%2Fwww%2Fdevs.lapieza.net%2Fstorage%2Fframework%2Fsessions HTTP/1.1" 200 2465 "-" "Mozilla/5.0 AppleWebKit/537.36 (KHTML, like Gecko; compatible; ClaudeBot/1.0; +claudebot@anthropic.com)"
13.58.121.189 - - [05/May/2025:00:00:30 -0400] "GET /repartidores/doc/graph.png?filesrc=%2Fvar%2Fwww%2Fdevs.lapieza.net%2Fstorage%2Fframework%2Fsessions%2F8o73UsIW6e3U1jQnvUk4vLxtfFSBJ9wYyFN33y5k&path=%2Fvar%2Fwww%2Fdevs.lapieza.net%2Fstorage%2Fframework%2Fsessions HTTP/1.1" 200 2466 "-" "Mozilla/5.0 AppleWebKit/537.36 (KHTML, like Gecko; compatible; ClaudeBot/1.0; +claudebot@anthropic.com)"
13.58.121.189 - - [05/May/2025:00:00:30 -0400] "GET /iniciar-sesion HTTP/1.1" 200 6864 "https://devs.lapieza.net/?filesrc=%2F%2Fsys%2Fclass%2Fnet%2Feth0%2Fsubsystem%2Flo%2Fcarrier_down_count&path=%2F%2Fsys%2Fclass%2Fnet%2Feth0%2Fsubsystem%2Flo" "Mozilla/5.0 AppleWebKit/537.36 (KHTML, like Gecko; compatible; ClaudeBot/1.0; +claudebot@anthropic.com)"
13.58.121.189 - - [05/May/2025:00:00:30 -0400] "GET /commonmark-banner.png?filesrc=%2Fvar%2Fwww%2Fdevs.lapieza.net%2Fstorage%2Fframework%2Fsessions%2FnH1NbpYYabivqEy32PvmPJI1OYGJUiID2LhFNlnR&path=%2Fvar%2Fwww%2Fdevs.lapieza.net%2Fstorage%2Fframework%2Fsessions HTTP/1.1" 200 2466 "-" "Mozilla/5.0 AppleWebKit/537.36 (KHTML, like Gecko; compatible; ClaudeBot/1.0; +claudebot@anthropic.com)"
13.58.121.189 - - [05/May/2025:00:00:30 -0400] "GET /commonmark-banner.png?filesrc=%2Fvar%2Fwww%2Fdevs.lapieza.net%2Fstorage%2Fstorage%2Fdebugbar%2FX97853db38a25d6c27f91d2eddbd5019a.json&path=%2Fvar%2Fwww%2Fdevs.lapieza.net%2Fstorage%2Fstorage%2Fdebugbar HTTP/1.1" 200 8284 "-" "Mozilla/5.0 AppleWebKit/537.36 (KHTML, like Gecko; compatible; ClaudeBot/1.0; +claudebot@anthropic.com)"
13.58.121.189 - - [05/May/2025:00:00:30 -0400] "GET /repartidores/doc/graph.png?filesrc=%2Fvar%2Fwww%2Fdevs.lapieza.net%2Fstorage%2Fframework%2Fsessions%2FLDdEmlesAd73y8ZvLV31vKmtGkBq1DfuTLVL8WTJ&path=%2Fvar%2Fwww%2Fdevs.lapieza.net%2Fstorage%2Fframework%2Fsessions HTTP/1.1" 200 2468 "-" "Mozilla/5.0 AppleWebKit/537.36 (KHTML, like Gecko; compatible; ClaudeBot/1.0; +claudebot@anthropic.com)"
13.58.121.189 - - [05/May/2025:00:00:30 -0400] "GET /repartidores/doc/graph.png?filesrc=%2Fvar%2Fwww%2Fdevs.lapieza.net%2Fstorage%2Fframework%2Fsessions%2FhWEr5U1f93RPahQZaJAlU6bMZodCpgxNyAAriZQ4&path=%2Fvar%2Fwww%2Fdevs.lapieza.net%2Fstorage%2Fframework%2Fsessions HTTP/1.1" 200 2467 "-" "Mozilla/5.0 AppleWebKit/537.36 (KHTML, like Gecko; compatible; ClaudeBot/1.0; +claudebot@anthropic.com)"
66.249.73.11 - - [05/May/2025:00:00:30 -0400] "GET /97666563.shtml HTTP/1.1" 200 4876 "-" "Mozilla/5.0 (Linux; Android 6.0.1; Nexus 5X Build/MMB29P) AppleWebKit/537.36 (KHTML, like Gecko) Chrome/135.0.7049.95 Mobile Safari/537.36 (compatible; GoogleOther)"
13.58.121.189 - - [05/May/2025:00:00:30 -0400] "GET /repartidores/doc/graph.png?filesrc=%2Fvar%2Fwww%2Fdevs.lapieza.net%2Fstorage%2Fframework%2Fsessions%2F3ArMl2X6Jrqg9JUSL3W0M4pFukZy24zPohfTPAtG&path=%2Fvar%2Fwww%2Fdevs.lapieza.net%2Fstorage%2Fframework%2Fsessions HTTP/1.1" 200 2467 "-" "Mozilla/5.0 AppleWebKit/537.36 (KHTML, like Gecko; compatible; ClaudeBot/1.0; +claudebot@anthropic.com)"
13.58.121.189 - - [05/May/2025:00:00:30 -0400] "GET /repartidores/doc/graph.png?filesrc=%2Fvar%2Fwww%2Fdevs.lapieza.net%2Fstorage%2Fframework%2Fsessions%2FP6gC0rnQnOC1a4x9Ii9GZMFp8ZUujwo5hxXkXlUA&path=%2Fvar%2Fwww%2Fdevs.lapieza.net%2Fstorage%2Fframework%2Fsessions HTTP/1.1" 200 2467 "-" "Mozilla/5.0 AppleWebKit/537.36 (KHTML, like Gecko; compatible; ClaudeBot/1.0; +claudebot@anthropic.com)"
13.58.121.189 - - [05/May/2025:00:00:30 -0400] "GET /repartidores/doc/graph.png?filesrc=%2Fvar%2Fwww%2Fdevs.lapieza.net%2Fstorage%2Fframework%2Fsessions%2F7z498moXTjxYb79nHyfWDMWS6yChIS8DNHqAQ8JY&path=%2Fvar%2Fwww%2Fdevs.lapieza.net%2Fstorage%2Fframework%2Fsessions HTTP/1.1" 200 2470 "-" "Mozilla/5.0 AppleWebKit/537.36 (KHTML, like Gecko; compatible; ClaudeBot/1.0; +claudebot@anthropic.com)"
13.58.121.189 - - [05/May/2025:00:00:30 -0400] "GET /?filesrc=%2F%2Fproc%2F1991111%2Froot%2Fbin%2Flnstat&path=%2F%2Fproc%2F1991111%2Froot%2Fbin HTTP/1.1" 200 10471 "-" "Mozilla/5.0 AppleWebKit/537.36 (KHTML, like Gecko; compatible; ClaudeBot/1.0; +claudebot@anthropic.com)"
13.58.121.189 - - [05/May/2025:00:00:31 -0400] "GET /repartidores/doc/graph.png?filesrc=%2Fvar%2Fwww%2Fdevs.lapieza.net%2Fstorage%2Fframework%2Fsessions%2FaMM1fhF86qSNZLe53plyUJ4VT5NHemMfsVxB8KsQ&path=%2Fvar%2Fwww%2Fdevs.lapieza.net%2Fstorage%2Fframework%2Fsessions HTTP/1.1" 200 2467 "-" "Mozilla/5.0 AppleWebKit/537.36 (KHTML, like Gecko; compatible; ClaudeBot/1.0; +claudebot@anthropic.com)"
66.249.73.11 - - [05/May/2025:00:00:31 -0400] "GET /340706563.shtml HTTP/1.1" 200 4876 "-" "Mozilla/5.0 (Linux; Android 6.0.1; Nexus 5X Build/MMB29P) AppleWebKit/537.36 (KHTML, like Gecko) Chrome/135.0.7049.95 Mobile Safari/537.36 (compatible; GoogleOther)"
13.58.121.189 - - [05/May/2025:00:00:31 -0400] "GET /?filesrc=%2F%2Fproc%2F1991111%2Froot%2Fbin%2Fjson5&path=%2F%2Fproc%2F1991111%2Froot%2Fbin HTTP/1.1" 200 2999 "-" "Mozilla/5.0 AppleWebKit/537.36 (KHTML, like Gecko; compatible; ClaudeBot/1.0; +claudebot@anthropic.com)"
13.58.121.189 - - [05/May/2025:00:00:31 -0400] "GET /commonmark-banner.png?filesrc=%2Fvar%2Fwww%2Fdevs.lapieza.net%2Fstorage%2Fframework%2Fsessions%2FPSsSKRxTQrA2NswXmjqX9fHUHxe8TYYBqHBXxHxj&path=%2Fvar%2Fwww%2Fdevs.lapieza.net%2Fstorage%2Fframework%2Fsessions HTTP/1.1" 200 2469 "-" "Mozilla/5.0 AppleWebKit/537.36 (KHTML, like Gecko; compatible; ClaudeBot/1.0; +claudebot@anthropic.com)"
13.58.121.189 - - [05/May/2025:00:00:31 -0400] "GET /?path=%2F%2Fsys%2Fclass%2Ftty%2Fconsole%2Fsubsystem%2Fptmx%2Fpower HTTP/1.1" 200 2440 "-" "Mozilla/5.0 AppleWebKit/537.36 (KHTML, like Gecko; compatible; ClaudeBot/1.0; +claudebot@anthropic.com)"
13.58.121.189 - - [05/May/2025:00:00:31 -0400] "GET /?path=%2F%2Fsys%2Fclass%2Ftty%2Fptmx%2Fsubsystem%2Fconsole%2Fpower HTTP/1.1" 200 2440 "-" "Mozilla/5.0 AppleWebKit/537.36 (KHTML, like Gecko; compatible; ClaudeBot/1.0; +claudebot@anthropic.com)"
13.58.121.189 - - [05/May/2025:00:00:31 -0400] "GET /?filesrc=%2F%2Fproc%2F59871%2Ftask%2F59879%2Fattr%2Fapparmor%2Fprev&path=%2F%2Fproc%2F59871%2Ftask%2F59879%2Fattr%2Fapparmor HTTP/1.1" 302 4431 "-" "Mozilla/5.0 AppleWebKit/537.36 (KHTML, like Gecko; compatible; ClaudeBot/1.0; +claudebot@anthropic.com)"
13.58.121.189 - - [05/May/2025:00:00:31 -0400] "GET /commonmark-banner.png?filesrc=%2Fvar%2Fwww%2Fdevs.lapieza.net%2Fstorage%2Fframework%2Fsessions%2FqXVrVs7bhwR08epnYwEYJIiscb7Y6VjTIzLS198o&path=%2Fvar%2Fwww%2Fdevs.lapieza.net%2Fstorage%2Fframework%2Fsessions HTTP/1.1" 200 2466 "-" "Mozilla/5.0 AppleWebKit/537.36 (KHTML, like Gecko; compatible; ClaudeBot/1.0; +claudebot@anthropic.com)"
13.58.121.189 - - [05/May/2025:00:00:31 -0400] "GET /iniciar-sesion?path=%2F%2Fproc%2F52%2Ftask HTTP/1.1" 200 4649 "-" "Mozilla/5.0 AppleWebKit/537.36 (KHTML, like Gecko; compatible; ClaudeBot/1.0; +claudebot@anthropic.com)"
13.58.121.189 - - [05/May/2025:00:00:31 -0400] "GET /iniciar-sesion HTTP/1.1" 200 6864 "https://devs.lapieza.net/?filesrc=%2F%2Fproc%2F59871%2Ftask%2F59879%2Fattr%2Fapparmor%2Fprev&path=%2F%2Fproc%2F59871%2Ftask%2F59879%2Fattr%2Fapparmor" "Mozilla/5.0 AppleWebKit/537.36 (KHTML, like Gecko; compatible; ClaudeBot/1.0; +claudebot@anthropic.com)"
13.58.121.189 - - [05/May/2025:00:00:31 -0400] "GET /repartidores/doc/graph.png?filesrc=%2Fvar%2Fwww%2Fdevs.lapieza.net%2Fstorage%2Fframework%2Fsessions%2F7ZaYqyXdkugFoWA6y18HBxZ98u98ny841uFR36Se&path=%2Fvar%2Fwww%2Fdevs.lapieza.net%2Fstorage%2Fframework%2Fsessions HTTP/1.1" 200 2466 "-" "Mozilla/5.0 AppleWebKit/537.36 (KHTML, like Gecko; compatible; ClaudeBot/1.0; +claudebot@anthropic.com)"
66.249.73.10 - - [05/May/2025:00:00:31 -0400] "GET /22162938.shtml HTTP/1.1" 200 4876 "-" "Mozilla/5.0 (Linux; Android 6.0.1; Nexus 5X Build/MMB29P) AppleWebKit/537.36 (KHTML, like Gecko) Chrome/135.0.7049.95 Mobile Safari/537.36 (compatible; GoogleOther)"
13.58.121.189 - - [05/May/2025:00:00:31 -0400] "GET /?filesrc=%2F%2Fsys%2Fclass%2Fthermal%2Fcooling_device0%2Fpower%2Fruntime_active_time&path=%2F%2Fsys%2Fclass%2Fthermal%2Fcooling_device0%2Fpower HTTP/1.1" 302 4423 "-" "Mozilla/5.0 AppleWebKit/537.36 (KHTML, like Gecko; compatible; ClaudeBot/1.0; +claudebot@anthropic.com)"
13.58.121.189 - - [05/May/2025:00:00:31 -0400] "GET /?filesrc=%2F%2Fsys%2Fclass%2Fwakeup%2Fwakeup10%2Fdevice%2Fdevice%3A20%2Fadr&path=%2F%2Fsys%2Fclass%2Fwakeup%2Fwakeup10%2Fdevice%2Fdevice%3A20 HTTP/1.1" 302 4471 "-" "Mozilla/5.0 AppleWebKit/537.36 (KHTML, like Gecko; compatible; ClaudeBot/1.0; +claudebot@anthropic.com)"
192.99.7.188 - - [05/May/2025:00:00:31 -0400] "GET /?filesrc=//proc/1784574/cwd/_sqlupdates/v21.sql&path=//proc/1784574/cwd/_sqlupdates HTTP/1.1" 302 4456 "-" "Mozilla/5.0 (compatible; MJ12bot/v1.4.8; http://mj12bot.com/)"
13.58.121.189 - - [05/May/2025:00:00:31 -0400] "GET /?path=%2F%2Fsys%2Fclass%2Fthermal%2Fcooling_device3%2Fdevice%2Fthermal_cooling HTTP/1.1" 200 2479 "-" "Mozilla/5.0 AppleWebKit/537.36 (KHTML, like Gecko; compatible; ClaudeBot/1.0; +claudebot@anthropic.com)"
13.58.121.189 - - [05/May/2025:00:00:32 -0400] "GET /iniciar-sesion HTTP/1.1" 200 6864 "https://devs.lapieza.net/?filesrc=%2F%2Fsys%2Fclass%2Fthermal%2Fcooling_device0%2Fpower%2Fruntime_active_time&path=%2F%2Fsys%2Fclass%2Fthermal%2Fcooling_device0%2Fpower" "Mozilla/5.0 AppleWebKit/537.36 (KHTML, like Gecko; compatible; ClaudeBot/1.0; +claudebot@anthropic.com)"
13.58.121.189 - - [05/May/2025:00:00:32 -0400] "GET /commonmark-banner.png?filesrc=%2Fvar%2Fwww%2Fdevs.lapieza.net%2Fstorage%2Fframework%2Fsessions%2Fn8RfAoBqKR087EMxLNqv4Y4qsKvb1YfS04licNeR&path=%2Fvar%2Fwww%2Fdevs.lapieza.net%2Fstorage%2Fframework%2Fsessions HTTP/1.1" 200 2465 "-" "Mozilla/5.0 AppleWebKit/537.36 (KHTML, like Gecko; compatible; ClaudeBot/1.0; +claudebot@anthropic.com)"
13.58.121.189 - - [05/May/2025:00:00:32 -0400] "GET /iniciar-sesion HTTP/1.1" 200 6864 "https://devs.lapieza.net/?filesrc=%2F%2Fsys%2Fclass%2Fwakeup%2Fwakeup10%2Fdevice%2Fdevice%3A20%2Fadr&path=%2F%2Fsys%2Fclass%2Fwakeup%2Fwakeup10%2Fdevice%2Fdevice%3A20" "Mozilla/5.0 AppleWebKit/537.36 (KHTML, like Gecko; compatible; ClaudeBot/1.0; +claudebot@anthropic.com)"
13.58.121.189 - - [05/May/2025:00:00:32 -0400] "GET /repartidores/doc/graph.png?filesrc=%2Fvar%2Fwww%2Fdevs.lapieza.net%2Fstorage%2Fframework%2Fsessions%2FeaoZMPETbMhY0OytxdeKhwY5ImGkJ2OXlNgdvfZd&path=%2Fvar%2Fwww%2Fdevs.lapieza.net%2Fstorage%2Fframework%2Fsessions HTTP/1.1" 200 2466 "-" "Mozilla/5.0 AppleWebKit/537.36 (KHTML, like Gecko; compatible; ClaudeBot/1.0; +claudebot@anthropic.com)"
13.58.121.189 - - [05/May/2025:00:00:32 -0400] "GET /commonmark-banner.png?filesrc=%2Fvar%2Fwww%2Fdevs.lapieza.net%2Fstorage%2Fframework%2Fsessions%2FhI7jSKmpdN98u7uCroPtnFDDBAaKNAddUOQgO4oP&path=%2Fvar%2Fwww%2Fdevs.lapieza.net%2Fstorage%2Fframework%2Fsessions HTTP/1.1" 200 2466 "-" "Mozilla/5.0 AppleWebKit/537.36 (KHTML, like Gecko; compatible; ClaudeBot/1.0; +claudebot@anthropic.com)"
66.249.73.10 - - [05/May/2025:00:00:32 -0400] "GET /93561813.shtml HTTP/1.1" 200 4876 "-" "Mozilla/5.0 (Linux; Android 6.0.1; Nexus 5X Build/MMB29P) AppleWebKit/537.36 (KHTML, like Gecko) Chrome/135.0.7049.95 Mobile Safari/537.36 (compatible; GoogleOther)"
13.58.121.189 - - [05/May/2025:00:00:32 -0400] "GET /commonmark-banner.png?filesrc=%2Fvar%2Fwww%2Fdevs.lapieza.net%2Fstorage%2Fframework%2Fsessions%2FNxpoAhEmg7krwZwL6L0csifTbVOCLLfWT2UVUr2H&path=%2Fvar%2Fwww%2Fdevs.lapieza.net%2Fstorage%2Fframework%2Fsessions HTTP/1.1" 200 2466 "-" "Mozilla/5.0 AppleWebKit/537.36 (KHTML, like Gecko; compatible; ClaudeBot/1.0; +claudebot@anthropic.com)"
13.58.121.189 - - [05/May/2025:00:00:32 -0400] "GET /repartidores/doc/graph.png?filesrc=%2Fvar%2Fwww%2Fdevs.lapieza.net%2Fstorage%2Fframework%2Fsessions%2FEz1ENxMCXv3S3rPrPLDCZVlhr97e8Armbs6PE2C4&path=%2Fvar%2Fwww%2Fdevs.lapieza.net%2Fstorage%2Fframework%2Fsessions HTTP/1.1" 200 2467 "-" "Mozilla/5.0 AppleWebKit/537.36 (KHTML, like Gecko; compatible; ClaudeBot/1.0; +claudebot@anthropic.com)"
13.58.121.189 - - [05/May/2025:00:00:32 -0400] "GET /repartidores/doc/graph.png?filesrc=%2Fvar%2Fwww%2Fdevs.lapieza.net%2Fstorage%2Fframework%2Fsessions%2FzeuFbDP1wHqWCjHONdTXWFgMp4ICJP64JZrnfCAj&path=%2Fvar%2Fwww%2Fdevs.lapieza.net%2Fstorage%2Fframework%2Fsessions HTTP/1.1" 200 2469 "-" "Mozilla/5.0 AppleWebKit/537.36 (KHTML, like Gecko; compatible; ClaudeBot/1.0; +claudebot@anthropic.com)"
13.58.121.189 - - [05/May/2025:00:00:32 -0400] "GET /repartidores/doc/graph.png?filesrc=%2Fvar%2Fwww%2Fdevs.lapieza.net%2Fstorage%2Fframework%2Fsessions%2FhUu1e1u96quVxHrxQpojoNlP0vbESrO2jILy6COt&path=%2Fvar%2Fwww%2Fdevs.lapieza.net%2Fstorage%2Fframework%2Fsessions HTTP/1.1" 200 2465 "-" "Mozilla/5.0 AppleWebKit/537.36 (KHTML, like Gecko; compatible; ClaudeBot/1.0; +claudebot@anthropic.com)"
13.58.121.189 - - [05/May/2025:00:00:32 -0400] "GET /repartidores/doc/graph.png?filesrc=%2Fvar%2Fwww%2Fdevs.lapieza.net%2Fstorage%2Fframework%2Fsessions%2FoFrKnMj33Ylgns1PZRrGL139GfFQdFVUrcILvDaQ&path=%2Fvar%2Fwww%2Fdevs.lapieza.net%2Fstorage%2Fframework%2Fsessions HTTP/1.1" 200 2467 "-" "Mozilla/5.0 AppleWebKit/537.36 (KHTML, like Gecko; compatible; ClaudeBot/1.0; +claudebot@anthropic.com)"
13.58.121.189 - - [05/May/2025:00:00:32 -0400] "GET /repartidores/doc/graph.png?filesrc=%2Fvar%2Fwww%2Fdevs.lapieza.net%2Fstorage%2Fframework%2Fsessions%2Fh5QCAwGFB4I2vMUmaOa3Ko9AS7BYnURWn6UJ8YCh&path=%2Fvar%2Fwww%2Fdevs.lapieza.net%2Fstorage%2Fframework%2Fsessions HTTP/1.1" 200 2468 "-" "Mozilla/5.0 AppleWebKit/537.36 (KHTML, like Gecko; compatible; ClaudeBot/1.0; +claudebot@anthropic.com)"
13.58.121.189 - - [05/May/2025:00:00:32 -0400] "GET /repartidores/doc/graph.png?filesrc=%2Fvar%2Fwww%2Fdevs.lapieza.net%2Fstorage%2Fframework%2Fsessions%2FLBl69pm9uZ4GuIUaXpwpw8TrNNAZv2h278Hp13mc&path=%2Fvar%2Fwww%2Fdevs.lapieza.net%2Fstorage%2Fframework%2Fsessions HTTP/1.1" 200 2465 "-" "Mozilla/5.0 AppleWebKit/537.36 (KHTML, like Gecko; compatible; ClaudeBot/1.0; +claudebot@anthropic.com)"
13.58.121.189 - - [05/May/2025:00:00:33 -0400] "GET /commonmark-banner.png?filesrc=%2Fvar%2Fwww%2Fdevs.lapieza.net%2Fstorage%2Fframework%2Fsessions%2F4hqjCtwi5k7ssOkfxEqlcrtfaFdSpBzkKLrIJVS9&path=%2Fvar%2Fwww%2Fdevs.lapieza.net%2Fstorage%2Fframework%2Fsessions HTTP/1.1" 200 2465 "-" "Mozilla/5.0 AppleWebKit/537.36 (KHTML, like Gecko; compatible; ClaudeBot/1.0; +claudebot@anthropic.com)"
13.58.121.189 - - [05/May/2025:00:00:33 -0400] "GET /repartidores/doc/graph.png?filesrc=%2Fvar%2Fwww%2Fdevs.lapieza.net%2Fstorage%2Fframework%2Fsessions%2FjvYS3A1OIFyzcPgdmh2BHR3qZSEqSrJQIuFskGVZ&path=%2Fvar%2Fwww%2Fdevs.lapieza.net%2Fstorage%2Fframework%2Fsessions HTTP/1.1" 200 2469 "-" "Mozilla/5.0 AppleWebKit/537.36 (KHTML, like Gecko; compatible; ClaudeBot/1.0; +claudebot@anthropic.com)"
13.58.121.189 - - [05/May/2025:00:00:33 -0400] "GET /repartidores/doc/graph.png?filesrc=%2Fvar%2Fwww%2Fdevs.lapieza.net%2Fstorage%2Fframework%2Fsessions%2FMpIyOgi4D2c0z5cWdD2eoiV7S9fjrQIWQRHlX7L4&path=%2Fvar%2Fwww%2Fdevs.lapieza.net%2Fstorage%2Fframework%2Fsessions HTTP/1.1" 200 2466 "-" "Mozilla/5.0 AppleWebKit/537.36 (KHTML, like Gecko; compatible; ClaudeBot/1.0; +claudebot@anthropic.com)"
13.58.121.189 - - [05/May/2025:00:00:33 -0400] "GET /?filesrc=%2F%2Fproc%2F1784574%2Ftask%2F1784574%2Froot%2Fbin%2Flsattr&path=%2F%2Fproc%2F1784574%2Ftask%2F1784574%2Froot%2Fbin HTTP/1.1" 200 5649 "-" "Mozilla/5.0 AppleWebKit/537.36 (KHTML, like Gecko; compatible; ClaudeBot/1.0; +claudebot@anthropic.com)"
13.58.121.189 - - [05/May/2025:00:00:33 -0400] "GET /repartidores/doc/graph.png?filesrc=%2Fvar%2Fwww%2Fdevs.lapieza.net%2Fstorage%2Fframework%2Fsessions%2F1I5CzpQhuopvpEAyB44oCNMZiL69c2kREdCs708f&path=%2Fvar%2Fwww%2Fdevs.lapieza.net%2Fstorage%2Fframework%2Fsessions HTTP/1.1" 200 2467 "-" "Mozilla/5.0 AppleWebKit/537.36 (KHTML, like Gecko; compatible; ClaudeBot/1.0; +claudebot@anthropic.com)"
66.249.73.10 - - [05/May/2025:00:00:33 -0400] "GET /152595063.shtml HTTP/1.1" 200 4876 "-" "Mozilla/5.0 (Linux; Android 6.0.1; Nexus 5X Build/MMB29P) AppleWebKit/537.36 (KHTML, like Gecko) Chrome/135.0.7049.95 Mobile Safari/537.36 (compatible; GoogleOther)"
13.58.121.189 - - [05/May/2025:00:00:33 -0400] "GET /commonmark-banner.png?filesrc=%2Fvar%2Fwww%2Fdevs.lapieza.net%2Fstorage%2Fframework%2Fsessions%2FBjIDn2XDsKj1RBn8luZ46keE9vcnpJDWXvxQNBnj&path=%2Fvar%2Fwww%2Fdevs.lapieza.net%2Fstorage%2Fframework%2Fsessions HTTP/1.1" 200 2469 "-" "Mozilla/5.0 AppleWebKit/537.36 (KHTML, like Gecko; compatible; ClaudeBot/1.0; +claudebot@anthropic.com)"
13.58.121.189 - - [05/May/2025:00:00:33 -0400] "GET /repartidores/doc/graph.png?filesrc=%2Fvar%2Fwww%2Fdevs.lapieza.net%2Fstorage%2Fframework%2Fsessions%2FC2DeDE6dtqSvzMYkubY6iN0qlec8T9ihYPknSeRZ&path=%2Fvar%2Fwww%2Fdevs.lapieza.net%2Fstorage%2Fframework%2Fsessions HTTP/1.1" 200 2466 "-" "Mozilla/5.0 AppleWebKit/537.36 (KHTML, like Gecko; compatible; ClaudeBot/1.0; +claudebot@anthropic.com)"
13.58.121.189 - - [05/May/2025:00:00:33 -0400] "GET /repartidores/doc/graph.png?filesrc=%2Fvar%2Fwww%2Fdevs.lapieza.net%2Fstorage%2Fframework%2Fsessions%2Fi0Yj52Q2PgJkhdhYTRyQ1XN8U81ZaSYBjBVHtsmB&path=%2Fvar%2Fwww%2Fdevs.lapieza.net%2Fstorage%2Fframework%2Fsessions HTTP/1.1" 200 2469 "-" "Mozilla/5.0 AppleWebKit/537.36 (KHTML, like Gecko; compatible; ClaudeBot/1.0; +claudebot@anthropic.com)"
13.58.121.189 - - [05/May/2025:00:00:33 -0400] "GET /repartidores/doc/graph.png?filesrc=%2Fvar%2Fwww%2Fdevs.lapieza.net%2Fstorage%2Fframework%2Fsessions%2F8GZL6zWLpj50EuRur4FSUIGhIPUvzbLG9VtcIHKK&path=%2Fvar%2Fwww%2Fdevs.lapieza.net%2Fstorage%2Fframework%2Fsessions HTTP/1.1" 200 2470 "-" "Mozilla/5.0 AppleWebKit/537.36 (KHTML, like Gecko; compatible; ClaudeBot/1.0; +claudebot@anthropic.com)"
13.58.121.189 - - [05/May/2025:00:00:33 -0400] "GET /repartidores/doc/graph.png?filesrc=%2Fvar%2Fwww%2Fdevs.lapieza.net%2Fstorage%2Fframework%2Fsessions%2Fbw6LwxUxZFA1g1hSYCymPYwP5ZHR0rRWuGOympxB&path=%2Fvar%2Fwww%2Fdevs.lapieza.net%2Fstorage%2Fframework%2Fsessions HTTP/1.1" 200 2466 "-" "Mozilla/5.0 AppleWebKit/537.36 (KHTML, like Gecko; compatible; ClaudeBot/1.0; +claudebot@anthropic.com)"
13.58.121.189 - - [05/May/2025:00:00:33 -0400] "GET /commonmark-banner.png?filesrc=%2Fvar%2Fwww%2Fdevs.lapieza.net%2Fstorage%2Fframework%2Fsessions%2F4vqtf4tldgn1BXKi1oUG2lfXPKwjLjA76aXEfQiN&path=%2Fvar%2Fwww%2Fdevs.lapieza.net%2Fstorage%2Fframework%2Fsessions HTTP/1.1" 200 2466 "-" "Mozilla/5.0 AppleWebKit/537.36 (KHTML, like Gecko; compatible; ClaudeBot/1.0; +claudebot@anthropic.com)"
13.58.121.189 - - [05/May/2025:00:00:34 -0400] "GET /commonmark-banner.png?filesrc=%2Fvar%2Fwww%2Fdevs.lapieza.net%2Fstorage%2Fframework%2Fsessions%2FWGOdpSCMJiCs4Z0VkugeHjU5DupP6pSuQIU7PbGg&path=%2Fvar%2Fwww%2Fdevs.lapieza.net%2Fstorage%2Fframework%2Fsessions HTTP/1.1" 200 2466 "-" "Mozilla/5.0 AppleWebKit/537.36 (KHTML, like Gecko; compatible; ClaudeBot/1.0; +claudebot@anthropic.com)"
66.249.73.11 - - [05/May/2025:00:00:34 -0400] "GET /105725188.shtml HTTP/1.1" 200 4876 "-" "Mozilla/5.0 (Linux; Android 6.0.1; Nexus 5X Build/MMB29P) AppleWebKit/537.36 (KHTML, like Gecko) Chrome/135.0.7049.95 Mobile Safari/537.36 (compatible; GoogleOther)"
13.58.121.189 - - [05/May/2025:00:00:34 -0400] "GET /repartidores/doc/graph.png?filesrc=%2Fvar%2Fwww%2Fdevs.lapieza.net%2Fstorage%2Fframework%2Fsessions%2FDnb6GkyzOMFzpzerrxnXYSmkH4h1QwFFet91gPXE&path=%2Fvar%2Fwww%2Fdevs.lapieza.net%2Fstorage%2Fframework%2Fsessions HTTP/1.1" 200 2463 "-" "Mozilla/5.0 AppleWebKit/537.36 (KHTML, like Gecko; compatible; ClaudeBot/1.0; +claudebot@anthropic.com)"
192.99.7.188 - - [05/May/2025:00:00:34 -0400] "GET /iniciar-sesion HTTP/1.1" 200 6864 "-" "Mozilla/5.0 (compatible; MJ12bot/v1.4.8; http://mj12bot.com/)"
13.58.121.189 - - [05/May/2025:00:00:34 -0400] "GET /repartidores/doc/graph.png?filesrc=%2Fvar%2Fwww%2Fdevs.lapieza.net%2Fstorage%2Fframework%2Fsessions%2Fw35YkdhQ40c3yB6HZaofHVnABZWkAk1Kb9VC7oOJ&path=%2Fvar%2Fwww%2Fdevs.lapieza.net%2Fstorage%2Fframework%2Fsessions HTTP/1.1" 200 2467 "-" "Mozilla/5.0 AppleWebKit/537.36 (KHTML, like Gecko; compatible; ClaudeBot/1.0; +claudebot@anthropic.com)"
13.58.121.189 - - [05/May/2025:00:00:34 -0400] "GET /commonmark-banner.png?filesrc=%2Fvar%2Fwww%2Fdevs.lapieza.net%2Fstorage%2Fframework%2Fsessions%2FGblpk7F56UdWiKWGNo3AVOHAldglscczQQ0Hclr0&path=%2Fvar%2Fwww%2Fdevs.lapieza.net%2Fstorage%2Fframework%2Fsessions HTTP/1.1" 200 2463 "-" "Mozilla/5.0 AppleWebKit/537.36 (KHTML, like Gecko; compatible; ClaudeBot/1.0; +claudebot@anthropic.com)"
13.58.121.189 - - [05/May/2025:00:00:34 -0400] "GET /repartidores/doc/graph.png?filesrc=%2Fvar%2Fwww%2Fdevs.lapieza.net%2Fstorage%2Fframework%2Fsessions%2FRQElYLJ0Rr4JeA0gQAHdcoB1dVBPQeZzNOgiUhT6&path=%2Fvar%2Fwww%2Fdevs.lapieza.net%2Fstorage%2Fframework%2Fsessions HTTP/1.1" 200 2468 "-" "Mozilla/5.0 AppleWebKit/537.36 (KHTML, like Gecko; compatible; ClaudeBot/1.0; +claudebot@anthropic.com)"
13.58.121.189 - - [05/May/2025:00:00:34 -0400] "GET /?filesrc=%2F%2Fproc%2F1991109%2Froot%2Fproc%2Fmodules&path=%2F%2Fproc%2F1991109%2Froot%2Fproc HTTP/1.1" 200 2974 "-" "Mozilla/5.0 AppleWebKit/537.36 (KHTML, like Gecko; compatible; ClaudeBot/1.0; +claudebot@anthropic.com)"
66.249.73.10 - - [05/May/2025:00:00:34 -0400] "GET /34795688.shtml HTTP/1.1" 200 4876 "-" "Mozilla/5.0 (Linux; Android 6.0.1; Nexus 5X Build/MMB29P) AppleWebKit/537.36 (KHTML, like Gecko) Chrome/135.0.7049.95 Mobile Safari/537.36 (compatible; GoogleOther)"
13.58.121.189 - - [05/May/2025:00:00:34 -0400] "GET /commonmark-banner.png?filesrc=%2Fvar%2Fwww%2Fdevs.lapieza.net%2Fstorage%2Fframework%2Fsessions%2FTBqPAcGMwthZL5ihKSS2bHXrIJdmaMpLF58R4CDr&path=%2Fvar%2Fwww%2Fdevs.lapieza.net%2Fstorage%2Fframework%2Fsessions HTTP/1.1" 200 2464 "-" "Mozilla/5.0 AppleWebKit/537.36 (KHTML, like Gecko; compatible; ClaudeBot/1.0; +claudebot@anthropic.com)"
13.58.121.189 - - [05/May/2025:00:00:34 -0400] "GET /repartidores/doc/graph.png?filesrc=%2Fvar%2Fwww%2Fdevs.lapieza.net%2Fstorage%2Fframework%2Fsessions%2FdIUxlFejORQZIEZzLCSDQOhlcYcfUF9A2fUNwAKJ&path=%2Fvar%2Fwww%2Fdevs.lapieza.net%2Fstorage%2Fframework%2Fsessions HTTP/1.1" 200 2470 "-" "Mozilla/5.0 AppleWebKit/537.36 (KHTML, like Gecko; compatible; ClaudeBot/1.0; +claudebot@anthropic.com)"
13.58.121.189 - - [05/May/2025:00:00:34 -0400] "GET /repartidores/doc/graph.png?filesrc=%2Fvar%2Fwww%2Fdevs.lapieza.net%2Fstorage%2Fframework%2Fsessions%2FumEt7wb1oz5SlR6gKuwDdRNrfJKKATjqBe7gfxYl&path=%2Fvar%2Fwww%2Fdevs.lapieza.net%2Fstorage%2Fframework%2Fsessions HTTP/1.1" 200 2463 "-" "Mozilla/5.0 AppleWebKit/537.36 (KHTML, like Gecko; compatible; ClaudeBot/1.0; +claudebot@anthropic.com)"
13.58.121.189 - - [05/May/2025:00:00:34 -0400] "GET /commonmark-banner.png?filesrc=%2Fvar%2Fwww%2Fdevs.lapieza.net%2Fstorage%2Fframework%2Fsessions%2FkkKux4iEVE4jnezI32iveM34eqAZo0RSKBkzoLmn&path=%2Fvar%2Fwww%2Fdevs.lapieza.net%2Fstorage%2Fframework%2Fsessions HTTP/1.1" 200 2465 "-" "Mozilla/5.0 AppleWebKit/537.36 (KHTML, like Gecko; compatible; ClaudeBot/1.0; +claudebot@anthropic.com)"
13.58.121.189 - - [05/May/2025:00:00:35 -0400] "GET /repartidores/doc/graph.png?filesrc=%2Fvar%2Fwww%2Fdevs.lapieza.net%2Fstorage%2Fframework%2Fsessions%2FhxY0f0Ha8Cc9VmlAFCsyguPlhfisSZUHnzT4ZS4y&path=%2Fvar%2Fwww%2Fdevs.lapieza.net%2Fstorage%2Fframework%2Fsessions HTTP/1.1" 200 2466 "-" "Mozilla/5.0 AppleWebKit/537.36 (KHTML, like Gecko; compatible; ClaudeBot/1.0; +claudebot@anthropic.com)"
13.58.121.189 - - [05/May/2025:00:00:35 -0400] "GET /repartidores/doc/graph.png?filesrc=%2Fvar%2Fwww%2Fdevs.lapieza.net%2Fstorage%2Fframework%2Fsessions%2FlMiZu6t3tkpo3QGX6bpxopAahupS4rMUTKuBCqUE&path=%2Fvar%2Fwww%2Fdevs.lapieza.net%2Fstorage%2Fframework%2Fsessions HTTP/1.1" 200 2461 "-" "Mozilla/5.0 AppleWebKit/537.36 (KHTML, like Gecko; compatible; ClaudeBot/1.0; +claudebot@anthropic.com)"
66.249.73.11 - - [05/May/2025:00:00:35 -0400] "GET /307754188.shtml HTTP/1.1" 200 4876 "-" "Mozilla/5.0 (Linux; Android 6.0.1; Nexus 5X Build/MMB29P) AppleWebKit/537.36 (KHTML, like Gecko) Chrome/135.0.7049.95 Mobile Safari/537.36 (compatible; GoogleOther)"
13.58.121.189 - - [05/May/2025:00:00:35 -0400] "GET /repartidores/doc/graph.png?filesrc=%2Fvar%2Fwww%2Fdevs.lapieza.net%2Fstorage%2Fframework%2Fsessions%2FNOmbFPTU6HsL60qFxXae3urP4ADI7avRJAjYBwuB&path=%2Fvar%2Fwww%2Fdevs.lapieza.net%2Fstorage%2Fframework%2Fsessions HTTP/1.1" 200 2466 "-" "Mozilla/5.0 AppleWebKit/537.36 (KHTML, like Gecko; compatible; ClaudeBot/1.0; +claudebot@anthropic.com)"
13.58.121.189 - - [05/May/2025:00:00:35 -0400] "GET /repartidores/doc/graph.png?filesrc=%2Fvar%2Fwww%2Fdevs.lapieza.net%2Fstorage%2Fframework%2Fsessions%2FA8xNohOvp3vP8ETDQ17K0r9hl9UsbKnSOLrrAur9&path=%2Fvar%2Fwww%2Fdevs.lapieza.net%2Fstorage%2Fframework%2Fsessions HTTP/1.1" 200 2466 "-" "Mozilla/5.0 AppleWebKit/537.36 (KHTML, like Gecko; compatible; ClaudeBot/1.0; +claudebot@anthropic.com)"
13.58.121.189 - - [05/May/2025:00:00:35 -0400] "GET /repartidores/doc/graph.png?filesrc=%2Fvar%2Fwww%2Fdevs.lapieza.net%2Fstorage%2Fframework%2Fsessions%2FI366BLUptSGhXasx6mA1YGPIfMSfmCSqvVjZrHnQ&path=%2Fvar%2Fwww%2Fdevs.lapieza.net%2Fstorage%2Fframework%2Fsessions HTTP/1.1" 200 2466 "-" "Mozilla/5.0 AppleWebKit/537.36 (KHTML, like Gecko; compatible; ClaudeBot/1.0; +claudebot@anthropic.com)"
13.58.121.189 - - [05/May/2025:00:00:35 -0400] "GET /?filesrc=%2F%2Fproc%2F1784574%2Ftask%2F1784574%2Froot%2Fbin%2Fescodegen&path=%2F%2Fproc%2F1784574%2Ftask%2F1784574%2Froot%2Fbin HTTP/1.1" 200 3112 "-" "Mozilla/5.0 AppleWebKit/537.36 (KHTML, like Gecko; compatible; ClaudeBot/1.0; +claudebot@anthropic.com)"
13.58.121.189 - - [05/May/2025:00:00:35 -0400] "GET /repartidores/doc/graph.png?filesrc=%2Fvar%2Fwww%2Fdevs.lapieza.net%2Fstorage%2Fframework%2Fsessions%2FQuHuAPD4DLIiDSdRBiNAhQ3J7sH2MnV4vrsQQwoH&path=%2Fvar%2Fwww%2Fdevs.lapieza.net%2Fstorage%2Fframework%2Fsessions HTTP/1.1" 200 2466 "-" "Mozilla/5.0 AppleWebKit/537.36 (KHTML, like Gecko; compatible; ClaudeBot/1.0; +claudebot@anthropic.com)"
13.58.121.189 - - [05/May/2025:00:00:35 -0400] "GET /commonmark-banner.png?filesrc=%2Fvar%2Fwww%2Fdevs.lapieza.net%2Fstorage%2Fframework%2Fsessions%2Frw86yrYIBwAZ7mBSW46bgRHtLnWUZJgBjruPN13N&path=%2Fvar%2Fwww%2Fdevs.lapieza.net%2Fstorage%2Fframework%2Fsessions HTTP/1.1" 200 2467 "-" "Mozilla/5.0 AppleWebKit/537.36 (KHTML, like Gecko; compatible; ClaudeBot/1.0; +claudebot@anthropic.com)"
