HOME


Mini Shell 1.0
Redirecting to https://devs.lapieza.net/iniciar-sesion Redirecting to https://devs.lapieza.net/iniciar-sesion.
DIR: /var/log/nginx/
Upload File :
Current File : /var/log/nginx/access.log
207.180.207.36 - - [03/May/2025:00:00:03 -0400] "GET /iniciar-sesion HTTP/1.1" 200 6651 "-" "Mozilla/5.0 (compatible; MJ12bot/v1.4.8; http://mj12bot.com/)"
207.180.207.36 - - [03/May/2025:00:00:12 -0400] "GET /?filesrc=//proc/1991110/attr/exec&path=//proc/1991110/attr HTTP/1.1" 302 4248 "-" "Mozilla/5.0 (compatible; MJ12bot/v1.4.8; http://mj12bot.com/)"
66.249.73.10 - - [03/May/2025:00:00:17 -0400] "GET /36470938.shtml HTTP/1.1" 200 21182 "-" "Mozilla/5.0 (Linux; Android 6.0.1; Nexus 5X Build/MMB29P) AppleWebKit/537.36 (KHTML, like Gecko) Chrome/135.0.7049.95 Mobile Safari/537.36 (compatible; GoogleOther)"
207.180.207.36 - - [03/May/2025:00:00:18 -0400] "GET /iniciar-sesion HTTP/1.1" 200 6657 "-" "Mozilla/5.0 (compatible; MJ12bot/v1.4.8; http://mj12bot.com/)"
66.249.70.70 - - [03/May/2025:00:00:20 -0400] "GET /detail/112263579 HTTP/1.1" 200 25790 "-" "Mozilla/5.0 (Linux; Android 6.0.1; Nexus 5X Build/MMB29P) AppleWebKit/537.36 (KHTML, like Gecko) Chrome/135.0.7049.95 Mobile Safari/537.36 (compatible; GoogleOther)"
207.180.207.36 - - [03/May/2025:00:00:23 -0400] "GET /?filesrc=//proc/1991110/attr/fscreate&path=//proc/1991110/attr HTTP/1.1" 302 4252 "-" "Mozilla/5.0 (compatible; MJ12bot/v1.4.8; http://mj12bot.com/)"
207.180.207.36 - - [03/May/2025:00:00:28 -0400] "GET /iniciar-sesion HTTP/1.1" 200 6653 "-" "Mozilla/5.0 (compatible; MJ12bot/v1.4.8; http://mj12bot.com/)"
66.249.70.69 - - [03/May/2025:00:00:29 -0400] "POST /get-message-notify HTTP/1.1" 200 23283 "https://negocios.lapieza.do/detail/112263579" "Mozilla/5.0 (Linux; Android 6.0.1; Nexus 5X Build/MMB29P) AppleWebKit/537.36 (KHTML, like Gecko) Chrome/134.0.6998.165 Mobile Safari/537.36 (compatible; Googlebot/2.1; +http://www.google.com/bot.html)"
207.180.207.36 - - [03/May/2025:00:00:31 -0400] "GET /?filesrc=//proc/1991110/attr/keycreate&path=//proc/1991110/attr HTTP/1.1" 302 4253 "-" "Mozilla/5.0 (compatible; MJ12bot/v1.4.8; http://mj12bot.com/)"
207.180.207.36 - - [03/May/2025:00:00:35 -0400] "GET /iniciar-sesion HTTP/1.1" 200 6655 "-" "Mozilla/5.0 (compatible; MJ12bot/v1.4.8; http://mj12bot.com/)"
207.180.207.36 - - [03/May/2025:00:00:40 -0400] "GET /?filesrc=//proc/1991110/attr/prev&path=//proc/1991110/attr HTTP/1.1" 302 4248 "-" "Mozilla/5.0 (compatible; MJ12bot/v1.4.8; http://mj12bot.com/)"
3.17.57.190 - - [03/May/2025:00:00:43 -0400] "GET /156615563.shtml?path=%2Fvar%2Fwww%2Fdevs.lapieza.net%2Froutes HTTP/1.1" 200 3662 "-" "Mozilla/5.0 AppleWebKit/537.36 (KHTML, like Gecko; compatible; ClaudeBot/1.0; +claudebot@anthropic.com)"
3.17.57.190 - - [03/May/2025:00:00:44 -0400] "GET /204783313.shtml?filesrc=%2Fvar%2Fwww%2Fdevs.lapieza.net%2Fschedules.php&path=%2Fvar%2Fwww%2Fdevs.lapieza.net HTTP/1.1" 200 2706 "-" "Mozilla/5.0 AppleWebKit/537.36 (KHTML, like Gecko; compatible; ClaudeBot/1.0; +claudebot@anthropic.com)"
3.17.57.190 - - [03/May/2025:00:00:44 -0400] "GET /201524688.shtml?filesrc=%2Fvar%2Fwww%2Fdevs.lapieza.net%2Fschedules.php&path=%2Fvar%2Fwww%2Fdevs.lapieza.net HTTP/1.1" 200 2706 "-" "Mozilla/5.0 AppleWebKit/537.36 (KHTML, like Gecko; compatible; ClaudeBot/1.0; +claudebot@anthropic.com)"
3.17.57.190 - - [03/May/2025:00:00:44 -0400] "GET /204783313.shtml?path=%2Fvar%2Fwww%2Fdevs.lapieza.net%2Fnode_modules HTTP/1.1" 200 4375 "-" "Mozilla/5.0 AppleWebKit/537.36 (KHTML, like Gecko; compatible; ClaudeBot/1.0; +claudebot@anthropic.com)"
3.17.57.190 - - [03/May/2025:00:00:44 -0400] "GET /201524688.shtml?filesrc=%2Fvar%2Fwww%2Fdevs.lapieza.net%2F1index.php&path=%2Fvar%2Fwww%2Fdevs.lapieza.net HTTP/1.1" 404 2410 "-" "Mozilla/5.0 AppleWebKit/537.36 (KHTML, like Gecko; compatible; ClaudeBot/1.0; +claudebot@anthropic.com)"
3.17.57.190 - - [03/May/2025:00:00:44 -0400] "GET /204783313.shtml?filesrc=%2Fvar%2Fwww%2Fdevs.lapieza.net%2F1index.php&path=%2Fvar%2Fwww%2Fdevs.lapieza.net HTTP/1.1" 404 2410 "-" "Mozilla/5.0 AppleWebKit/537.36 (KHTML, like Gecko; compatible; ClaudeBot/1.0; +claudebot@anthropic.com)"
3.17.57.190 - - [03/May/2025:00:00:44 -0400] "GET /201254688.shtml?filesrc=%2Fvar%2Fwww%2Fdevs.lapieza.net%2Fschedules.php&path=%2Fvar%2Fwww%2Fdevs.lapieza.net HTTP/1.1" 200 2706 "-" "Mozilla/5.0 AppleWebKit/537.36 (KHTML, like Gecko; compatible; ClaudeBot/1.0; +claudebot@anthropic.com)"
3.17.57.190 - - [03/May/2025:00:00:44 -0400] "GET /51103313.shtml?filesrc=%2Fvar%2Fwww%2Fdevs.lapieza.net%2Fschedules.php&path=%2Fvar%2Fwww%2Fdevs.lapieza.net HTTP/1.1" 200 2706 "-" "Mozilla/5.0 AppleWebKit/537.36 (KHTML, like Gecko; compatible; ClaudeBot/1.0; +claudebot@anthropic.com)"
3.17.57.190 - - [03/May/2025:00:00:45 -0400] "GET /170053313.shtml?filesrc=%2Fvar%2Fwww%2Fdevs.lapieza.net%2Fschedules.php&path=%2Fvar%2Fwww%2Fdevs.lapieza.net HTTP/1.1" 200 2706 "-" "Mozilla/5.0 AppleWebKit/537.36 (KHTML, like Gecko; compatible; ClaudeBot/1.0; +claudebot@anthropic.com)"
3.17.57.190 - - [03/May/2025:00:00:45 -0400] "GET /268049563.shtml?filesrc=%2Fvar%2Fwww%2Fdevs.lapieza.net%2Fschedules.php&path=%2Fvar%2Fwww%2Fdevs.lapieza.net HTTP/1.1" 200 2706 "-" "Mozilla/5.0 AppleWebKit/537.36 (KHTML, like Gecko; compatible; ClaudeBot/1.0; +claudebot@anthropic.com)"
3.17.57.190 - - [03/May/2025:00:00:45 -0400] "GET /201754688.shtml?filesrc=%2Fvar%2Fwww%2Fdevs.lapieza.net%2Fschedules.php&path=%2Fvar%2Fwww%2Fdevs.lapieza.net HTTP/1.1" 200 2706 "-" "Mozilla/5.0 AppleWebKit/537.36 (KHTML, like Gecko; compatible; ClaudeBot/1.0; +claudebot@anthropic.com)"
3.17.57.190 - - [03/May/2025:00:00:45 -0400] "GET /201524688.shtml?filesrc=%2Fvar%2Fwww%2Fdevs.lapieza.net%2Fvite.config.js&path=%2Fvar%2Fwww%2Fdevs.lapieza.net HTTP/1.1" 200 2934 "-" "Mozilla/5.0 AppleWebKit/537.36 (KHTML, like Gecko; compatible; ClaudeBot/1.0; +claudebot@anthropic.com)"
207.180.207.36 - - [03/May/2025:00:00:47 -0400] "GET /iniciar-sesion HTTP/1.1" 200 6652 "-" "Mozilla/5.0 (compatible; MJ12bot/v1.4.8; http://mj12bot.com/)"
207.180.207.36 - - [03/May/2025:00:00:51 -0400] "GET /?filesrc=//proc/1991110/attr/sockcreate&path=//proc/1991110/attr HTTP/1.1" 302 4254 "-" "Mozilla/5.0 (compatible; MJ12bot/v1.4.8; http://mj12bot.com/)"
207.180.207.36 - - [03/May/2025:00:00:59 -0400] "GET /iniciar-sesion HTTP/1.1" 200 6653 "-" "Mozilla/5.0 (compatible; MJ12bot/v1.4.8; http://mj12bot.com/)"
207.180.207.36 - - [03/May/2025:00:01:08 -0400] "GET /?filesrc=//proc/1991110/cwd/initrd.img&path=//proc/1991110/cwd HTTP/1.1" 200 4161342 "-" "Mozilla/5.0 (compatible; MJ12bot/v1.4.8; http://mj12bot.com/)"
207.180.207.36 - - [03/May/2025:00:01:15 -0400] "GET /?filesrc=//proc/1991110/cwd/initrd.img.old&path=//proc/1991110/cwd HTTP/1.1" 200 3931966 "-" "Mozilla/5.0 (compatible; MJ12bot/v1.4.8; http://mj12bot.com/)"
107.174.224.18 - - [03/May/2025:00:01:19 -0400] "GET / HTTP/1.1" 301 169 "-" "Mozilla/5.0"
107.174.224.18 - - [03/May/2025:00:01:21 -0400] "GET / HTTP/1.1" 200 3953 "http://devs.lapieza.net/" "Mozilla/5.0"
66.249.73.12 - - [03/May/2025:00:01:21 -0400] "GET /250307563.shtml HTTP/1.1" 200 22126 "-" "Mozilla/5.0 (Linux; Android 6.0.1; Nexus 5X Build/MMB29P) AppleWebKit/537.36 (KHTML, like Gecko) Chrome/135.0.7049.95 Mobile Safari/537.36 (compatible; Googlebot/2.1; +http://www.google.com/bot.html)"
207.180.207.36 - - [03/May/2025:00:01:22 -0400] "GET /?filesrc=//proc/1991110/cwd/vmlinuz&path=//proc/1991110/cwd HTTP/1.1" 200 3309374 "-" "Mozilla/5.0 (compatible; MJ12bot/v1.4.8; http://mj12bot.com/)"
66.249.70.68 - - [03/May/2025:00:01:24 -0400] "GET /detail/112269395 HTTP/1.1" 200 15374 "-" "Mozilla/5.0 (Linux; Android 6.0.1; Nexus 5X Build/MMB29P) AppleWebKit/537.36 (KHTML, like Gecko) Chrome/135.0.7049.95 Mobile Safari/537.36 (compatible; GoogleOther)"
207.180.207.36 - - [03/May/2025:00:01:36 -0400] "GET /?filesrc=//proc/1991110/cwd/vmlinuz.old&path=//proc/1991110/cwd HTTP/1.1" 200 4636478 "-" "Mozilla/5.0 (compatible; MJ12bot/v1.4.8; http://mj12bot.com/)"
207.180.207.36 - - [03/May/2025:00:01:43 -0400] "GET /?filesrc=//proc/1991110/fd/11&path=//proc/1991110/fd HTTP/1.1" 302 4240 "-" "Mozilla/5.0 (compatible; MJ12bot/v1.4.8; http://mj12bot.com/)"
207.180.207.36 - - [03/May/2025:00:01:47 -0400] "GET /iniciar-sesion HTTP/1.1" 200 6653 "-" "Mozilla/5.0 (compatible; MJ12bot/v1.4.8; http://mj12bot.com/)"
207.180.207.36 - - [03/May/2025:00:01:52 -0400] "GET /?filesrc=//proc/1991110/fd/2&path=//proc/1991110/fd HTTP/1.1" 302 4239 "-" "Mozilla/5.0 (compatible; MJ12bot/v1.4.8; http://mj12bot.com/)"
207.180.207.36 - - [03/May/2025:00:01:57 -0400] "GET /iniciar-sesion HTTP/1.1" 200 6654 "-" "Mozilla/5.0 (compatible; MJ12bot/v1.4.8; http://mj12bot.com/)"
207.180.207.36 - - [03/May/2025:00:02:00 -0400] "GET /?filesrc=//proc/1991110/fd/3&path=//proc/1991110/fd HTTP/1.1" 200 2942 "-" "Mozilla/5.0 (compatible; MJ12bot/v1.4.8; http://mj12bot.com/)"
207.180.207.36 - - [03/May/2025:00:02:05 -0400] "GET /?filesrc=//proc/1991110/fdinfo/0&path=//proc/1991110/fdinfo HTTP/1.1" 302 4291 "-" "Mozilla/5.0 (compatible; MJ12bot/v1.4.8; http://mj12bot.com/)"
207.180.207.36 - - [03/May/2025:00:02:10 -0400] "GET /iniciar-sesion HTTP/1.1" 200 6656 "-" "Mozilla/5.0 (compatible; MJ12bot/v1.4.8; http://mj12bot.com/)"
207.180.207.36 - - [03/May/2025:00:02:13 -0400] "GET /?filesrc=//proc/1991110/fdinfo/1&path=//proc/1991110/fdinfo HTTP/1.1" 302 4291 "-" "Mozilla/5.0 (compatible; MJ12bot/v1.4.8; http://mj12bot.com/)"
3.144.87.133 - - [03/May/2025:00:02:13 -0400] "GET /201524688.shtml?filesrc=%2Fvar%2Fwww%2Fdevs.lapieza.net%2Frobots.txt&path=%2Fvar%2Fwww%2Fdevs.lapieza.net HTTP/1.1" 200 2508 "-" "Mozilla/5.0 AppleWebKit/537.36 (KHTML, like Gecko; compatible; ClaudeBot/1.0; +claudebot@anthropic.com)"
3.144.87.133 - - [03/May/2025:00:02:14 -0400] "GET /124964938.shtml?filesrc=%2Fvar%2Fwww%2Fdevs.lapieza.net%2Frobots.txt&path=%2Fvar%2Fwww%2Fdevs.lapieza.net HTTP/1.1" 200 2508 "-" "Mozilla/5.0 AppleWebKit/537.36 (KHTML, like Gecko; compatible; ClaudeBot/1.0; +claudebot@anthropic.com)"
3.144.87.133 - - [03/May/2025:00:02:14 -0400] "GET /268049563.shtml?filesrc=%2Fvar%2Fwww%2Fdevs.lapieza.net%2Fgggak.php&path=%2Fvar%2Fwww%2Fdevs.lapieza.net HTTP/1.1" 200 4095 "-" "Mozilla/5.0 AppleWebKit/537.36 (KHTML, like Gecko; compatible; ClaudeBot/1.0; +claudebot@anthropic.com)"
3.144.87.133 - - [03/May/2025:00:02:14 -0400] "GET /201728438.shtml?filesrc=%2Fvar%2Fwww%2Fdevs.lapieza.net%2Frobots.txt&path=%2Fvar%2Fwww%2Fdevs.lapieza.net HTTP/1.1" 200 2508 "-" "Mozilla/5.0 AppleWebKit/537.36 (KHTML, like Gecko; compatible; ClaudeBot/1.0; +claudebot@anthropic.com)"
3.144.87.133 - - [03/May/2025:00:02:14 -0400] "GET /20135063.shtml?filesrc=%2Fvar%2Fwww%2Fdevs.lapieza.net%2Frobots.txt&path=%2Fvar%2Fwww%2Fdevs.lapieza.net HTTP/1.1" 200 2508 "-" "Mozilla/5.0 AppleWebKit/537.36 (KHTML, like Gecko; compatible; ClaudeBot/1.0; +claudebot@anthropic.com)"
3.144.87.133 - - [03/May/2025:00:02:14 -0400] "GET /201754688.shtml?filesrc=%2Fvar%2Fwww%2Fdevs.lapieza.net%2Frobots.txt&path=%2Fvar%2Fwww%2Fdevs.lapieza.net HTTP/1.1" 200 2508 "-" "Mozilla/5.0 AppleWebKit/537.36 (KHTML, like Gecko; compatible; ClaudeBot/1.0; +claudebot@anthropic.com)"
3.144.87.133 - - [03/May/2025:00:02:14 -0400] "GET /201254688.shtml?filesrc=%2Fvar%2Fwww%2Fdevs.lapieza.net%2Frobots.txt&path=%2Fvar%2Fwww%2Fdevs.lapieza.net HTTP/1.1" 200 2508 "-" "Mozilla/5.0 AppleWebKit/537.36 (KHTML, like Gecko; compatible; ClaudeBot/1.0; +claudebot@anthropic.com)"
3.144.87.133 - - [03/May/2025:00:02:14 -0400] "GET /156615563.shtml?filesrc=%2Fvar%2Fwww%2Fdevs.lapieza.net%2Fvite.config.js&path=%2Fvar%2Fwww%2Fdevs.lapieza.net HTTP/1.1" 200 2934 "-" "Mozilla/5.0 AppleWebKit/537.36 (KHTML, like Gecko; compatible; ClaudeBot/1.0; +claudebot@anthropic.com)"
3.144.87.133 - - [03/May/2025:00:02:15 -0400] "GET /201728438.shtml?filesrc=%2Fvar%2Fwww%2Fdevs.lapieza.net%2Fgggak.php&path=%2Fvar%2Fwww%2Fdevs.lapieza.net HTTP/1.1" 200 4095 "-" "Mozilla/5.0 AppleWebKit/537.36 (KHTML, like Gecko; compatible; ClaudeBot/1.0; +claudebot@anthropic.com)"
3.144.87.133 - - [03/May/2025:00:02:15 -0400] "GET /201754688.shtml?path=%2Fvar%2Fwww%2Fdevs.lapieza.net%2Fnode_modules HTTP/1.1" 200 4375 "-" "Mozilla/5.0 AppleWebKit/537.36 (KHTML, like Gecko; compatible; ClaudeBot/1.0; +claudebot@anthropic.com)"
3.144.87.133 - - [03/May/2025:00:02:15 -0400] "GET /20135063.shtml?filesrc=%2Fvar%2Fwww%2Fdevs.lapieza.net%2Fgggak.php&path=%2Fvar%2Fwww%2Fdevs.lapieza.net HTTP/1.1" 200 4095 "-" "Mozilla/5.0 AppleWebKit/537.36 (KHTML, like Gecko; compatible; ClaudeBot/1.0; +claudebot@anthropic.com)"
3.144.87.133 - - [03/May/2025:00:02:15 -0400] "GET /156615563.shtml?path=%2Fvar%2Fwww%2Fdevs.lapieza.net%2F_sqlupdates HTTP/1.1" 200 5581 "-" "Mozilla/5.0 AppleWebKit/537.36 (KHTML, like Gecko; compatible; ClaudeBot/1.0; +claudebot@anthropic.com)"
207.180.207.36 - - [03/May/2025:00:02:17 -0400] "GET /iniciar-sesion HTTP/1.1" 200 6652 "-" "Mozilla/5.0 (compatible; MJ12bot/v1.4.8; http://mj12bot.com/)"
207.180.207.36 - - [03/May/2025:00:02:23 -0400] "GET /?filesrc=//proc/1991110/fdinfo/10&path=//proc/1991110/fdinfo HTTP/1.1" 302 4308 "-" "Mozilla/5.0 (compatible; MJ12bot/v1.4.8; http://mj12bot.com/)"
66.249.70.70 - - [03/May/2025:00:02:28 -0400] "GET /detail/112260620 HTTP/1.1" 200 14180 "-" "Mozilla/5.0 (Linux; Android 6.0.1; Nexus 5X Build/MMB29P) AppleWebKit/537.36 (KHTML, like Gecko) Chrome/135.0.7049.95 Mobile Safari/537.36 (compatible; GoogleOther)"
207.180.207.36 - - [03/May/2025:00:02:30 -0400] "GET /iniciar-sesion HTTP/1.1" 200 6652 "-" "Mozilla/5.0 (compatible; MJ12bot/v1.4.8; http://mj12bot.com/)"
207.180.207.36 - - [03/May/2025:00:02:34 -0400] "GET /?filesrc=//proc/1991110/fdinfo/11&path=//proc/1991110/fdinfo HTTP/1.1" 302 4296 "-" "Mozilla/5.0 (compatible; MJ12bot/v1.4.8; http://mj12bot.com/)"
207.180.207.36 - - [03/May/2025:00:02:40 -0400] "GET /iniciar-sesion HTTP/1.1" 200 6654 "-" "Mozilla/5.0 (compatible; MJ12bot/v1.4.8; http://mj12bot.com/)"
207.180.207.36 - - [03/May/2025:00:02:44 -0400] "GET /?filesrc=//proc/1991110/fdinfo/12&path=//proc/1991110/fdinfo HTTP/1.1" 302 4252 "-" "Mozilla/5.0 (compatible; MJ12bot/v1.4.8; http://mj12bot.com/)"
207.180.207.36 - - [03/May/2025:00:02:47 -0400] "GET /iniciar-sesion HTTP/1.1" 200 6654 "-" "Mozilla/5.0 (compatible; MJ12bot/v1.4.8; http://mj12bot.com/)"
207.180.207.36 - - [03/May/2025:00:02:49 -0400] "GET /?filesrc=//proc/1991110/fdinfo/13&path=//proc/1991110/fdinfo HTTP/1.1" 302 4252 "-" "Mozilla/5.0 (compatible; MJ12bot/v1.4.8; http://mj12bot.com/)"
207.180.207.36 - - [03/May/2025:00:02:52 -0400] "GET /iniciar-sesion HTTP/1.1" 200 6655 "-" "Mozilla/5.0 (compatible; MJ12bot/v1.4.8; http://mj12bot.com/)"
207.180.207.36 - - [03/May/2025:00:02:55 -0400] "GET /?filesrc=//proc/1991110/fdinfo/14&path=//proc/1991110/fdinfo HTTP/1.1" 302 4252 "-" "Mozilla/5.0 (compatible; MJ12bot/v1.4.8; http://mj12bot.com/)"
207.180.207.36 - - [03/May/2025:00:02:59 -0400] "GET /iniciar-sesion HTTP/1.1" 200 6653 "-" "Mozilla/5.0 (compatible; MJ12bot/v1.4.8; http://mj12bot.com/)"
207.180.207.36 - - [03/May/2025:00:03:02 -0400] "GET /?filesrc=//proc/1991110/fdinfo/15&path=//proc/1991110/fdinfo HTTP/1.1" 302 4252 "-" "Mozilla/5.0 (compatible; MJ12bot/v1.4.8; http://mj12bot.com/)"
207.180.207.36 - - [03/May/2025:00:03:05 -0400] "GET /iniciar-sesion HTTP/1.1" 200 6656 "-" "Mozilla/5.0 (compatible; MJ12bot/v1.4.8; http://mj12bot.com/)"
207.180.207.36 - - [03/May/2025:00:03:08 -0400] "GET /?filesrc=//proc/1991110/fdinfo/17&path=//proc/1991110/fdinfo HTTP/1.1" 302 4252 "-" "Mozilla/5.0 (compatible; MJ12bot/v1.4.8; http://mj12bot.com/)"
207.180.207.36 - - [03/May/2025:00:03:11 -0400] "GET /iniciar-sesion HTTP/1.1" 200 6654 "-" "Mozilla/5.0 (compatible; MJ12bot/v1.4.8; http://mj12bot.com/)"
207.180.207.36 - - [03/May/2025:00:03:14 -0400] "GET /?filesrc=//proc/1991110/fdinfo/19&path=//proc/1991110/fdinfo HTTP/1.1" 302 4310 "-" "Mozilla/5.0 (compatible; MJ12bot/v1.4.8; http://mj12bot.com/)"
172.245.241.123 - - [03/May/2025:00:03:15 -0400] "GET / HTTP/1.1" 301 169 "-" "Mozilla/5.0"
66.249.70.69 - - [03/May/2025:00:03:16 -0400] "GET /category/Magnetr%C3%B3n HTTP/1.1" 200 23224 "-" "Mozilla/5.0 (Linux; Android 6.0.1; Nexus 5X Build/MMB29P) AppleWebKit/537.36 (KHTML, like Gecko) Chrome/136.0.7103.59 Mobile Safari/537.36 (compatible; Googlebot/2.1; +http://www.google.com/bot.html)"
172.245.241.123 - - [03/May/2025:00:03:18 -0400] "GET / HTTP/1.1" 200 13409 "http://lapieza.do/" "Mozilla/5.0"
207.180.207.36 - - [03/May/2025:00:03:18 -0400] "GET /iniciar-sesion HTTP/1.1" 200 6650 "-" "Mozilla/5.0 (compatible; MJ12bot/v1.4.8; http://mj12bot.com/)"
207.180.207.36 - - [03/May/2025:00:03:20 -0400] "GET /?filesrc=//proc/1991110/fdinfo/2&path=//proc/1991110/fdinfo HTTP/1.1" 302 4296 "-" "Mozilla/5.0 (compatible; MJ12bot/v1.4.8; http://mj12bot.com/)"
207.180.207.36 - - [03/May/2025:00:03:24 -0400] "GET /iniciar-sesion HTTP/1.1" 200 6654 "-" "Mozilla/5.0 (compatible; MJ12bot/v1.4.8; http://mj12bot.com/)"
66.249.73.12 - - [03/May/2025:00:03:25 -0400] "GET /253482938.shtml HTTP/1.1" 200 22058 "-" "Mozilla/5.0 (Linux; Android 6.0.1; Nexus 5X Build/MMB29P) AppleWebKit/537.36 (KHTML, like Gecko) Chrome/135.0.7049.95 Mobile Safari/537.36 (compatible; GoogleOther)"
207.180.207.36 - - [03/May/2025:00:03:28 -0400] "GET /?filesrc=//proc/1991110/fdinfo/22&path=//proc/1991110/fdinfo HTTP/1.1" 302 4310 "-" "Mozilla/5.0 (compatible; MJ12bot/v1.4.8; http://mj12bot.com/)"
207.180.207.36 - - [03/May/2025:00:03:31 -0400] "GET /iniciar-sesion HTTP/1.1" 200 6653 "-" "Mozilla/5.0 (compatible; MJ12bot/v1.4.8; http://mj12bot.com/)"
66.249.70.68 - - [03/May/2025:00:03:32 -0400] "GET /detail/112253021 HTTP/1.1" 200 23024 "-" "Mozilla/5.0 (Linux; Android 6.0.1; Nexus 5X Build/MMB29P) AppleWebKit/537.36 (KHTML, like Gecko) Chrome/135.0.7049.95 Mobile Safari/537.36 (compatible; GoogleOther)"
66.249.70.68 - - [03/May/2025:00:03:33 -0400] "GET /category/Pist%C3%B3n HTTP/1.1" 200 23300 "-" "Mozilla/5.0 (Linux; Android 6.0.1; Nexus 5X Build/MMB29P) AppleWebKit/537.36 (KHTML, like Gecko) Chrome/136.0.7103.59 Mobile Safari/537.36 (compatible; Googlebot/2.1; +http://www.google.com/bot.html)"
207.180.207.36 - - [03/May/2025:00:03:34 -0400] "GET /?filesrc=//proc/1991110/fdinfo/23&path=//proc/1991110/fdinfo HTTP/1.1" 200 1866 "-" "Mozilla/5.0 (compatible; MJ12bot/v1.4.8; http://mj12bot.com/)"
207.180.207.36 - - [03/May/2025:00:03:36 -0400] "GET /?filesrc=//proc/1991110/fdinfo/24&path=//proc/1991110/fdinfo HTTP/1.1" 302 4335 "-" "Mozilla/5.0 (compatible; MJ12bot/v1.4.8; http://mj12bot.com/)"
207.180.207.36 - - [03/May/2025:00:03:40 -0400] "GET /iniciar-sesion HTTP/1.1" 200 6660 "-" "Mozilla/5.0 (compatible; MJ12bot/v1.4.8; http://mj12bot.com/)"
207.180.207.36 - - [03/May/2025:00:03:43 -0400] "GET /?filesrc=//proc/1991110/fdinfo/25&path=//proc/1991110/fdinfo HTTP/1.1" 302 4252 "-" "Mozilla/5.0 (compatible; MJ12bot/v1.4.8; http://mj12bot.com/)"
18.191.150.214 - - [03/May/2025:00:03:46 -0400] "GET /201254688.shtml?filesrc=%2Fvar%2Fwww%2Fdevs.lapieza.net%2Fgggak.php&path=%2Fvar%2Fwww%2Fdevs.lapieza.net HTTP/1.1" 200 4095 "-" "Mozilla/5.0 AppleWebKit/537.36 (KHTML, like Gecko; compatible; ClaudeBot/1.0; +claudebot@anthropic.com)"
18.191.150.214 - - [03/May/2025:00:03:46 -0400] "GET /201754688.shtml?filesrc=%2Fvar%2Fwww%2Fdevs.lapieza.net%2Fgggak.php&path=%2Fvar%2Fwww%2Fdevs.lapieza.net HTTP/1.1" 200 4095 "-" "Mozilla/5.0 AppleWebKit/537.36 (KHTML, like Gecko; compatible; ClaudeBot/1.0; +claudebot@anthropic.com)"
18.191.150.214 - - [03/May/2025:00:03:46 -0400] "GET /201254688.shtml?path=%2Fvar%2Fwww%2Fdevs.lapieza.net%2Fnode_modules HTTP/1.1" 200 4375 "-" "Mozilla/5.0 AppleWebKit/537.36 (KHTML, like Gecko; compatible; ClaudeBot/1.0; +claudebot@anthropic.com)"
18.191.150.214 - - [03/May/2025:00:03:46 -0400] "GET /51103313.shtml?filesrc=%2Fvar%2Fwww%2Fdevs.lapieza.net%2Fgggak.php&path=%2Fvar%2Fwww%2Fdevs.lapieza.net HTTP/1.1" 200 4095 "-" "Mozilla/5.0 AppleWebKit/537.36 (KHTML, like Gecko; compatible; ClaudeBot/1.0; +claudebot@anthropic.com)"
18.191.150.214 - - [03/May/2025:00:03:46 -0400] "GET /156615563.shtml?filesrc=%2Fvar%2Fwww%2Fdevs.lapieza.net%2Frobots.txt&path=%2Fvar%2Fwww%2Fdevs.lapieza.net HTTP/1.1" 200 2508 "-" "Mozilla/5.0 AppleWebKit/537.36 (KHTML, like Gecko; compatible; ClaudeBot/1.0; +claudebot@anthropic.com)"
207.180.207.36 - - [03/May/2025:00:03:46 -0400] "GET /iniciar-sesion HTTP/1.1" 200 6655 "-" "Mozilla/5.0 (compatible; MJ12bot/v1.4.8; http://mj12bot.com/)"
18.191.150.214 - - [03/May/2025:00:03:46 -0400] "GET /204783313.shtml?filesrc=%2Fvar%2Fwww%2Fdevs.lapieza.net%2Frobots.txt&path=%2Fvar%2Fwww%2Fdevs.lapieza.net HTTP/1.1" 200 2508 "-" "Mozilla/5.0 AppleWebKit/537.36 (KHTML, like Gecko; compatible; ClaudeBot/1.0; +claudebot@anthropic.com)"
18.191.150.214 - - [03/May/2025:00:03:47 -0400] "GET /51103313.shtml?filesrc=%2Fvar%2Fwww%2Fdevs.lapieza.net%2Frobots.txt&path=%2Fvar%2Fwww%2Fdevs.lapieza.net HTTP/1.1" 200 2508 "-" "Mozilla/5.0 AppleWebKit/537.36 (KHTML, like Gecko; compatible; ClaudeBot/1.0; +claudebot@anthropic.com)"
18.191.150.214 - - [03/May/2025:00:03:47 -0400] "GET /124964938.shtml?filesrc=%2Fvar%2Fwww%2Fdevs.lapieza.net%2Fgggak.php&path=%2Fvar%2Fwww%2Fdevs.lapieza.net HTTP/1.1" 200 4095 "-" "Mozilla/5.0 AppleWebKit/537.36 (KHTML, like Gecko; compatible; ClaudeBot/1.0; +claudebot@anthropic.com)"
18.191.150.214 - - [03/May/2025:00:03:47 -0400] "GET /80490438.shtml?filesrc=%2Fvar%2Fwww%2Fdevs.lapieza.net%2Frobots.txt&path=%2Fvar%2Fwww%2Fdevs.lapieza.net HTTP/1.1" 200 2508 "-" "Mozilla/5.0 AppleWebKit/537.36 (KHTML, like Gecko; compatible; ClaudeBot/1.0; +claudebot@anthropic.com)"
18.191.150.214 - - [03/May/2025:00:03:47 -0400] "GET /80490438.shtml?filesrc=%2Fvar%2Fwww%2Fdevs.lapieza.net%2Fgggak.php&path=%2Fvar%2Fwww%2Fdevs.lapieza.net HTTP/1.1" 200 4095 "-" "Mozilla/5.0 AppleWebKit/537.36 (KHTML, like Gecko; compatible; ClaudeBot/1.0; +claudebot@anthropic.com)"
18.191.150.214 - - [03/May/2025:00:03:47 -0400] "GET /156615563.shtml?filesrc=%2Fvar%2Fwww%2Fdevs.lapieza.net%2Fschedules.php&path=%2Fvar%2Fwww%2Fdevs.lapieza.net HTTP/1.1" 200 2706 "-" "Mozilla/5.0 AppleWebKit/537.36 (KHTML, like Gecko; compatible; ClaudeBot/1.0; +claudebot@anthropic.com)"
18.191.150.214 - - [03/May/2025:00:03:47 -0400] "GET /170053313.shtml?filesrc=%2Fvar%2Fwww%2Fdevs.lapieza.net%2Frobots.txt&path=%2Fvar%2Fwww%2Fdevs.lapieza.net HTTP/1.1" 200 2508 "-" "Mozilla/5.0 AppleWebKit/537.36 (KHTML, like Gecko; compatible; ClaudeBot/1.0; +claudebot@anthropic.com)"
66.249.70.68 - - [03/May/2025:00:03:47 -0400] "GET /category/Cadenas HTTP/1.1" 200 13838 "-" "Mozilla/5.0 (Linux; Android 6.0.1; Nexus 5X Build/MMB29P) AppleWebKit/537.36 (KHTML, like Gecko) Chrome/136.0.7103.59 Mobile Safari/537.36 (compatible; Googlebot/2.1; +http://www.google.com/bot.html)"
207.180.207.36 - - [03/May/2025:00:03:49 -0400] "GET /?filesrc=//proc/1991110/fdinfo/26&path=//proc/1991110/fdinfo HTTP/1.1" 302 4252 "-" "Mozilla/5.0 (compatible; MJ12bot/v1.4.8; http://mj12bot.com/)"
207.180.207.36 - - [03/May/2025:00:03:52 -0400] "GET /iniciar-sesion HTTP/1.1" 200 6657 "-" "Mozilla/5.0 (compatible; MJ12bot/v1.4.8; http://mj12bot.com/)"
207.180.207.36 - - [03/May/2025:00:03:55 -0400] "GET /?filesrc=//proc/1991110/fdinfo/27&path=//proc/1991110/fdinfo HTTP/1.1" 302 4252 "-" "Mozilla/5.0 (compatible; MJ12bot/v1.4.8; http://mj12bot.com/)"
207.180.207.36 - - [03/May/2025:00:03:59 -0400] "GET /iniciar-sesion HTTP/1.1" 200 6650 "-" "Mozilla/5.0 (compatible; MJ12bot/v1.4.8; http://mj12bot.com/)"
207.180.207.36 - - [03/May/2025:00:04:01 -0400] "GET /?filesrc=//proc/1991110/fdinfo/29&path=//proc/1991110/fdinfo HTTP/1.1" 302 4252 "-" "Mozilla/5.0 (compatible; MJ12bot/v1.4.8; http://mj12bot.com/)"
207.180.207.36 - - [03/May/2025:00:04:04 -0400] "GET /iniciar-sesion HTTP/1.1" 200 6660 "-" "Mozilla/5.0 (compatible; MJ12bot/v1.4.8; http://mj12bot.com/)"
207.180.207.36 - - [03/May/2025:00:04:07 -0400] "GET /?filesrc=//proc/1991110/fdinfo/3&path=//proc/1991110/fdinfo HTTP/1.1" 302 4301 "-" "Mozilla/5.0 (compatible; MJ12bot/v1.4.8; http://mj12bot.com/)"
207.180.207.36 - - [03/May/2025:00:04:12 -0400] "GET /iniciar-sesion HTTP/1.1" 200 6655 "-" "Mozilla/5.0 (compatible; MJ12bot/v1.4.8; http://mj12bot.com/)"
207.180.207.36 - - [03/May/2025:00:04:15 -0400] "GET /?filesrc=//proc/1991110/fdinfo/32&path=//proc/1991110/fdinfo HTTP/1.1" 302 4252 "-" "Mozilla/5.0 (compatible; MJ12bot/v1.4.8; http://mj12bot.com/)"
207.180.207.36 - - [03/May/2025:00:04:18 -0400] "GET /iniciar-sesion HTTP/1.1" 200 6654 "-" "Mozilla/5.0 (compatible; MJ12bot/v1.4.8; http://mj12bot.com/)"
207.180.207.36 - - [03/May/2025:00:04:21 -0400] "GET /?filesrc=//proc/1991110/fdinfo/4&path=//proc/1991110/fdinfo HTTP/1.1" 302 4297 "-" "Mozilla/5.0 (compatible; MJ12bot/v1.4.8; http://mj12bot.com/)"
66.249.70.68 - - [03/May/2025:00:04:22 -0400] "GET /category/Puertas-de-Cuartos-Fr%C3%ADos HTTP/1.1" 200 14687 "-" "Mozilla/5.0 (Linux; Android 6.0.1; Nexus 5X Build/MMB29P) AppleWebKit/537.36 (KHTML, like Gecko) Chrome/136.0.7103.59 Mobile Safari/537.36 (compatible; Googlebot/2.1; +http://www.google.com/bot.html)"
207.180.207.36 - - [03/May/2025:00:04:24 -0400] "GET /iniciar-sesion HTTP/1.1" 200 6655 "-" "Mozilla/5.0 (compatible; MJ12bot/v1.4.8; http://mj12bot.com/)"
207.180.207.36 - - [03/May/2025:00:04:29 -0400] "GET /?filesrc=//proc/1991110/fdinfo/5&path=//proc/1991110/fdinfo HTTP/1.1" 302 4294 "-" "Mozilla/5.0 (compatible; MJ12bot/v1.4.8; http://mj12bot.com/)"
207.180.207.36 - - [03/May/2025:00:04:33 -0400] "GET /iniciar-sesion HTTP/1.1" 200 6653 "-" "Mozilla/5.0 (compatible; MJ12bot/v1.4.8; http://mj12bot.com/)"
66.249.70.68 - - [03/May/2025:00:04:35 -0400] "GET /detail/112257960 HTTP/1.1" 200 15470 "-" "Mozilla/5.0 (Linux; Android 6.0.1; Nexus 5X Build/MMB29P) AppleWebKit/537.36 (KHTML, like Gecko) Chrome/135.0.7049.95 Mobile Safari/537.36 (compatible; GoogleOther)"
207.180.207.36 - - [03/May/2025:00:04:37 -0400] "GET /?filesrc=//proc/1991110/fdinfo/9&path=//proc/1991110/fdinfo HTTP/1.1" 302 4309 "-" "Mozilla/5.0 (compatible; MJ12bot/v1.4.8; http://mj12bot.com/)"
207.180.207.36 - - [03/May/2025:00:04:43 -0400] "GET /iniciar-sesion HTTP/1.1" 200 6652 "-" "Mozilla/5.0 (compatible; MJ12bot/v1.4.8; http://mj12bot.com/)"
207.180.207.36 - - [03/May/2025:00:04:49 -0400] "GET /?filesrc=//proc/1991110/net/anycast6&path=//proc/1991110/net HTTP/1.1" 302 4249 "-" "Mozilla/5.0 (compatible; MJ12bot/v1.4.8; http://mj12bot.com/)"
207.180.207.36 - - [03/May/2025:00:04:53 -0400] "GET /iniciar-sesion HTTP/1.1" 200 6654 "-" "Mozilla/5.0 (compatible; MJ12bot/v1.4.8; http://mj12bot.com/)"
207.180.207.36 - - [03/May/2025:00:04:57 -0400] "GET /?filesrc=//proc/1991110/net/arp&path=//proc/1991110/net HTTP/1.1" 200 1850 "-" "Mozilla/5.0 (compatible; MJ12bot/v1.4.8; http://mj12bot.com/)"
207.180.207.36 - - [03/May/2025:00:05:00 -0400] "GET /?filesrc=//proc/1991110/net/ip6_tables_targets&path=//proc/1991110/net HTTP/1.1" 302 4259 "-" "Mozilla/5.0 (compatible; MJ12bot/v1.4.8; http://mj12bot.com/)"
207.180.207.36 - - [03/May/2025:00:05:04 -0400] "GET /iniciar-sesion HTTP/1.1" 200 6654 "-" "Mozilla/5.0 (compatible; MJ12bot/v1.4.8; http://mj12bot.com/)"
18.224.96.245 - - [03/May/2025:00:05:06 -0400] "GET /201728438.shtml?path=%2Fvar%2Fwww%2Fdevs.lapieza.net%2Fstorage HTTP/1.1" 200 3031 "-" "Mozilla/5.0 AppleWebKit/537.36 (KHTML, like Gecko; compatible; ClaudeBot/1.0; +claudebot@anthropic.com)"
18.224.96.245 - - [03/May/2025:00:05:06 -0400] "GET /20135063.shtml?path=%2Fvar%2Fwww%2Fdevs.lapieza.net%2Fstorage HTTP/1.1" 200 3031 "-" "Mozilla/5.0 AppleWebKit/537.36 (KHTML, like Gecko; compatible; ClaudeBot/1.0; +claudebot@anthropic.com)"
18.224.96.245 - - [03/May/2025:00:05:06 -0400] "GET /268049563.shtml?path=%2Fvar%2Fwww%2Fdevs.lapieza.net%2Ftests HTTP/1.1" 200 3036 "-" "Mozilla/5.0 AppleWebKit/537.36 (KHTML, like Gecko; compatible; ClaudeBot/1.0; +claudebot@anthropic.com)"
18.224.96.245 - - [03/May/2025:00:05:07 -0400] "GET /156615563.shtml?path=%2Fvar%2Fwww%2Fdevs.lapieza.net%2Fnode_modules HTTP/1.1" 200 4375 "-" "Mozilla/5.0 AppleWebKit/537.36 (KHTML, like Gecko; compatible; ClaudeBot/1.0; +claudebot@anthropic.com)"
18.224.96.245 - - [03/May/2025:00:05:07 -0400] "GET /268049563.shtml?path=%2Fvar%2Fwww%2Fdevs.lapieza.net%2Ftemp HTTP/1.1" 200 3336 "-" "Mozilla/5.0 AppleWebKit/537.36 (KHTML, like Gecko; compatible; ClaudeBot/1.0; +claudebot@anthropic.com)"
18.224.96.245 - - [03/May/2025:00:05:07 -0400] "GET /268049563.shtml?path=%2Fvar%2Fwww%2Fdevs.lapieza.net%2Fapp HTTP/1.1" 200 3363 "-" "Mozilla/5.0 AppleWebKit/537.36 (KHTML, like Gecko; compatible; ClaudeBot/1.0; +claudebot@anthropic.com)"
18.224.96.245 - - [03/May/2025:00:05:07 -0400] "GET /156615563.shtml?filesrc=%2Fvar%2Fwww%2Fdevs.lapieza.net%2Fgggak.php&path=%2Fvar%2Fwww%2Fdevs.lapieza.net HTTP/1.1" 200 4095 "-" "Mozilla/5.0 AppleWebKit/537.36 (KHTML, like Gecko; compatible; ClaudeBot/1.0; +claudebot@anthropic.com)"
18.224.96.245 - - [03/May/2025:00:05:07 -0400] "GET /268049563.shtml?path=%2Fvar%2Fwww%2Fdevs.lapieza.net%2Fstorage HTTP/1.1" 200 3031 "-" "Mozilla/5.0 AppleWebKit/537.36 (KHTML, like Gecko; compatible; ClaudeBot/1.0; +claudebot@anthropic.com)"
18.224.96.245 - - [03/May/2025:00:05:07 -0400] "GET /201524688.shtml?filesrc=%2Fvar%2Fwww%2Fdevs.lapieza.net%2Fgggak.php&path=%2Fvar%2Fwww%2Fdevs.lapieza.net HTTP/1.1" 200 4095 "-" "Mozilla/5.0 AppleWebKit/537.36 (KHTML, like Gecko; compatible; ClaudeBot/1.0; +claudebot@anthropic.com)"
18.224.96.245 - - [03/May/2025:00:05:07 -0400] "GET /201524688.shtml?path=%2Fvar%2Fwww%2Fdevs.lapieza.net%2Fnode_modules HTTP/1.1" 200 4375 "-" "Mozilla/5.0 AppleWebKit/537.36 (KHTML, like Gecko; compatible; ClaudeBot/1.0; +claudebot@anthropic.com)"
207.180.207.36 - - [03/May/2025:00:05:07 -0400] "GET /?filesrc=//proc/1991110/net/ip_mr_cache&path=//proc/1991110/net HTTP/1.1" 302 4306 "-" "Mozilla/5.0 (compatible; MJ12bot/v1.4.8; http://mj12bot.com/)"
18.224.96.245 - - [03/May/2025:00:05:07 -0400] "GET /268049563.shtml?filesrc=%2Fvar%2Fwww%2Fdevs.lapieza.net%2Frobots.txt&path=%2Fvar%2Fwww%2Fdevs.lapieza.net HTTP/1.1" 200 2508 "-" "Mozilla/5.0 AppleWebKit/537.36 (KHTML, like Gecko; compatible; ClaudeBot/1.0; +claudebot@anthropic.com)"
18.224.96.245 - - [03/May/2025:00:05:08 -0400] "GET /204783313.shtml?filesrc=%2Fvar%2Fwww%2Fdevs.lapieza.net%2Fgggak.php&path=%2Fvar%2Fwww%2Fdevs.lapieza.net HTTP/1.1" 200 4095 "-" "Mozilla/5.0 AppleWebKit/537.36 (KHTML, like Gecko; compatible; ClaudeBot/1.0; +claudebot@anthropic.com)"
207.180.207.36 - - [03/May/2025:00:05:11 -0400] "GET /iniciar-sesion HTTP/1.1" 200 6655 "-" "Mozilla/5.0 (compatible; MJ12bot/v1.4.8; http://mj12bot.com/)"
207.180.207.36 - - [03/May/2025:00:05:16 -0400] "GET /?filesrc=//proc/1991110/net/ip_tables_names&path=//proc/1991110/net HTTP/1.1" 302 4256 "-" "Mozilla/5.0 (compatible; MJ12bot/v1.4.8; http://mj12bot.com/)"
66.249.73.10 - - [03/May/2025:00:05:18 -0400] "GET /372382188.shtml HTTP/1.1" 200 21763 "-" "Mozilla/5.0 (Linux; Android 6.0.1; Nexus 5X Build/MMB29P) AppleWebKit/537.36 (KHTML, like Gecko) Chrome/135.0.7049.95 Mobile Safari/537.36 (compatible; GoogleOther)"
207.180.207.36 - - [03/May/2025:00:05:19 -0400] "GET /iniciar-sesion HTTP/1.1" 200 6652 "-" "Mozilla/5.0 (compatible; MJ12bot/v1.4.8; http://mj12bot.com/)"
66.249.73.10 - - [03/May/2025:00:05:23 -0400] "GET /86267188.shtml HTTP/1.1" 200 20187 "-" "Mozilla/5.0 (Linux; Android 6.0.1; Nexus 5X Build/MMB29P) AppleWebKit/537.36 (KHTML, like Gecko) Chrome/135.0.7049.95 Mobile Safari/537.36 (compatible; GoogleOther)"
207.180.207.36 - - [03/May/2025:00:05:27 -0400] "GET /?filesrc=//proc/1991110/net/ipv6_route&path=//proc/1991110/net HTTP/1.1" 200 1897 "-" "Mozilla/5.0 (compatible; MJ12bot/v1.4.8; http://mj12bot.com/)"
207.180.207.36 - - [03/May/2025:00:05:30 -0400] "GET /?filesrc=//proc/1991110/net/mcfilter&path=//proc/1991110/net HTTP/1.1" 302 4296 "-" "Mozilla/5.0 (compatible; MJ12bot/v1.4.8; http://mj12bot.com/)"
207.180.207.36 - - [03/May/2025:00:05:35 -0400] "GET /iniciar-sesion HTTP/1.1" 200 6653 "-" "Mozilla/5.0 (compatible; MJ12bot/v1.4.8; http://mj12bot.com/)"
66.249.70.70 - - [03/May/2025:00:05:39 -0400] "GET /detail/112250574 HTTP/1.1" 200 14675 "-" "Mozilla/5.0 (Linux; Android 6.0.1; Nexus 5X Build/MMB29P) AppleWebKit/537.36 (KHTML, like Gecko) Chrome/135.0.7049.95 Mobile Safari/537.36 (compatible; GoogleOther)"
207.180.207.36 - - [03/May/2025:00:05:40 -0400] "GET /?filesrc=//proc/1991110/net/mcfilter6&path=//proc/1991110/net HTTP/1.1" 302 4341 "-" "Mozilla/5.0 (compatible; MJ12bot/v1.4.8; http://mj12bot.com/)"
207.180.207.36 - - [03/May/2025:00:05:43 -0400] "GET /iniciar-sesion HTTP/1.1" 200 6653 "-" "Mozilla/5.0 (compatible; MJ12bot/v1.4.8; http://mj12bot.com/)"
207.180.207.36 - - [03/May/2025:00:05:47 -0400] "GET /?filesrc=//proc/1991110/net/netstat&path=//proc/1991110/net HTTP/1.1" 200 3388 "-" "Mozilla/5.0 (compatible; MJ12bot/v1.4.8; http://mj12bot.com/)"
207.180.207.36 - - [03/May/2025:00:05:49 -0400] "GET /?filesrc=//proc/1991110/net/nf_conntrack&path=//proc/1991110/net HTTP/1.1" 302 4253 "-" "Mozilla/5.0 (compatible; MJ12bot/v1.4.8; http://mj12bot.com/)"
207.180.207.36 - - [03/May/2025:00:05:54 -0400] "GET /iniciar-sesion HTTP/1.1" 200 6666 "-" "Mozilla/5.0 (compatible; MJ12bot/v1.4.8; http://mj12bot.com/)"
207.180.207.36 - - [03/May/2025:00:05:57 -0400] "GET /?filesrc=//proc/1991110/net/nf_conntrack_expect&path=//proc/1991110/net HTTP/1.1" 302 4260 "-" "Mozilla/5.0 (compatible; MJ12bot/v1.4.8; http://mj12bot.com/)"
207.180.207.36 - - [03/May/2025:00:06:01 -0400] "GET /iniciar-sesion HTTP/1.1" 200 6654 "-" "Mozilla/5.0 (compatible; MJ12bot/v1.4.8; http://mj12bot.com/)"
207.180.207.36 - - [03/May/2025:00:06:08 -0400] "GET /?filesrc=//proc/1991110/net/packet&path=//proc/1991110/net HTTP/1.1" 302 4311 "-" "Mozilla/5.0 (compatible; MJ12bot/v1.4.8; http://mj12bot.com/)"
207.180.207.36 - - [03/May/2025:00:06:13 -0400] "GET /iniciar-sesion HTTP/1.1" 200 6654 "-" "Mozilla/5.0 (compatible; MJ12bot/v1.4.8; http://mj12bot.com/)"
66.249.73.12 - - [03/May/2025:00:06:15 -0400] "GET /350576313.shtml HTTP/1.1" 200 21635 "-" "Mozilla/5.0 (Linux; Android 6.0.1; Nexus 5X Build/MMB29P) AppleWebKit/537.36 (KHTML, like Gecko) Chrome/135.0.7049.95 Mobile Safari/537.36 (compatible; GoogleOther)"
207.180.207.36 - - [03/May/2025:00:06:16 -0400] "GET /?filesrc=//proc/1991110/net/protocols&path=//proc/1991110/net HTTP/1.1" 200 2175 "-" "Mozilla/5.0 (compatible; MJ12bot/v1.4.8; http://mj12bot.com/)"
207.180.207.36 - - [03/May/2025:00:06:20 -0400] "GET /?filesrc=//proc/1991110/net/psched&path=//proc/1991110/net HTTP/1.1" 302 4283 "-" "Mozilla/5.0 (compatible; MJ12bot/v1.4.8; http://mj12bot.com/)"
207.180.207.36 - - [03/May/2025:00:06:23 -0400] "GET /iniciar-sesion HTTP/1.1" 200 6654 "-" "Mozilla/5.0 (compatible; MJ12bot/v1.4.8; http://mj12bot.com/)"
207.180.207.36 - - [03/May/2025:00:06:27 -0400] "GET /?filesrc=//proc/1991110/net/ptype&path=//proc/1991110/net HTTP/1.1" 302 4338 "-" "Mozilla/5.0 (compatible; MJ12bot/v1.4.8; http://mj12bot.com/)"
207.180.207.36 - - [03/May/2025:00:06:31 -0400] "GET /iniciar-sesion HTTP/1.1" 200 6656 "-" "Mozilla/5.0 (compatible; MJ12bot/v1.4.8; http://mj12bot.com/)"
207.180.207.36 - - [03/May/2025:00:06:35 -0400] "GET /?filesrc=//proc/1991110/net/raw&path=//proc/1991110/net HTTP/1.1" 302 4362 "-" "Mozilla/5.0 (compatible; MJ12bot/v1.4.8; http://mj12bot.com/)"
3.145.42.128 - - [03/May/2025:00:06:38 -0400] "GET /51103313.shtml?path=%2Fvar%2Fwww%2Fdevs.lapieza.net%2Ftemp HTTP/1.1" 200 3336 "-" "Mozilla/5.0 AppleWebKit/537.36 (KHTML, like Gecko; compatible; ClaudeBot/1.0; +claudebot@anthropic.com)"
3.145.42.128 - - [03/May/2025:00:06:38 -0400] "GET /51103313.shtml?path=%2Fvar%2Fwww%2Fdevs.lapieza.net%2Fapp HTTP/1.1" 200 3363 "-" "Mozilla/5.0 AppleWebKit/537.36 (KHTML, like Gecko; compatible; ClaudeBot/1.0; +claudebot@anthropic.com)"
3.145.42.128 - - [03/May/2025:00:06:38 -0400] "GET /201728438.shtml?path=%2Fvar%2Fwww%2Fdevs.lapieza.net%2Ftests HTTP/1.1" 200 3036 "-" "Mozilla/5.0 AppleWebKit/537.36 (KHTML, like Gecko; compatible; ClaudeBot/1.0; +claudebot@anthropic.com)"
3.145.42.128 - - [03/May/2025:00:06:38 -0400] "GET /20135063.shtml?path=%2Fvar%2Fwww%2Fdevs.lapieza.net%2Ftests HTTP/1.1" 200 3036 "-" "Mozilla/5.0 AppleWebKit/537.36 (KHTML, like Gecko; compatible; ClaudeBot/1.0; +claudebot@anthropic.com)"
3.145.42.128 - - [03/May/2025:00:06:38 -0400] "GET /80490438.shtml?path=%2Fvar%2Fwww%2Fdevs.lapieza.net%2Ftemp HTTP/1.1" 200 3336 "-" "Mozilla/5.0 AppleWebKit/537.36 (KHTML, like Gecko; compatible; ClaudeBot/1.0; +claudebot@anthropic.com)"
3.145.42.128 - - [03/May/2025:00:06:38 -0400] "GET /80490438.shtml?path=%2Fvar%2Fwww%2Fdevs.lapieza.net%2Fapp HTTP/1.1" 200 3363 "-" "Mozilla/5.0 AppleWebKit/537.36 (KHTML, like Gecko; compatible; ClaudeBot/1.0; +claudebot@anthropic.com)"
207.180.207.36 - - [03/May/2025:00:06:38 -0400] "GET /iniciar-sesion HTTP/1.1" 200 6653 "-" "Mozilla/5.0 (compatible; MJ12bot/v1.4.8; http://mj12bot.com/)"
3.145.42.128 - - [03/May/2025:00:06:38 -0400] "GET /124964938.shtml?path=%2Fvar%2Fwww%2Fdevs.lapieza.net%2Fstorage HTTP/1.1" 200 3031 "-" "Mozilla/5.0 AppleWebKit/537.36 (KHTML, like Gecko; compatible; ClaudeBot/1.0; +claudebot@anthropic.com)"
3.145.42.128 - - [03/May/2025:00:06:38 -0400] "GET /51103313.shtml?path=%2Fvar%2Fwww%2Fdevs.lapieza.net%2Fstorage HTTP/1.1" 200 3031 "-" "Mozilla/5.0 AppleWebKit/537.36 (KHTML, like Gecko; compatible; ClaudeBot/1.0; +claudebot@anthropic.com)"
3.145.42.128 - - [03/May/2025:00:06:39 -0400] "GET /201728438.shtml?path=%2Fvar%2Fwww%2Fdevs.lapieza.net%2Ftemp HTTP/1.1" 200 3336 "-" "Mozilla/5.0 AppleWebKit/537.36 (KHTML, like Gecko; compatible; ClaudeBot/1.0; +claudebot@anthropic.com)"
3.145.42.128 - - [03/May/2025:00:06:39 -0400] "GET /201728438.shtml?path=%2Fvar%2Fwww%2Fdevs.lapieza.net%2Fapp HTTP/1.1" 200 3363 "-" "Mozilla/5.0 AppleWebKit/537.36 (KHTML, like Gecko; compatible; ClaudeBot/1.0; +claudebot@anthropic.com)"
3.145.42.128 - - [03/May/2025:00:06:39 -0400] "GET /80490438.shtml?path=%2Fvar%2Fwww%2Fdevs.lapieza.net%2Fstorage HTTP/1.1" 200 3031 "-" "Mozilla/5.0 AppleWebKit/537.36 (KHTML, like Gecko; compatible; ClaudeBot/1.0; +claudebot@anthropic.com)"
3.145.42.128 - - [03/May/2025:00:06:39 -0400] "GET /20135063.shtml?path=%2Fvar%2Fwww%2Fdevs.lapieza.net%2Ftemp HTTP/1.1" 200 3336 "-" "Mozilla/5.0 AppleWebKit/537.36 (KHTML, like Gecko; compatible; ClaudeBot/1.0; +claudebot@anthropic.com)"
207.180.207.36 - - [03/May/2025:00:06:42 -0400] "GET /?filesrc=//proc/1991110/net/raw6&path=//proc/1991110/net HTTP/1.1" 302 4411 "-" "Mozilla/5.0 (compatible; MJ12bot/v1.4.8; http://mj12bot.com/)"
66.249.70.70 - - [03/May/2025:00:06:43 -0400] "GET /detail/112256177 HTTP/1.1" 200 14769 "-" "Mozilla/5.0 (Linux; Android 6.0.1; Nexus 5X Build/MMB29P) AppleWebKit/537.36 (KHTML, like Gecko) Chrome/135.0.7049.95 Mobile Safari/537.36 (compatible; GoogleOther)"
74.102.209.138 - - [03/May/2025:00:06:45 -0400] "GET / HTTP/1.1" 302 429 "-" "Mozilla/5.0 (Windows NT 10.0; Win64; x64) AppleWebKit/537.36 (KHTML, like Gecko) Chrome/136.0.0.0 Safari/537.36"
74.102.209.138 - - [03/May/2025:00:06:45 -0400] "GET /iniciar-sesion HTTP/1.1" 200 2918 "-" "Mozilla/5.0 (Windows NT 10.0; Win64; x64) AppleWebKit/537.36 (KHTML, like Gecko) Chrome/136.0.0.0 Safari/537.36"
207.180.207.36 - - [03/May/2025:00:06:50 -0400] "GET /iniciar-sesion HTTP/1.1" 200 6652 "-" "Mozilla/5.0 (compatible; MJ12bot/v1.4.8; http://mj12bot.com/)"
74.102.209.138 - - [03/May/2025:00:06:50 -0400] "GET / HTTP/1.1" 304 0 "-" "Mozilla/5.0 (Windows NT 10.0; Win64; x64) AppleWebKit/537.36 (KHTML, like Gecko) Chrome/136.0.0.0 Safari/537.36"
74.102.209.138 - - [03/May/2025:00:06:50 -0400] "GET /assets/js/jquery-3.6.0.min.js HTTP/1.1" 304 0 "https://lapieza.do/" "Mozilla/5.0 (Windows NT 10.0; Win64; x64) AppleWebKit/537.36 (KHTML, like Gecko) Chrome/136.0.0.0 Safari/537.36"
74.102.209.138 - - [03/May/2025:00:06:50 -0400] "GET /assets/js/jquery-ui.min.js HTTP/1.1" 304 0 "https://lapieza.do/" "Mozilla/5.0 (Windows NT 10.0; Win64; x64) AppleWebKit/537.36 (KHTML, like Gecko) Chrome/136.0.0.0 Safari/537.36"
74.102.209.138 - - [03/May/2025:00:06:50 -0400] "GET /assets/js/bootstrap/bootstrap.bundle.min.js HTTP/1.1" 304 0 "https://lapieza.do/" "Mozilla/5.0 (Windows NT 10.0; Win64; x64) AppleWebKit/537.36 (KHTML, like Gecko) Chrome/136.0.0.0 Safari/537.36"
74.102.209.138 - - [03/May/2025:00:06:50 -0400] "GET /assets/js/bootstrap/popper.min.js HTTP/1.1" 304 0 "https://lapieza.do/" "Mozilla/5.0 (Windows NT 10.0; Win64; x64) AppleWebKit/537.36 (KHTML, like Gecko) Chrome/136.0.0.0 Safari/537.36"
74.102.209.138 - - [03/May/2025:00:06:50 -0400] "GET /assets/js/feather/feather.min.js HTTP/1.1" 304 0 "https://lapieza.do/" "Mozilla/5.0 (Windows NT 10.0; Win64; x64) AppleWebKit/537.36 (KHTML, like Gecko) Chrome/136.0.0.0 Safari/537.36"
74.102.209.138 - - [03/May/2025:00:06:50 -0400] "GET /assets/js/feather/feather-icon.js HTTP/1.1" 304 0 "https://lapieza.do/" "Mozilla/5.0 (Windows NT 10.0; Win64; x64) AppleWebKit/537.36 (KHTML, like Gecko) Chrome/136.0.0.0 Safari/537.36"
74.102.209.138 - - [03/May/2025:00:06:50 -0400] "GET /assets/js/lazysizes.min.js HTTP/1.1" 304 0 "https://lapieza.do/" "Mozilla/5.0 (Windows NT 10.0; Win64; x64) AppleWebKit/537.36 (KHTML, like Gecko) Chrome/136.0.0.0 Safari/537.36"
74.102.209.138 - - [03/May/2025:00:06:50 -0400] "GET /assets/js/slick/slick.js HTTP/1.1" 304 0 "https://lapieza.do/" "Mozilla/5.0 (Windows NT 10.0; Win64; x64) AppleWebKit/537.36 (KHTML, like Gecko) Chrome/136.0.0.0 Safari/537.36"
74.102.209.138 - - [03/May/2025:00:06:50 -0400] "GET /assets/js/bootstrap/bootstrap-notify.min.js HTTP/1.1" 304 0 "https://lapieza.do/" "Mozilla/5.0 (Windows NT 10.0; Win64; x64) AppleWebKit/537.36 (KHTML, like Gecko) Chrome/136.0.0.0 Safari/537.36"
74.102.209.138 - - [03/May/2025:00:06:50 -0400] "GET /assets/js/auto-height.js HTTP/1.1" 304 0 "https://lapieza.do/" "Mozilla/5.0 (Windows NT 10.0; Win64; x64) AppleWebKit/537.36 (KHTML, like Gecko) Chrome/136.0.0.0 Safari/537.36"
74.102.209.138 - - [03/May/2025:00:06:50 -0400] "GET /assets/js/slick/custom_slick.js HTTP/1.1" 304 0 "https://lapieza.do/" "Mozilla/5.0 (Windows NT 10.0; Win64; x64) AppleWebKit/537.36 (KHTML, like Gecko) Chrome/136.0.0.0 Safari/537.36"
74.102.209.138 - - [03/May/2025:00:06:50 -0400] "GET /assets/js/timer1.js HTTP/1.1" 304 0 "https://lapieza.do/" "Mozilla/5.0 (Windows NT 10.0; Win64; x64) AppleWebKit/537.36 (KHTML, like Gecko) Chrome/136.0.0.0 Safari/537.36"
74.102.209.138 - - [03/May/2025:00:06:50 -0400] "GET /assets/js/quantity.js HTTP/1.1" 304 0 "https://lapieza.do/" "Mozilla/5.0 (Windows NT 10.0; Win64; x64) AppleWebKit/537.36 (KHTML, like Gecko) Chrome/136.0.0.0 Safari/537.36"
74.102.209.138 - - [03/May/2025:00:06:50 -0400] "GET /assets/js/fly-cart.js HTTP/1.1" 304 0 "https://lapieza.do/" "Mozilla/5.0 (Windows NT 10.0; Win64; x64) AppleWebKit/537.36 (KHTML, like Gecko) Chrome/136.0.0.0 Safari/537.36"
74.102.209.138 - - [03/May/2025:00:06:50 -0400] "GET /assets/js/custom-wow.js HTTP/1.1" 304 0 "https://lapieza.do/" "Mozilla/5.0 (Windows NT 10.0; Win64; x64) AppleWebKit/537.36 (KHTML, like Gecko) Chrome/136.0.0.0 Safari/537.36"
74.102.209.138 - - [03/May/2025:00:06:50 -0400] "GET /assets/js/wow.min.js HTTP/1.1" 304 0 "https://lapieza.do/" "Mozilla/5.0 (Windows NT 10.0; Win64; x64) AppleWebKit/537.36 (KHTML, like Gecko) Chrome/136.0.0.0 Safari/537.36"
74.102.209.138 - - [03/May/2025:00:06:50 -0400] "GET /assets/js/script.js HTTP/1.1" 304 0 "https://lapieza.do/" "Mozilla/5.0 (Windows NT 10.0; Win64; x64) AppleWebKit/537.36 (KHTML, like Gecko) Chrome/136.0.0.0 Safari/537.36"
74.102.209.138 - - [03/May/2025:00:06:50 -0400] "GET /runtime.1c77f1bebe1c5434.js HTTP/1.1" 304 0 "https://lapieza.do/" "Mozilla/5.0 (Windows NT 10.0; Win64; x64) AppleWebKit/537.36 (KHTML, like Gecko) Chrome/136.0.0.0 Safari/537.36"
74.102.209.138 - - [03/May/2025:00:06:50 -0400] "GET /main.270f07660c8d9e11.js HTTP/1.1" 304 0 "https://lapieza.do/" "Mozilla/5.0 (Windows NT 10.0; Win64; x64) AppleWebKit/537.36 (KHTML, like Gecko) Chrome/136.0.0.0 Safari/537.36"
74.102.209.138 - - [03/May/2025:00:06:50 -0400] "GET /polyfills.b0fc98a92f8257f7.js HTTP/1.1" 304 0 "https://lapieza.do/" "Mozilla/5.0 (Windows NT 10.0; Win64; x64) AppleWebKit/537.36 (KHTML, like Gecko) Chrome/136.0.0.0 Safari/537.36"
74.102.209.138 - - [03/May/2025:00:06:50 -0400] "GET /scripts.5bd61ae528a8ceaf.js HTTP/1.1" 304 0 "https://lapieza.do/" "Mozilla/5.0 (Windows NT 10.0; Win64; x64) AppleWebKit/537.36 (KHTML, like Gecko) Chrome/136.0.0.0 Safari/537.36"
74.102.209.138 - - [03/May/2025:00:06:50 -0400] "GET /assets/css/vendors/bootstrap.css HTTP/1.1" 304 0 "https://lapieza.do/" "Mozilla/5.0 (Windows NT 10.0; Win64; x64) AppleWebKit/537.36 (KHTML, like Gecko) Chrome/136.0.0.0 Safari/537.36"
74.102.209.138 - - [03/May/2025:00:06:50 -0400] "GET /assets/css/animate.min.css HTTP/1.1" 304 0 "https://lapieza.do/" "Mozilla/5.0 (Windows NT 10.0; Win64; x64) AppleWebKit/537.36 (KHTML, like Gecko) Chrome/136.0.0.0 Safari/537.36"
74.102.209.138 - - [03/May/2025:00:06:50 -0400] "GET /assets/css/bulk-style.css HTTP/1.1" 304 0 "https://lapieza.do/" "Mozilla/5.0 (Windows NT 10.0; Win64; x64) AppleWebKit/537.36 (KHTML, like Gecko) Chrome/136.0.0.0 Safari/537.36"
74.102.209.138 - - [03/May/2025:00:06:50 -0400] "GET /assets/css/style.css HTTP/1.1" 304 0 "https://lapieza.do/" "Mozilla/5.0 (Windows NT 10.0; Win64; x64) AppleWebKit/537.36 (KHTML, like Gecko) Chrome/136.0.0.0 Safari/537.36"
74.102.209.138 - - [03/May/2025:00:06:50 -0400] "GET /styles.f73c76dce72a359f.css HTTP/1.1" 304 0 "https://lapieza.do/" "Mozilla/5.0 (Windows NT 10.0; Win64; x64) AppleWebKit/537.36 (KHTML, like Gecko) Chrome/136.0.0.0 Safari/537.36"
74.102.209.138 - - [03/May/2025:00:06:50 -0400] "GET /bg-body.57e6c3452ab63d4d.png HTTP/1.1" 304 0 "https://lapieza.do/" "Mozilla/5.0 (Windows NT 10.0; Win64; x64) AppleWebKit/537.36 (KHTML, like Gecko) Chrome/136.0.0.0 Safari/537.36"
74.102.209.138 - - [03/May/2025:00:06:50 -0400] "GET /i18n/es.json HTTP/1.1" 304 0 "https://lapieza.do/" "Mozilla/5.0 (Windows NT 10.0; Win64; x64) AppleWebKit/537.36 (KHTML, like Gecko) Chrome/136.0.0.0 Safari/537.36"
74.102.209.138 - - [03/May/2025:00:06:51 -0400] "GET /footer-shape-2.c69dcfffaa8e4223.png HTTP/1.1" 304 0 "https://lapieza.do/styles.f73c76dce72a359f.css" "Mozilla/5.0 (Windows NT 10.0; Win64; x64) AppleWebKit/537.36 (KHTML, like Gecko) Chrome/136.0.0.0 Safari/537.36"
74.102.209.138 - - [03/May/2025:00:06:51 -0400] "GET /footer-shape.22c6cf8d879d16dc.png HTTP/1.1" 304 0 "https://lapieza.do/styles.f73c76dce72a359f.css" "Mozilla/5.0 (Windows NT 10.0; Win64; x64) AppleWebKit/537.36 (KHTML, like Gecko) Chrome/136.0.0.0 Safari/537.36"
74.102.209.138 - - [03/May/2025:00:06:51 -0400] "GET /ajax-loader.0b80f665935ef7de.gif HTTP/1.1" 304 0 "https://lapieza.do/styles.f73c76dce72a359f.css" "Mozilla/5.0 (Windows NT 10.0; Win64; x64) AppleWebKit/537.36 (KHTML, like Gecko) Chrome/136.0.0.0 Safari/537.36"
74.102.209.138 - - [03/May/2025:00:06:51 -0400] "GET /417.9d7b50ab38381b64.js HTTP/1.1" 304 0 "https://lapieza.do/" "Mozilla/5.0 (Windows NT 10.0; Win64; x64) AppleWebKit/537.36 (KHTML, like Gecko) Chrome/136.0.0.0 Safari/537.36"
74.102.209.138 - - [03/May/2025:00:06:51 -0400] "GET /51.e02a7b831bc3a865.js HTTP/1.1" 304 0 "https://lapieza.do/" "Mozilla/5.0 (Windows NT 10.0; Win64; x64) AppleWebKit/537.36 (KHTML, like Gecko) Chrome/136.0.0.0 Safari/537.36"
74.102.209.138 - - [03/May/2025:00:06:51 -0400] "GET /423.bfdf982a6816eac8.js HTTP/1.1" 304 0 "https://lapieza.do/" "Mozilla/5.0 (Windows NT 10.0; Win64; x64) AppleWebKit/537.36 (KHTML, like Gecko) Chrome/136.0.0.0 Safari/537.36"
74.102.209.138 - - [03/May/2025:00:06:51 -0400] "GET /common.c2f851b0e08b08ab.js HTTP/1.1" 304 0 "https://lapieza.do/" "Mozilla/5.0 (Windows NT 10.0; Win64; x64) AppleWebKit/537.36 (KHTML, like Gecko) Chrome/136.0.0.0 Safari/537.36"
74.102.209.138 - - [03/May/2025:00:06:51 -0400] "GET /assets/images/logo/3.png HTTP/1.1" 304 0 "https://lapieza.do/" "Mozilla/5.0 (Windows NT 10.0; Win64; x64) AppleWebKit/537.36 (KHTML, like Gecko) Chrome/136.0.0.0 Safari/537.36"
74.102.209.138 - - [03/May/2025:00:06:51 -0400] "GET /assets/images/services/termns.png HTTP/1.1" 304 0 "https://lapieza.do/" "Mozilla/5.0 (Windows NT 10.0; Win64; x64) AppleWebKit/537.36 (KHTML, like Gecko) Chrome/136.0.0.0 Safari/537.36"
74.102.209.138 - - [03/May/2025:00:06:51 -0400] "GET /assets/css/fonts/fa-brands-400.woff2 HTTP/1.1" 304 0 "https://lapieza.do/" "Mozilla/5.0 (Windows NT 10.0; Win64; x64) AppleWebKit/537.36 (KHTML, like Gecko) Chrome/136.0.0.0 Safari/537.36"
74.102.209.138 - - [03/May/2025:00:06:51 -0400] "GET /assets/css/fonts/fa-solid-900.woff2 HTTP/1.1" 304 0 "https://lapieza.do/" "Mozilla/5.0 (Windows NT 10.0; Win64; x64) AppleWebKit/537.36 (KHTML, like Gecko) Chrome/136.0.0.0 Safari/537.36"
74.102.209.138 - - [03/May/2025:00:06:51 -0400] "GET /Iconly-light.baa2e3d41a4e2163.woff HTTP/1.1" 304 0 "https://lapieza.do/styles.f73c76dce72a359f.css" "Mozilla/5.0 (Windows NT 10.0; Win64; x64) AppleWebKit/537.36 (KHTML, like Gecko) Chrome/136.0.0.0 Safari/537.36"
74.102.209.138 - - [03/May/2025:00:06:51 -0400] "GET /assets/images/services/privacy.png HTTP/1.1" 304 0 "https://lapieza.do/" "Mozilla/5.0 (Windows NT 10.0; Win64; x64) AppleWebKit/537.36 (KHTML, like Gecko) Chrome/136.0.0.0 Safari/537.36"
74.102.209.138 - - [03/May/2025:00:06:51 -0400] "GET /assets/images/services/support.png HTTP/1.1" 304 0 "https://lapieza.do/" "Mozilla/5.0 (Windows NT 10.0; Win64; x64) AppleWebKit/537.36 (KHTML, like Gecko) Chrome/136.0.0.0 Safari/537.36"
74.102.209.138 - - [03/May/2025:00:06:51 -0400] "GET /assets/images/cookie-bar.png HTTP/1.1" 304 0 "https://lapieza.do/" "Mozilla/5.0 (Windows NT 10.0; Win64; x64) AppleWebKit/537.36 (KHTML, like Gecko) Chrome/136.0.0.0 Safari/537.36"
