18.223.188.252 - - [03/May/2025:01:10:51 -0400] "GET /157022938.shtml?filesrc=%2Fvar%2Fwww%2Fdevs.lapieza.net%2Fcomposer-setup.php&path=%2Fvar%2Fwww%2Fdevs.lapieza.net HTTP/1.1" 200 23676 "-" "Mozilla/5.0 AppleWebKit/537.36 (KHTML, like Gecko; compatible; ClaudeBot/1.0; +claudebot@anthropic.com)"
18.223.188.252 - - [03/May/2025:01:10:51 -0400] "GET /268274313.shtml?filesrc=%2Fvar%2Fwww%2Fdevs.lapieza.net%2Fcomposer-setup.php&path=%2Fvar%2Fwww%2Fdevs.lapieza.net HTTP/1.1" 200 23676 "-" "Mozilla/5.0 AppleWebKit/537.36 (KHTML, like Gecko; compatible; ClaudeBot/1.0; +claudebot@anthropic.com)"
18.223.188.252 - - [03/May/2025:01:10:51 -0400] "GET /367019438.shtml?filesrc=%2Fvar%2Fwww%2Fdevs.lapieza.net%2Fcomposer-setup.php&path=%2Fvar%2Fwww%2Fdevs.lapieza.net HTTP/1.1" 200 23676 "-" "Mozilla/5.0 AppleWebKit/537.36 (KHTML, like Gecko; compatible; ClaudeBot/1.0; +claudebot@anthropic.com)"
18.223.188.252 - - [03/May/2025:01:10:51 -0400] "GET /repartidores/iniciar-sesion?filesrc=%2Fvar%2Fwww%2Fdevs.lapieza.net%2Fvendor%2Fgoogle%2Fgrpc-gcp%2Fsrc%2Fgenerated%2FGrpc%2F.htaccess&path=%2Fvar%2Fwww%2Fdevs.lapieza.net%2Fvendor%2Fgoogle%2Fgrpc-gcp%2Fsrc%2Fgenerated%2FGrpc HTTP/1.1" 200 3739 "-" "Mozilla/5.0 AppleWebKit/537.36 (KHTML, like Gecko; compatible; ClaudeBot/1.0; +claudebot@anthropic.com)"
18.223.188.252 - - [03/May/2025:01:10:52 -0400] "GET /202379438.shtml?filesrc=%2Fvar%2Fwww%2Fdevs.lapieza.net%2Fcomposer-setup.php&path=%2Fvar%2Fwww%2Fdevs.lapieza.net HTTP/1.1" 200 23676 "-" "Mozilla/5.0 AppleWebKit/537.36 (KHTML, like Gecko; compatible; ClaudeBot/1.0; +claudebot@anthropic.com)"
18.223.188.252 - - [03/May/2025:01:10:52 -0400] "GET /repartidores/iniciar-sesion?path=%2Fvar%2Fwww%2Fdevs.lapieza.net%2Fvendor%2Fintervention%2Fimage%2Fsrc%2FIntervention%2FImage%2FImagick%2FCommands HTTP/1.1" 200 5320 "-" "Mozilla/5.0 AppleWebKit/537.36 (KHTML, like Gecko; compatible; ClaudeBot/1.0; +claudebot@anthropic.com)"
18.223.188.252 - - [03/May/2025:01:10:52 -0400] "GET /270443313.shtml?filesrc=%2Fvar%2Fwww%2Fdevs.lapieza.net%2Fcomposer-setup.php&path=%2Fvar%2Fwww%2Fdevs.lapieza.net HTTP/1.1" 200 23676 "-" "Mozilla/5.0 AppleWebKit/537.36 (KHTML, like Gecko; compatible; ClaudeBot/1.0; +claudebot@anthropic.com)"
18.223.188.252 - - [03/May/2025:01:10:52 -0400] "GET /80993313.shtml?filesrc=%2Fvar%2Fwww%2Fdevs.lapieza.net%2Fcomposer-setup.php&path=%2Fvar%2Fwww%2Fdevs.lapieza.net HTTP/1.1" 200 23676 "-" "Mozilla/5.0 AppleWebKit/537.36 (KHTML, like Gecko; compatible; ClaudeBot/1.0; +claudebot@anthropic.com)"
18.223.188.252 - - [03/May/2025:01:10:52 -0400] "GET /157044813.shtml?filesrc=%2Fvar%2Fwww%2Fdevs.lapieza.net%2Fcomposer-setup.php&path=%2Fvar%2Fwww%2Fdevs.lapieza.net HTTP/1.1" 200 23676 "-" "Mozilla/5.0 AppleWebKit/537.36 (KHTML, like Gecko; compatible; ClaudeBot/1.0; +claudebot@anthropic.com)"
18.223.188.252 - - [03/May/2025:01:10:52 -0400] "GET /152064688.shtml?filesrc=%2Fvar%2Fwww%2Fdevs.lapieza.net%2Fcomposer-setup.php&path=%2Fvar%2Fwww%2Fdevs.lapieza.net HTTP/1.1" 200 23676 "-" "Mozilla/5.0 AppleWebKit/537.36 (KHTML, like Gecko; compatible; ClaudeBot/1.0; +claudebot@anthropic.com)"
18.223.188.252 - - [03/May/2025:01:10:52 -0400] "GET /repartidores/iniciar-sesion?filesrc=%2Fvar%2Fwww%2Fdevs.lapieza.net%2Fapp%2FHttp%2FControllers%2FBusinessWorkingHoursController_old.php&path=%2Fvar%2Fwww%2Fdevs.lapieza.net%2Fapp%2FHttp%2FControllers HTTP/1.1" 200 4375 "-" "Mozilla/5.0 AppleWebKit/537.36 (KHTML, like Gecko; compatible; ClaudeBot/1.0; +claudebot@anthropic.com)"
18.223.188.252 - - [03/May/2025:01:10:52 -0400] "GET /190095438.shtml?filesrc=%2Fvar%2Fwww%2Fdevs.lapieza.net%2Fcomposer-setup.php&path=%2Fvar%2Fwww%2Fdevs.lapieza.net HTTP/1.1" 200 23676 "-" "Mozilla/5.0 AppleWebKit/537.36 (KHTML, like Gecko; compatible; ClaudeBot/1.0; +claudebot@anthropic.com)"
18.223.188.252 - - [03/May/2025:01:10:53 -0400] "GET /iniciar-sesion?filesrc=%2Fvar%2Fwww%2Fdevs.lapieza.net%2Fresources%2Fviews%2Ffrontend%2Fgoogle_recaptcha%2Fapp_recaptcha.blade.php&path=%2Fvar%2Fwww%2Fdevs.lapieza.net%2Fresources%2Fviews%2Ffrontend%2Fgoogle_recaptcha HTTP/1.1" 200 5008 "-" "Mozilla/5.0 AppleWebKit/537.36 (KHTML, like Gecko; compatible; ClaudeBot/1.0; +claudebot@anthropic.com)"
18.223.188.252 - - [03/May/2025:01:10:53 -0400] "GET /207897688.shtml?filesrc=%2Fvar%2Fwww%2Fdevs.lapieza.net%2Fcomposer-setup.php&path=%2Fvar%2Fwww%2Fdevs.lapieza.net HTTP/1.1" 200 23676 "-" "Mozilla/5.0 AppleWebKit/537.36 (KHTML, like Gecko; compatible; ClaudeBot/1.0; +claudebot@anthropic.com)"
18.223.188.252 - - [03/May/2025:01:10:53 -0400] "GET /51473313.shtml?filesrc=%2Fvar%2Fwww%2Fdevs.lapieza.net%2Fcomposer-setup.php&path=%2Fvar%2Fwww%2Fdevs.lapieza.net HTTP/1.1" 200 23676 "-" "Mozilla/5.0 AppleWebKit/537.36 (KHTML, like Gecko; compatible; ClaudeBot/1.0; +claudebot@anthropic.com)"
18.223.188.252 - - [03/May/2025:01:10:53 -0400] "GET /176223313.shtml?filesrc=%2Fvar%2Fwww%2Fdevs.lapieza.net%2Fcomposer-setup.php&path=%2Fvar%2Fwww%2Fdevs.lapieza.net HTTP/1.1" 200 23676 "-" "Mozilla/5.0 AppleWebKit/537.36 (KHTML, like Gecko; compatible; ClaudeBot/1.0; +claudebot@anthropic.com)"
18.223.188.252 - - [03/May/2025:01:10:53 -0400] "GET /202374688.shtml?filesrc=%2Fvar%2Fwww%2Fdevs.lapieza.net%2Fcomposer-setup.php&path=%2Fvar%2Fwww%2Fdevs.lapieza.net HTTP/1.1" 200 23676 "-" "Mozilla/5.0 AppleWebKit/537.36 (KHTML, like Gecko; compatible; ClaudeBot/1.0; +claudebot@anthropic.com)"
18.223.188.252 - - [03/May/2025:01:10:53 -0400] "GET /144080688.shtml?filesrc=%2Fvar%2Fwww%2Fdevs.lapieza.net%2Fcomposer-setup.php&path=%2Fvar%2Fwww%2Fdevs.lapieza.net HTTP/1.1" 200 23676 "-" "Mozilla/5.0 AppleWebKit/537.36 (KHTML, like Gecko; compatible; ClaudeBot/1.0; +claudebot@anthropic.com)"
18.223.188.252 - - [03/May/2025:01:10:53 -0400] "GET /224764938.shtml?filesrc=%2Fvar%2Fwww%2Fdevs.lapieza.net%2Fcomposer-setup.php&path=%2Fvar%2Fwww%2Fdevs.lapieza.net HTTP/1.1" 200 23676 "-" "Mozilla/5.0 AppleWebKit/537.36 (KHTML, like Gecko; compatible; ClaudeBot/1.0; +claudebot@anthropic.com)"
18.223.188.252 - - [03/May/2025:01:10:53 -0400] "GET /iniciar-sesion?filesrc=%2Fvar%2Fwww%2Fdevs.lapieza.net%2Fresources%2Fviews%2Ffrontend%2Fauthorize_net%2Fpay.blade.php&path=%2Fvar%2Fwww%2Fdevs.lapieza.net%2Fresources%2Fviews%2Ffrontend%2Fauthorize_net HTTP/1.1" 200 6281 "-" "Mozilla/5.0 AppleWebKit/537.36 (KHTML, like Gecko; compatible; ClaudeBot/1.0; +claudebot@anthropic.com)"
18.223.188.252 - - [03/May/2025:01:10:53 -0400] "GET /149778813.shtml?filesrc=%2Fvar%2Fwww%2Fdevs.lapieza.net%2Fcomposer-setup.php&path=%2Fvar%2Fwww%2Fdevs.lapieza.net HTTP/1.1" 200 23676 "-" "Mozilla/5.0 AppleWebKit/537.36 (KHTML, like Gecko; compatible; ClaudeBot/1.0; +claudebot@anthropic.com)"
18.223.188.252 - - [03/May/2025:01:10:53 -0400] "GET /repartidores/iniciar-sesion?filesrc=%2Fvar%2Fwww%2Fdevs.lapieza.net%2Fvendor%2Fgoogle%2Fgrpc-gcp%2Fsrc%2Fgenerated%2FGPBMetadata%2F.htaccess&path=%2Fvar%2Fwww%2Fdevs.lapieza.net%2Fvendor%2Fgoogle%2Fgrpc-gcp%2Fsrc%2Fgenerated%2FGPBMetadata HTTP/1.1" 200 3745 "-" "Mozilla/5.0 AppleWebKit/537.36 (KHTML, like Gecko; compatible; ClaudeBot/1.0; +claudebot@anthropic.com)"
18.223.188.252 - - [03/May/2025:01:10:54 -0400] "GET /?filesrc=%2Fvar%2Fwww%2Fdevs.lapieza.net%2Fdiseno%2Fsupport-center%2Fjs%2Fmain.js&path=%2Fvar%2Fwww%2Fdevs.lapieza.net%2Fdiseno%2Fsupport-center%2Fjs HTTP/1.1" 200 3304 "-" "Mozilla/5.0 AppleWebKit/537.36 (KHTML, like Gecko; compatible; ClaudeBot/1.0; +claudebot@anthropic.com)"
18.223.188.252 - - [03/May/2025:01:10:54 -0400] "GET /13374313.shtml?filesrc=%2Fvar%2Fwww%2Fdevs.lapieza.net%2Fcomposer-setup.php&path=%2Fvar%2Fwww%2Fdevs.lapieza.net HTTP/1.1" 200 23676 "-" "Mozilla/5.0 AppleWebKit/537.36 (KHTML, like Gecko; compatible; ClaudeBot/1.0; +claudebot@anthropic.com)"
18.223.188.252 - - [03/May/2025:01:10:54 -0400] "GET /27836438.shtml?filesrc=%2Fvar%2Fwww%2Fdevs.lapieza.net%2Fcomposer-setup.php&path=%2Fvar%2Fwww%2Fdevs.lapieza.net HTTP/1.1" 200 23676 "-" "Mozilla/5.0 AppleWebKit/537.36 (KHTML, like Gecko; compatible; ClaudeBot/1.0; +claudebot@anthropic.com)"
18.223.188.252 - - [03/May/2025:01:10:54 -0400] "GET /repartidores/iniciar-sesion?filesrc=%2Fvar%2Fwww%2Fdevs.lapieza.net%2Fapp%2FHttp%2FControllers%2FBrandDetailController.php&path=%2Fvar%2Fwww%2Fdevs.lapieza.net%2Fapp%2FHttp%2FControllers HTTP/1.1" 200 3741 "-" "Mozilla/5.0 AppleWebKit/537.36 (KHTML, like Gecko; compatible; ClaudeBot/1.0; +claudebot@anthropic.com)"
18.223.188.252 - - [03/May/2025:01:10:54 -0400] "GET /267143313.shtml?filesrc=%2Fvar%2Fwww%2Fdevs.lapieza.net%2Fcomposer-setup.php&path=%2Fvar%2Fwww%2Fdevs.lapieza.net HTTP/1.1" 200 23676 "-" "Mozilla/5.0 AppleWebKit/537.36 (KHTML, like Gecko; compatible; ClaudeBot/1.0; +claudebot@anthropic.com)"
4.236.133.139 - - [03/May/2025:01:10:54 -0400] "GET /public/assets/img/placeholder.jpg HTTP/1.1" 200 96268 "-" "Mozilla/5.0 (Windows NT 10.0; Win64; x64) AppleWebKit/537.36 (KHTML, like Gecko) Chrome/109.0.0.0 Safari/537.36"
18.223.188.252 - - [03/May/2025:01:10:54 -0400] "GET /repartidores/iniciar-sesion?filesrc=%2Fvar%2Fwww%2Fdevs.lapieza.net%2Fvendor%2Fgoogle%2Fprotobuf%2Fsrc%2FGoogle%2F.htaccess&path=%2Fvar%2Fwww%2Fdevs.lapieza.net%2Fvendor%2Fgoogle%2Fprotobuf%2Fsrc%2FGoogle HTTP/1.1" 200 3739 "-" "Mozilla/5.0 AppleWebKit/537.36 (KHTML, like Gecko; compatible; ClaudeBot/1.0; +claudebot@anthropic.com)"
18.223.188.252 - - [03/May/2025:01:10:54 -0400] "GET /200065313.shtml?filesrc=%2Fvar%2Fwww%2Fdevs.lapieza.net%2Fcomposer-setup.php&path=%2Fvar%2Fwww%2Fdevs.lapieza.net HTTP/1.1" 200 23676 "-" "Mozilla/5.0 AppleWebKit/537.36 (KHTML, like Gecko; compatible; ClaudeBot/1.0; +claudebot@anthropic.com)"
18.223.188.252 - - [03/May/2025:01:10:54 -0400] "GET /201115688.shtml?filesrc=%2Fvar%2Fwww%2Fdevs.lapieza.net%2Fcomposer-setup.php&path=%2Fvar%2Fwww%2Fdevs.lapieza.net HTTP/1.1" 200 23676 "-" "Mozilla/5.0 AppleWebKit/537.36 (KHTML, like Gecko; compatible; ClaudeBot/1.0; +claudebot@anthropic.com)"
18.223.188.252 - - [03/May/2025:01:10:54 -0400] "GET /201700438.shtml?filesrc=%2Fvar%2Fwww%2Fdevs.lapieza.net%2Fcomposer-setup.php&path=%2Fvar%2Fwww%2Fdevs.lapieza.net HTTP/1.1" 200 23676 "-" "Mozilla/5.0 AppleWebKit/537.36 (KHTML, like Gecko; compatible; ClaudeBot/1.0; +claudebot@anthropic.com)"
4.236.133.139 - - [03/May/2025:01:10:54 -0400] "GET /public/assets/img/placeholder.jpg HTTP/1.1" 200 96268 "-" "Mozilla/5.0 (Windows NT 10.0; Win64; x64) AppleWebKit/537.36 (KHTML, like Gecko) Chrome/109.0.0.0 Safari/537.36"
18.223.188.252 - - [03/May/2025:01:10:54 -0400] "GET /71329313.shtml?filesrc=%2Fvar%2Fwww%2Fdevs.lapieza.net%2Fcomposer-setup.php&path=%2Fvar%2Fwww%2Fdevs.lapieza.net HTTP/1.1" 200 23676 "-" "Mozilla/5.0 AppleWebKit/537.36 (KHTML, like Gecko; compatible; ClaudeBot/1.0; +claudebot@anthropic.com)"
4.236.133.139 - - [03/May/2025:01:10:54 -0400] "GET /public/assets/img/placeholder.jpg HTTP/1.1" 200 96268 "-" "Mozilla/5.0 (Windows NT 10.0; Win64; x64) AppleWebKit/537.36 (KHTML, like Gecko) Chrome/109.0.0.0 Safari/537.36"
18.223.188.252 - - [03/May/2025:01:10:55 -0400] "GET /repartidores/iniciar-sesion?filesrc=%2Fvar%2Fwww%2Fdevs.lapieza.net%2Fapp%2FHttp%2FControllers%2FCheckoutController_old.php&path=%2Fvar%2Fwww%2Fdevs.lapieza.net%2Fapp%2FHttp%2FControllers HTTP/1.1" 200 7582 "-" "Mozilla/5.0 AppleWebKit/537.36 (KHTML, like Gecko; compatible; ClaudeBot/1.0; +claudebot@anthropic.com)"
18.223.188.252 - - [03/May/2025:01:10:55 -0400] "GET /repartidores/iniciar-sesion?filesrc=%2Fvar%2Fwww%2Fdevs.lapieza.net%2Fapp%2FHttp%2FControllers%2FPhoneController_old.php&path=%2Fvar%2Fwww%2Fdevs.lapieza.net%2Fapp%2FHttp%2FControllers HTTP/1.1" 200 4364 "-" "Mozilla/5.0 AppleWebKit/537.36 (KHTML, like Gecko; compatible; ClaudeBot/1.0; +claudebot@anthropic.com)"
18.223.188.252 - - [03/May/2025:01:10:55 -0400] "GET /repartidores/iniciar-sesion?filesrc=%2Fvar%2Fwww%2Fdevs.lapieza.net%2Fapp%2FHttp%2FControllers%2FAuctionProductBidController.php&path=%2Fvar%2Fwww%2Fdevs.lapieza.net%2Fapp%2FHttp%2FControllers HTTP/1.1" 200 5025 "-" "Mozilla/5.0 AppleWebKit/537.36 (KHTML, like Gecko; compatible; ClaudeBot/1.0; +claudebot@anthropic.com)"
18.223.188.252 - - [03/May/2025:01:10:55 -0400] "GET /iniciar-sesion?path=%2Fvar%2Fwww%2Fdevs.lapieza.net%2Fresources%2Fviews%2Fbackend%2Fblog_system%2Fblog HTTP/1.1" 200 4961 "-" "Mozilla/5.0 AppleWebKit/537.36 (KHTML, like Gecko; compatible; ClaudeBot/1.0; +claudebot@anthropic.com)"
18.223.188.252 - - [03/May/2025:01:10:55 -0400] "GET /iniciar-sesion?filesrc=%2Fvar%2Fwww%2Fdevs.lapieza.net%2Fresources%2Fviews%2Fbackend%2Fdashboard_workshop%2Findex.blade.php&path=%2Fvar%2Fwww%2Fdevs.lapieza.net%2Fresources%2Fviews%2Fbackend%2Fdashboard_workshop HTTP/1.1" 200 5664 "-" "Mozilla/5.0 AppleWebKit/537.36 (KHTML, like Gecko; compatible; ClaudeBot/1.0; +claudebot@anthropic.com)"
18.223.188.252 - - [03/May/2025:01:10:55 -0400] "GET /repartidores/iniciar-sesion?filesrc=%2Fvar%2Fwww%2Fdevs.lapieza.net%2Fapp%2FHttp%2FControllers%2FArticlesController_new.php&path=%2Fvar%2Fwww%2Fdevs.lapieza.net%2Fapp%2FHttp%2FControllers HTTP/1.1" 200 4354 "-" "Mozilla/5.0 AppleWebKit/537.36 (KHTML, like Gecko; compatible; ClaudeBot/1.0; +claudebot@anthropic.com)"
18.223.188.252 - - [03/May/2025:01:10:55 -0400] "GET /repartidores/iniciar-sesion?filesrc=%2Fvar%2Fwww%2Fdevs.lapieza.net%2Fapp%2FHttp%2FControllers%2FNfcVouchersController.php&path=%2Fvar%2Fwww%2Fdevs.lapieza.net%2Fapp%2FHttp%2FControllers HTTP/1.1" 200 5124 "-" "Mozilla/5.0 AppleWebKit/537.36 (KHTML, like Gecko; compatible; ClaudeBot/1.0; +claudebot@anthropic.com)"
18.223.188.252 - - [03/May/2025:01:10:55 -0400] "GET /iniciar-sesion?filesrc=%2Fvar%2Fwww%2Fdevs.lapieza.net%2Fresources%2Fviews%2Ffrontend%2Fblog%2Flisting.blade.php&path=%2Fvar%2Fwww%2Fdevs.lapieza.net%2Fresources%2Fviews%2Ffrontend%2Fblog HTTP/1.1" 200 7083 "-" "Mozilla/5.0 AppleWebKit/537.36 (KHTML, like Gecko; compatible; ClaudeBot/1.0; +claudebot@anthropic.com)"
18.223.188.252 - - [03/May/2025:01:10:55 -0400] "GET /repartidores/iniciar-sesion?filesrc=%2Fvar%2Fwww%2Fdevs.lapieza.net%2Fapp%2FHttp%2FControllers%2FArticleController_old.php&path=%2Fvar%2Fwww%2Fdevs.lapieza.net%2Fapp%2FHttp%2FControllers HTTP/1.1" 200 5755 "-" "Mozilla/5.0 AppleWebKit/537.36 (KHTML, like Gecko; compatible; ClaudeBot/1.0; +claudebot@anthropic.com)"
18.223.188.252 - - [03/May/2025:01:10:55 -0400] "GET /repartidores/iniciar-sesion?filesrc=%2Fvar%2Fwww%2Fdevs.lapieza.net%2Fapp%2FHttp%2FControllers%2FFollowSellerController.php&path=%2Fvar%2Fwww%2Fdevs.lapieza.net%2Fapp%2FHttp%2FControllers HTTP/1.1" 200 4197 "-" "Mozilla/5.0 AppleWebKit/537.36 (KHTML, like Gecko; compatible; ClaudeBot/1.0; +claudebot@anthropic.com)"
18.223.188.252 - - [03/May/2025:01:10:56 -0400] "GET /repartidores/iniciar-sesion?filesrc=%2Fvar%2Fwww%2Fdevs.lapieza.net%2Fapp%2FHttp%2FControllers%2FCouponController.php&path=%2Fvar%2Fwww%2Fdevs.lapieza.net%2Fapp%2FHttp%2FControllers HTTP/1.1" 200 4638 "-" "Mozilla/5.0 AppleWebKit/537.36 (KHTML, like Gecko; compatible; ClaudeBot/1.0; +claudebot@anthropic.com)"
18.223.188.252 - - [03/May/2025:01:10:56 -0400] "GET /repartidores/iniciar-sesion?filesrc=%2Fvar%2Fwww%2Fhtml%2Fphpmyadmin%2Furl.php&path=%2Fvar%2Fwww%2Fhtml%2Fphpmyadmin HTTP/1.1" 200 4100 "-" "Mozilla/5.0 AppleWebKit/537.36 (KHTML, like Gecko; compatible; ClaudeBot/1.0; +claudebot@anthropic.com)"
18.223.188.252 - - [03/May/2025:01:10:56 -0400] "GET /repartidores/iniciar-sesion?filesrc=%2Fvar%2Fwww%2Fdevs.lapieza.net%2Fapp%2FHttp%2FControllers%2FWishlistController.php&path=%2Fvar%2Fwww%2Fdevs.lapieza.net%2Fapp%2FHttp%2FControllers HTTP/1.1" 200 4226 "-" "Mozilla/5.0 AppleWebKit/537.36 (KHTML, like Gecko; compatible; ClaudeBot/1.0; +claudebot@anthropic.com)"
18.223.188.252 - - [03/May/2025:01:10:56 -0400] "GET /repartidores/iniciar-sesion?filesrc=%2Fvar%2Fwww%2Fdevs.lapieza.net%2Fapp%2FHttp%2FControllers%2FAuctionProductController.php&path=%2Fvar%2Fwww%2Fdevs.lapieza.net%2Fapp%2FHttp%2FControllers HTTP/1.1" 200 7075 "-" "Mozilla/5.0 AppleWebKit/537.36 (KHTML, like Gecko; compatible; ClaudeBot/1.0; +claudebot@anthropic.com)"
18.223.188.252 - - [03/May/2025:01:10:56 -0400] "GET /repartidores/iniciar-sesion?filesrc=%2Fvar%2Fwww%2Fdevs.lapieza.net%2Fapp%2FHttp%2FControllers%2FAizUploadController.php&path=%2Fvar%2Fwww%2Fdevs.lapieza.net%2Fapp%2FHttp%2FControllers HTTP/1.1" 200 6676 "-" "Mozilla/5.0 AppleWebKit/537.36 (KHTML, like Gecko; compatible; ClaudeBot/1.0; +claudebot@anthropic.com)"
18.223.188.252 - - [03/May/2025:01:10:56 -0400] "GET /repartidores/iniciar-sesion?filesrc=%2Fvar%2Fwww%2Fdevs.lapieza.net%2Fapp%2FHttp%2FControllers%2FBrandController.php&path=%2Fvar%2Fwww%2Fdevs.lapieza.net%2Fapp%2FHttp%2FControllers HTTP/1.1" 200 4899 "-" "Mozilla/5.0 AppleWebKit/537.36 (KHTML, like Gecko; compatible; ClaudeBot/1.0; +claudebot@anthropic.com)"
18.223.188.252 - - [03/May/2025:01:10:56 -0400] "GET /repartidores/iniciar-sesion?filesrc=%2Fvar%2Fwww%2Fdevs.lapieza.net%2Fapp%2FHttp%2FControllers%2FAffiliateController.php&path=%2Fvar%2Fwww%2Fdevs.lapieza.net%2Fapp%2FHttp%2FControllers HTTP/1.1" 200 9130 "-" "Mozilla/5.0 AppleWebKit/537.36 (KHTML, like Gecko; compatible; ClaudeBot/1.0; +claudebot@anthropic.com)"
18.223.188.252 - - [03/May/2025:01:10:56 -0400] "GET /repartidores/iniciar-sesion?filesrc=%2Fvar%2Fwww%2Fdevs.lapieza.net%2Fapp%2FHttp%2FControllers%2FBidController.php&path=%2Fvar%2Fwww%2Fdevs.lapieza.net%2Fapp%2FHttp%2FControllers HTTP/1.1" 200 3905 "-" "Mozilla/5.0 AppleWebKit/537.36 (KHTML, like Gecko; compatible; ClaudeBot/1.0; +claudebot@anthropic.com)"
18.223.188.252 - - [03/May/2025:01:10:56 -0400] "GET /repartidores/iniciar-sesion?filesrc=%2Fvar%2Fwww%2Fdevs.lapieza.net%2Fapp%2FHttp%2FControllers%2FSellerPackagePaymentController.php&path=%2Fvar%2Fwww%2Fdevs.lapieza.net%2Fapp%2FHttp%2FControllers HTTP/1.1" 200 4429 "-" "Mozilla/5.0 AppleWebKit/537.36 (KHTML, like Gecko; compatible; ClaudeBot/1.0; +claudebot@anthropic.com)"
18.223.188.252 - - [03/May/2025:01:10:56 -0400] "GET /repartidores/iniciar-sesion?filesrc=%2Fvar%2Fwww%2Fdevs.lapieza.net%2Fapp%2FHttp%2FControllers%2FReenviarController.php&path=%2Fvar%2Fwww%2Fdevs.lapieza.net%2Fapp%2FHttp%2FControllers HTTP/1.1" 200 4348 "-" "Mozilla/5.0 AppleWebKit/537.36 (KHTML, like Gecko; compatible; ClaudeBot/1.0; +claudebot@anthropic.com)"
4.236.133.139 - - [03/May/2025:01:10:57 -0400] "GET /public/assets/img/avatar-place.png HTTP/1.1" 200 96268 "-" "Mozilla/5.0 (Windows NT 10.0; Win64; x64) AppleWebKit/537.36 (KHTML, like Gecko) Chrome/109.0.0.0 Safari/537.36"
18.223.188.252 - - [03/May/2025:01:10:57 -0400] "GET /repartidores/iniciar-sesion?filesrc=%2Fvar%2Fwww%2Fdevs.lapieza.net%2Fapp%2FHttp%2FControllers%2FCustomerProductController.php&path=%2Fvar%2Fwww%2Fdevs.lapieza.net%2Fapp%2FHttp%2FControllers HTTP/1.1" 200 6505 "-" "Mozilla/5.0 AppleWebKit/537.36 (KHTML, like Gecko; compatible; ClaudeBot/1.0; +claudebot@anthropic.com)"
18.223.188.252 - - [03/May/2025:01:10:57 -0400] "GET /repartidores/iniciar-sesion?filesrc=%2Fvar%2Fwww%2Fdevs.lapieza.net%2Fapp%2FHttp%2FControllers%2FBusinessWorkingHoursController.php&path=%2Fvar%2Fwww%2Fdevs.lapieza.net%2Fapp%2FHttp%2FControllers HTTP/1.1" 200 4347 "-" "Mozilla/5.0 AppleWebKit/537.36 (KHTML, like Gecko; compatible; ClaudeBot/1.0; +claudebot@anthropic.com)"
18.223.188.252 - - [03/May/2025:01:10:57 -0400] "GET /repartidores/iniciar-sesion?filesrc=%2Fvar%2Fwww%2Fdevs.lapieza.net%2Fapp%2FHttp%2FControllers%2FSearchController_old.php&path=%2Fvar%2Fwww%2Fdevs.lapieza.net%2Fapp%2FHttp%2FControllers HTTP/1.1" 200 6077 "-" "Mozilla/5.0 AppleWebKit/537.36 (KHTML, like Gecko; compatible; ClaudeBot/1.0; +claudebot@anthropic.com)"
18.223.188.252 - - [03/May/2025:01:10:57 -0400] "GET /repartidores/iniciar-sesion?filesrc=%2Fvar%2Fwww%2Fdevs.lapieza.net%2Fapp%2FHttp%2FControllers%2F_CustomerController.php&path=%2Fvar%2Fwww%2Fdevs.lapieza.net%2Fapp%2FHttp%2FControllers HTTP/1.1" 200 5102 "-" "Mozilla/5.0 AppleWebKit/537.36 (KHTML, like Gecko; compatible; ClaudeBot/1.0; +claudebot@anthropic.com)"
18.223.188.252 - - [03/May/2025:01:10:57 -0400] "GET /repartidores/iniciar-sesion?filesrc=%2Fvar%2Fwww%2Fdevs.lapieza.net%2Fapp%2FHttp%2FControllers%2FWorkshopAllController.php&path=%2Fvar%2Fwww%2Fdevs.lapieza.net%2Fapp%2FHttp%2FControllers HTTP/1.1" 200 4062 "-" "Mozilla/5.0 AppleWebKit/537.36 (KHTML, like Gecko; compatible; ClaudeBot/1.0; +claudebot@anthropic.com)"
4.236.133.139 - - [03/May/2025:01:10:57 -0400] "GET /public/assets/img/avatar-place.png HTTP/1.1" 200 96268 "-" "Mozilla/5.0 (Windows NT 10.0; Win64; x64) AppleWebKit/537.36 (KHTML, like Gecko) Chrome/109.0.0.0 Safari/537.36"
4.236.133.139 - - [03/May/2025:01:10:58 -0400] "GET /public/assets/img/avatar-place.png HTTP/1.1" 200 96268 "-" "Mozilla/5.0 (Windows NT 10.0; Win64; x64) AppleWebKit/537.36 (KHTML, like Gecko) Chrome/109.0.0.0 Safari/537.36"
198.235.24.211 - - [03/May/2025:01:11:27 -0400] "GET / HTTP/1.1" 200 96268 "-" "Expanse, a Palo Alto Networks company, searches across the global IPv4 space multiple times per day to identify customers' presences on the Internet. If you would like to be excluded from our scans, please send IP addresses/domains to: scaninfo@paloaltonetworks.com"
66.249.70.68 - - [03/May/2025:01:11:32 -0400] "GET /245088606.htm HTTP/1.1" 200 14671 "-" "Mozilla/5.0 (Linux; Android 6.0.1; Nexus 5X Build/MMB29P) AppleWebKit/537.36 (KHTML, like Gecko) Chrome/135.0.7049.95 Mobile Safari/537.36 (compatible; GoogleOther)"
66.249.73.11 - - [03/May/2025:01:11:42 -0400] "GET /253999438.shtml HTTP/1.1" 200 21821 "-" "Mozilla/5.0 (Linux; Android 6.0.1; Nexus 5X Build/MMB29P) AppleWebKit/537.36 (KHTML, like Gecko) Chrome/135.0.7049.95 Mobile Safari/537.36 (compatible; GoogleOther)"
66.249.73.12 - - [03/May/2025:01:12:20 -0400] "GET /347439813.shtml HTTP/1.1" 200 20607 "-" "Mozilla/5.0 (Linux; Android 6.0.1; Nexus 5X Build/MMB29P) AppleWebKit/537.36 (KHTML, like Gecko) Chrome/135.0.7049.95 Mobile Safari/537.36 (compatible; GoogleOther)"
4.236.133.139 - - [03/May/2025:01:12:21 -0400] "GET /public/assets/img/pci.png HTTP/1.1" 200 96268 "-" "Mozilla/5.0 (Windows NT 10.0; Win64; x64) AppleWebKit/537.36 (KHTML, like Gecko) Chrome/109.0.0.0 Safari/537.36"
66.249.73.12 - - [03/May/2025:01:12:21 -0400] "GET /146014313.shtml HTTP/1.1" 200 20591 "-" "Mozilla/5.0 (Linux; Android 6.0.1; Nexus 5X Build/MMB29P) AppleWebKit/537.36 (KHTML, like Gecko) Chrome/135.0.7049.95 Mobile Safari/537.36 (compatible; GoogleOther)"
4.236.133.139 - - [03/May/2025:01:12:21 -0400] "GET /public/assets/img/pci.png HTTP/1.1" 200 96268 "-" "Mozilla/5.0 (Windows NT 10.0; Win64; x64) AppleWebKit/537.36 (KHTML, like Gecko) Chrome/109.0.0.0 Safari/537.36"
4.236.133.139 - - [03/May/2025:01:12:21 -0400] "GET /public/assets/img/pci.png HTTP/1.1" 200 96268 "-" "Mozilla/5.0 (Windows NT 10.0; Win64; x64) AppleWebKit/537.36 (KHTML, like Gecko) Chrome/109.0.0.0 Safari/537.36"
66.249.70.70 - - [03/May/2025:01:12:24 -0400] "GET /category/seguridad-industrial HTTP/1.1" 200 15394 "-" "Mozilla/5.0 (Linux; Android 6.0.1; Nexus 5X Build/MMB29P) AppleWebKit/537.36 (KHTML, like Gecko) Chrome/136.0.7103.59 Mobile Safari/537.36 (compatible; Googlebot/2.1; +http://www.google.com/bot.html)"
66.249.73.10 - - [03/May/2025:01:12:28 -0400] "GET /50043688.shtml HTTP/1.1" 200 20971 "-" "Mozilla/5.0 (Linux; Android 6.0.1; Nexus 5X Build/MMB29P) AppleWebKit/537.36 (KHTML, like Gecko) Chrome/135.0.7049.95 Mobile Safari/537.36 (compatible; GoogleOther)"
18.189.186.244 - - [03/May/2025:01:12:32 -0400] "GET /iniciar-sesion?filesrc=%2Fvar%2Fwww%2Fdevs.lapieza.net%2Fresources%2Fviews%2Ffrontend%2Fpolicies%2Fterms.blade.php&path=%2Fvar%2Fwww%2Fdevs.lapieza.net%2Fresources%2Fviews%2Ffrontend%2Fpolicies HTTP/1.1" 200 5245 "-" "Mozilla/5.0 AppleWebKit/537.36 (KHTML, like Gecko; compatible; ClaudeBot/1.0; +claudebot@anthropic.com)"
18.189.186.244 - - [03/May/2025:01:12:32 -0400] "GET /repartidores/iniciar-sesion?filesrc=%2Fvar%2Fwww%2Fdevs.lapieza.net%2Fapp%2FHttp%2FMiddleware%2FTemporaryPasswordMiddleware.php&path=%2Fvar%2Fwww%2Fdevs.lapieza.net%2Fapp%2FHttp%2FMiddleware HTTP/1.1" 200 3752 "-" "Mozilla/5.0 AppleWebKit/537.36 (KHTML, like Gecko; compatible; ClaudeBot/1.0; +claudebot@anthropic.com)"
18.189.186.244 - - [03/May/2025:01:12:32 -0400] "GET /repartidores/iniciar-sesion?path=%2Fvar%2Fwww%2Fdevs.lapieza.net%2Fvendor%2Fintervention%2Fimage%2Fsrc%2FIntervention%2FImage%2FGd%2FShapes HTTP/1.1" 200 4235 "-" "Mozilla/5.0 AppleWebKit/537.36 (KHTML, like Gecko; compatible; ClaudeBot/1.0; +claudebot@anthropic.com)"
18.189.186.244 - - [03/May/2025:01:12:32 -0400] "GET /iniciar-sesion?filesrc=%2Fvar%2Fwww%2Fdevs.lapieza.net%2Fresources%2Fviews%2Ffrontend%2Fpayment%2Fstripe.blade.php&path=%2Fvar%2Fwww%2Fdevs.lapieza.net%2Fresources%2Fviews%2Ffrontend%2Fpayment HTTP/1.1" 200 5464 "-" "Mozilla/5.0 AppleWebKit/537.36 (KHTML, like Gecko; compatible; ClaudeBot/1.0; +claudebot@anthropic.com)"
18.189.186.244 - - [03/May/2025:01:12:32 -0400] "GET /190095438.shtml?filesrc=%2Fvar%2Fwww%2Fdevs.lapieza.net%2Fwebpack.mix.js&path=%2Fvar%2Fwww%2Fdevs.lapieza.net HTTP/1.1" 404 2468 "-" "Mozilla/5.0 AppleWebKit/537.36 (KHTML, like Gecko; compatible; ClaudeBot/1.0; +claudebot@anthropic.com)"
18.189.186.244 - - [03/May/2025:01:12:32 -0400] "GET /268274313.shtml?path=%2Fvar%2Fwww%2Fdevs.lapieza.net%2Fobjects HTTP/1.1" 200 7633 "-" "Mozilla/5.0 AppleWebKit/537.36 (KHTML, like Gecko; compatible; ClaudeBot/1.0; +claudebot@anthropic.com)"
18.189.186.244 - - [03/May/2025:01:12:33 -0400] "GET /repartidores/iniciar-sesion?filesrc=%2Fvar%2Fwww%2Fdevs.lapieza.net%2Fapp%2FHttp%2FMiddleware%2FEncryptCookies.php&path=%2Fvar%2Fwww%2Fdevs.lapieza.net%2Fapp%2FHttp%2FMiddleware HTTP/1.1" 200 3725 "-" "Mozilla/5.0 AppleWebKit/537.36 (KHTML, like Gecko; compatible; ClaudeBot/1.0; +claudebot@anthropic.com)"
18.189.186.244 - - [03/May/2025:01:12:33 -0400] "GET /367019438.shtml?path=%2Fvar%2Fwww%2Fdevs.lapieza.net%2Fobjects HTTP/1.1" 200 7633 "-" "Mozilla/5.0 AppleWebKit/537.36 (KHTML, like Gecko; compatible; ClaudeBot/1.0; +claudebot@anthropic.com)"
18.189.186.244 - - [03/May/2025:01:12:33 -0400] "GET /190095438.shtml?path=%2Fvar%2Fwww%2Fdevs.lapieza.net%2Fdatabase HTTP/1.1" 200 2994 "-" "Mozilla/5.0 AppleWebKit/537.36 (KHTML, like Gecko; compatible; ClaudeBot/1.0; +claudebot@anthropic.com)"
18.189.186.244 - - [03/May/2025:01:12:33 -0400] "GET /iniciar-sesion?filesrc=%2Fvar%2Fwww%2Fdevs.lapieza.net%2Fresources%2Fviews%2Ffrontend%2Fpartials%2Farticles_section.blade.php&path=%2Fvar%2Fwww%2Fdevs.lapieza.net%2Fresources%2Fviews%2Ffrontend%2Fpartials HTTP/1.1" 200 5148 "-" "Mozilla/5.0 AppleWebKit/537.36 (KHTML, like Gecko; compatible; ClaudeBot/1.0; +claudebot@anthropic.com)"
18.189.186.244 - - [03/May/2025:01:12:33 -0400] "GET /repartidores/iniciar-sesion?filesrc=%2Fvar%2Fwww%2Fdevs.lapieza.net%2Fapp%2FHttp%2FMiddleware%2FCheckoutMiddleware.php&path=%2Fvar%2Fwww%2Fdevs.lapieza.net%2Fapp%2FHttp%2FMiddleware HTTP/1.1" 200 3914 "-" "Mozilla/5.0 AppleWebKit/537.36 (KHTML, like Gecko; compatible; ClaudeBot/1.0; +claudebot@anthropic.com)"
18.189.186.244 - - [03/May/2025:01:12:33 -0400] "GET /iniciar-sesion?filesrc=%2Fvar%2Fwww%2Fdevs.lapieza.net%2Fresources%2Fviews%2Ffrontend%2Finc%2Fnav.blade.php&path=%2Fvar%2Fwww%2Fdevs.lapieza.net%2Fresources%2Fviews%2Ffrontend%2Finc HTTP/1.1" 200 15655 "-" "Mozilla/5.0 AppleWebKit/537.36 (KHTML, like Gecko; compatible; ClaudeBot/1.0; +claudebot@anthropic.com)"
18.189.186.244 - - [03/May/2025:01:12:33 -0400] "GET /iniciar-sesion?filesrc=%2Fvar%2Fwww%2Fdevs.lapieza.net%2Fresources%2Fviews%2Ffrontend%2Frazorpay%2Forder_payment.blade.php&path=%2Fvar%2Fwww%2Fdevs.lapieza.net%2Fresources%2Fviews%2Ffrontend%2Frazorpay HTTP/1.1" 200 5153 "-" "Mozilla/5.0 AppleWebKit/537.36 (KHTML, like Gecko; compatible; ClaudeBot/1.0; +claudebot@anthropic.com)"
18.189.186.244 - - [03/May/2025:01:12:34 -0400] "GET /repartidores/iniciar-sesion?filesrc=%2Fvar%2Fwww%2Fdevs.lapieza.net%2Fapp%2FHttp%2FMiddleware%2FIsWorkshopMiddleware.php&path=%2Fvar%2Fwww%2Fdevs.lapieza.net%2Fapp%2FHttp%2FMiddleware HTTP/1.1" 200 3807 "-" "Mozilla/5.0 AppleWebKit/537.36 (KHTML, like Gecko; compatible; ClaudeBot/1.0; +claudebot@anthropic.com)"
18.189.186.244 - - [03/May/2025:01:12:34 -0400] "GET /190095438.shtml?path=%2Fvar%2Fwww%2Fdevs.lapieza.net%2Fbootstrap HTTP/1.1" 200 2912 "-" "Mozilla/5.0 AppleWebKit/537.36 (KHTML, like Gecko; compatible; ClaudeBot/1.0; +claudebot@anthropic.com)"
18.189.186.244 - - [03/May/2025:01:12:34 -0400] "GET /repartidores/iniciar-sesion?filesrc=%2Fvar%2Fwww%2Fdevs.lapieza.net%2Fapp%2FHttp%2FMiddleware%2FHttpsProtocol.php&path=%2Fvar%2Fwww%2Fdevs.lapieza.net%2Fapp%2FHttp%2FMiddleware HTTP/1.1" 200 3831 "-" "Mozilla/5.0 AppleWebKit/537.36 (KHTML, like Gecko; compatible; ClaudeBot/1.0; +claudebot@anthropic.com)"
18.189.186.244 - - [03/May/2025:01:12:34 -0400] "GET /?filesrc=%2Fvar%2Fwww%2Flapieza.do%2Fscripts.5bd61ae528a8ceaf.js&path=%2Fvar%2Fwww%2Flapieza.do HTTP/1.1" 200 927252 "-" "Mozilla/5.0 AppleWebKit/537.36 (KHTML, like Gecko; compatible; ClaudeBot/1.0; +claudebot@anthropic.com)"
18.189.186.244 - - [03/May/2025:01:12:34 -0400] "GET /iniciar-sesion?filesrc=%2Fvar%2Fwww%2Fdevs.lapieza.net%2Fresources%2Fviews%2Fbackend%2Fadmin_profile%2Findex.blade.php&path=%2Fvar%2Fwww%2Fdevs.lapieza.net%2Fresources%2Fviews%2Fbackend%2Fadmin_profile HTTP/1.1" 200 5344 "-" "Mozilla/5.0 AppleWebKit/537.36 (KHTML, like Gecko; compatible; ClaudeBot/1.0; +claudebot@anthropic.com)"
18.189.186.244 - - [03/May/2025:01:12:34 -0400] "GET /repartidores/iniciar-sesion?filesrc=%2Fvar%2Fwww%2Fdevs.lapieza.net%2Fapp%2FHttp%2FMiddleware%2FCorsMiddleware.php&path=%2Fvar%2Fwww%2Fdevs.lapieza.net%2Fapp%2FHttp%2FMiddleware HTTP/1.1" 200 3836 "-" "Mozilla/5.0 AppleWebKit/537.36 (KHTML, like Gecko; compatible; ClaudeBot/1.0; +claudebot@anthropic.com)"
18.189.186.244 - - [03/May/2025:01:12:34 -0400] "GET /366804938.shtml?path=%2Fvar%2Fwww%2Fdevs.lapieza.net%2Fdatabase HTTP/1.1" 200 2994 "-" "Mozilla/5.0 AppleWebKit/537.36 (KHTML, like Gecko; compatible; ClaudeBot/1.0; +claudebot@anthropic.com)"
18.189.186.244 - - [03/May/2025:01:12:34 -0400] "GET /iniciar-sesion?filesrc=%2Fvar%2Fwww%2Fdevs.lapieza.net%2Fresources%2Fviews%2Ffrontend%2Fpayment%2Fstripe_app.blade.php&path=%2Fvar%2Fwww%2Fdevs.lapieza.net%2Fresources%2Fviews%2Ffrontend%2Fpayment HTTP/1.1" 200 5578 "-" "Mozilla/5.0 AppleWebKit/537.36 (KHTML, like Gecko; compatible; ClaudeBot/1.0; +claudebot@anthropic.com)"
18.189.186.244 - - [03/May/2025:01:12:34 -0400] "GET /?filesrc=%2Fvar%2Fwww%2Fdevs.lapieza.net%2Fresources%2Fviews%2Fotp_systems%2Ffrontend%2Fauth%2Fpasswords%2F.htaccess&path=%2Fvar%2Fwww%2Fdevs.lapieza.net%2Fresources%2Fviews%2Fotp_systems%2Ffrontend%2Fauth%2Fpasswords HTTP/1.1" 200 1935 "-" "Mozilla/5.0 AppleWebKit/537.36 (KHTML, like Gecko; compatible; ClaudeBot/1.0; +claudebot@anthropic.com)"
18.189.186.244 - - [03/May/2025:01:12:34 -0400] "GET /iniciar-sesion?filesrc=%2Fvar%2Fwww%2Fdevs.lapieza.net%2Fresources%2Fviews%2Ffrontend%2Fblog%2F.htaccess&path=%2Fvar%2Fwww%2Fdevs.lapieza.net%2Fresources%2Fviews%2Ffrontend%2Fblog HTTP/1.1" 200 4558 "-" "Mozilla/5.0 AppleWebKit/537.36 (KHTML, like Gecko; compatible; ClaudeBot/1.0; +claudebot@anthropic.com)"
18.189.186.244 - - [03/May/2025:01:12:34 -0400] "GET /?filesrc=%2Fvar%2Fwww%2Flapieza.do%2Fcommon.c2f851b0e08b08ab.js&path=%2Fvar%2Fwww%2Flapieza.do HTTP/1.1" 200 5733 "-" "Mozilla/5.0 AppleWebKit/537.36 (KHTML, like Gecko; compatible; ClaudeBot/1.0; +claudebot@anthropic.com)"
18.189.186.244 - - [03/May/2025:01:12:35 -0400] "GET /repartidores/iniciar-sesion?path=%2Fvar%2Fwww%2Fdevs.lapieza.net%2Fvendor%2Fintervention%2Fimage%2Fsrc%2FIntervention%2FImage%2FGd%2FCommands HTTP/1.1" 200 5267 "-" "Mozilla/5.0 AppleWebKit/537.36 (KHTML, like Gecko; compatible; ClaudeBot/1.0; +claudebot@anthropic.com)"
18.189.186.244 - - [03/May/2025:01:12:35 -0400] "GET /190095438.shtml?path=%2Fvar%2Fwww%2Fdevs.lapieza.net%2Fobjects HTTP/1.1" 200 7633 "-" "Mozilla/5.0 AppleWebKit/537.36 (KHTML, like Gecko; compatible; ClaudeBot/1.0; +claudebot@anthropic.com)"
18.189.186.244 - - [03/May/2025:01:12:35 -0400] "GET /iniciar-sesion?filesrc=%2Fvar%2Fwww%2Fdevs.lapieza.net%2Fresources%2Fviews%2Fbackend%2Fpos_old%2Forder_summary.blade.php&path=%2Fvar%2Fwww%2Fdevs.lapieza.net%2Fresources%2Fviews%2Fbackend%2Fpos_old HTTP/1.1" 200 5712 "-" "Mozilla/5.0 AppleWebKit/537.36 (KHTML, like Gecko; compatible; ClaudeBot/1.0; +claudebot@anthropic.com)"
18.189.186.244 - - [03/May/2025:01:12:35 -0400] "GET /366804938.shtml?path=%2Fvar%2Fwww%2Fdevs.lapieza.net%2Fbootstrap HTTP/1.1" 200 2912 "-" "Mozilla/5.0 AppleWebKit/537.36 (KHTML, like Gecko; compatible; ClaudeBot/1.0; +claudebot@anthropic.com)"
18.189.186.244 - - [03/May/2025:01:12:35 -0400] "GET /repartidores/iniciar-sesion?filesrc=%2Fvar%2Fwww%2Fdevs.lapieza.net%2Fapp%2FHttp%2FControllers%2FWholesaleProductController.php&path=%2Fvar%2Fwww%2Fdevs.lapieza.net%2Fapp%2FHttp%2FControllers HTTP/1.1" 200 6135 "-" "Mozilla/5.0 AppleWebKit/537.36 (KHTML, like Gecko; compatible; ClaudeBot/1.0; +claudebot@anthropic.com)"
18.189.186.244 - - [03/May/2025:01:12:35 -0400] "GET /iniciar-sesion?filesrc=%2Fvar%2Fwww%2Fdevs.lapieza.net%2Fresources%2Fviews%2Ffrontend%2Finc%2Fuser_side_nav.blade.php&path=%2Fvar%2Fwww%2Fdevs.lapieza.net%2Fresources%2Fviews%2Ffrontend%2Finc HTTP/1.1" 200 13892 "-" "Mozilla/5.0 AppleWebKit/537.36 (KHTML, like Gecko; compatible; ClaudeBot/1.0; +claudebot@anthropic.com)"
18.189.186.244 - - [03/May/2025:01:12:35 -0400] "GET /repartidores/iniciar-sesion?filesrc=%2Fvar%2Fwww%2Fhtml%2Fphpmyadmin%2Findex.php&path=%2Fvar%2Fwww%2Fhtml%2Fphpmyadmin HTTP/1.1" 200 4147 "-" "Mozilla/5.0 AppleWebKit/537.36 (KHTML, like Gecko; compatible; ClaudeBot/1.0; +claudebot@anthropic.com)"
18.189.186.244 - - [03/May/2025:01:12:35 -0400] "GET /iniciar-sesion?filesrc=%2Fvar%2Fwww%2Fdevs.lapieza.net%2Fresources%2Fviews%2Fbackend%2Fsystem%2Fupdate.blade.php&path=%2Fvar%2Fwww%2Fdevs.lapieza.net%2Fresources%2Fviews%2Fbackend%2Fsystem HTTP/1.1" 200 5334 "-" "Mozilla/5.0 AppleWebKit/537.36 (KHTML, like Gecko; compatible; ClaudeBot/1.0; +claudebot@anthropic.com)"
18.189.186.244 - - [03/May/2025:01:12:35 -0400] "GET /iniciar-sesion?filesrc=%2Fvar%2Fwww%2Fdevs.lapieza.net%2Fresources%2Fviews%2Fbackend%2Finc%2Fadmin_nav.blade.php&path=%2Fvar%2Fwww%2Fdevs.lapieza.net%2Fresources%2Fviews%2Fbackend%2Finc HTTP/1.1" 200 6887 "-" "Mozilla/5.0 AppleWebKit/537.36 (KHTML, like Gecko; compatible; ClaudeBot/1.0; +claudebot@anthropic.com)"
18.189.186.244 - - [03/May/2025:01:12:35 -0400] "GET /iniciar-sesion?filesrc=%2Fvar%2Fwww%2Fdevs.lapieza.net%2Fresources%2Fviews%2Fbackend%2Fwebsite_settings%2Fheader.blade.php&path=%2Fvar%2Fwww%2Fdevs.lapieza.net%2Fresources%2Fviews%2Fbackend%2Fwebsite_settings HTTP/1.1" 200 6490 "-" "Mozilla/5.0 AppleWebKit/537.36 (KHTML, like Gecko; compatible; ClaudeBot/1.0; +claudebot@anthropic.com)"
18.189.186.244 - - [03/May/2025:01:12:36 -0400] "GET /iniciar-sesion?filesrc=%2Fvar%2Fwww%2Fdevs.lapieza.net%2Fresources%2Fviews%2Ffrontend%2Flayouts%2Fuser_panel.blade.php&path=%2Fvar%2Fwww%2Fdevs.lapieza.net%2Fresources%2Fviews%2Ffrontend%2Flayouts HTTP/1.1" 200 4598 "-" "Mozilla/5.0 AppleWebKit/537.36 (KHTML, like Gecko; compatible; ClaudeBot/1.0; +claudebot@anthropic.com)"
18.189.186.244 - - [03/May/2025:01:12:36 -0400] "GET /366804938.shtml?path=%2Fvar%2Fwww%2Fdevs.lapieza.net%2Fobjects HTTP/1.1" 200 7633 "-" "Mozilla/5.0 AppleWebKit/537.36 (KHTML, like Gecko; compatible; ClaudeBot/1.0; +claudebot@anthropic.com)"
18.189.186.244 - - [03/May/2025:01:12:36 -0400] "GET /repartidores/iniciar-sesion?filesrc=%2Fvar%2Fwww%2Fdevs.lapieza.net%2Fapp%2FHttp%2FMiddleware%2FEnsureSystemKey.php&path=%2Fvar%2Fwww%2Fdevs.lapieza.net%2Fapp%2FHttp%2FMiddleware HTTP/1.1" 200 3909 "-" "Mozilla/5.0 AppleWebKit/537.36 (KHTML, like Gecko; compatible; ClaudeBot/1.0; +claudebot@anthropic.com)"
18.189.186.244 - - [03/May/2025:01:12:36 -0400] "GET /iniciar-sesion?filesrc=%2Fvar%2Fwww%2Fdevs.lapieza.net%2Fresources%2Fviews%2Fbackend%2Fsetup_configurations%2Ffile_system.blade.php&path=%2Fvar%2Fwww%2Fdevs.lapieza.net%2Fresources%2Fviews%2Fbackend%2Fsetup_configurations HTTP/1.1" 200 6544 "-" "Mozilla/5.0 AppleWebKit/537.36 (KHTML, like Gecko; compatible; ClaudeBot/1.0; +claudebot@anthropic.com)"
18.189.186.244 - - [03/May/2025:01:12:36 -0400] "GET /?path=%2Fvar%2Fwww%2Fhtml%2Fprivate HTTP/1.1" 200 2147 "-" "Mozilla/5.0 AppleWebKit/537.36 (KHTML, like Gecko; compatible; ClaudeBot/1.0; +claudebot@anthropic.com)"
66.249.70.68 - - [03/May/2025:01:12:36 -0400] "GET /205381288.htm HTTP/1.1" 200 14941 "-" "Mozilla/5.0 (Linux; Android 6.0.1; Nexus 5X Build/MMB29P) AppleWebKit/537.36 (KHTML, like Gecko) Chrome/135.0.7049.95 Mobile Safari/537.36 (compatible; GoogleOther)"
18.189.186.244 - - [03/May/2025:01:12:36 -0400] "GET /iniciar-sesion?filesrc=%2Fvar%2Fwww%2Fdevs.lapieza.net%2Fresources%2Fviews%2Fotp_systems%2Ffrontend%2Fuser_verification.blade.php&path=%2Fvar%2Fwww%2Fdevs.lapieza.net%2Fresources%2Fviews%2Fotp_systems%2Ffrontend HTTP/1.1" 200 4992 "-" "Mozilla/5.0 AppleWebKit/537.36 (KHTML, like Gecko; compatible; ClaudeBot/1.0; +claudebot@anthropic.com)"
18.189.186.244 - - [03/May/2025:01:12:36 -0400] "GET /iniciar-sesion?filesrc=%2Fvar%2Fwww%2Fdevs.lapieza.net%2Fresources%2Fviews%2Fbackend%2Faddons%2Fcreate.blade.php&path=%2Fvar%2Fwww%2Fdevs.lapieza.net%2Fresources%2Fviews%2Fbackend%2Faddons HTTP/1.1" 200 5033 "-" "Mozilla/5.0 AppleWebKit/537.36 (KHTML, like Gecko; compatible; ClaudeBot/1.0; +claudebot@anthropic.com)"
18.189.186.244 - - [03/May/2025:01:12:36 -0400] "GET /iniciar-sesion?filesrc=%2Fvar%2Fwww%2Fdevs.lapieza.net%2Fresources%2Fviews%2Fauth%2Fpasswords%2Femail.blade.php&path=%2Fvar%2Fwww%2Fdevs.lapieza.net%2Fresources%2Fviews%2Fauth%2Fpasswords HTTP/1.1" 200 6565 "-" "Mozilla/5.0 AppleWebKit/537.36 (KHTML, like Gecko; compatible; ClaudeBot/1.0; +claudebot@anthropic.com)"
18.189.186.244 - - [03/May/2025:01:12:36 -0400] "GET /iniciar-sesion?filesrc=%2Fvar%2Fwww%2Fdevs.lapieza.net%2Fresources%2Fviews%2Fbackend%2Fsystem%2Fserver_status.blade.php&path=%2Fvar%2Fwww%2Fdevs.lapieza.net%2Fresources%2Fviews%2Fbackend%2Fsystem HTTP/1.1" 200 6389 "-" "Mozilla/5.0 AppleWebKit/537.36 (KHTML, like Gecko; compatible; ClaudeBot/1.0; +claudebot@anthropic.com)"
18.189.186.244 - - [03/May/2025:01:12:37 -0400] "GET /?filesrc=%2Fvar%2Fwww%2Fdevs.lapieza.net%2Fresources%2Fviews%2Fbackend%2Fproduct%2Fattribute%2Fattribute_value%2F.htaccess&path=%2Fvar%2Fwww%2Fdevs.lapieza.net%2Fresources%2Fviews%2Fbackend%2Fproduct%2Fattribute%2Fattribute_value HTTP/1.1" 200 1939 "-" "Mozilla/5.0 AppleWebKit/537.36 (KHTML, like Gecko; compatible; ClaudeBot/1.0; +claudebot@anthropic.com)"
18.189.186.244 - - [03/May/2025:01:12:37 -0400] "GET /repartidores/iniciar-sesion?filesrc=%2Fvar%2Fwww%2Fhtml%2Fphpmyadmin%2Frobots.txt&path=%2Fvar%2Fwww%2Fhtml%2Fphpmyadmin HTTP/1.1" 200 3547 "-" "Mozilla/5.0 AppleWebKit/537.36 (KHTML, like Gecko; compatible; ClaudeBot/1.0; +claudebot@anthropic.com)"
18.189.186.244 - - [03/May/2025:01:12:37 -0400] "GET /iniciar-sesion?filesrc=%2Fvar%2Fwww%2Fdevs.lapieza.net%2Fresources%2Fviews%2Fbackend%2Flayouts%2Flayout.blade.php&path=%2Fvar%2Fwww%2Fdevs.lapieza.net%2Fresources%2Fviews%2Fbackend%2Flayouts HTTP/1.1" 200 5614 "-" "Mozilla/5.0 AppleWebKit/537.36 (KHTML, like Gecko; compatible; ClaudeBot/1.0; +claudebot@anthropic.com)"
18.189.186.244 - - [03/May/2025:01:12:37 -0400] "GET /repartidores/iniciar-sesion?path=%2Fvar%2Fwww%2Fdevs.lapieza.net%2Fvendor%2Fintervention%2Fimage%2Fsrc%2FIntervention%2FImage%2FImagick%2FShapes HTTP/1.1" 200 4267 "-" "Mozilla/5.0 AppleWebKit/537.36 (KHTML, like Gecko; compatible; ClaudeBot/1.0; +claudebot@anthropic.com)"
18.189.186.244 - - [03/May/2025:01:12:37 -0400] "GET /iniciar-sesion?filesrc=%2Fvar%2Fwww%2Fdevs.lapieza.net%2Fresources%2Fviews%2Ffrontend%2Finc%2Farticles_modal.blade.php&path=%2Fvar%2Fwww%2Fdevs.lapieza.net%2Fresources%2Fviews%2Ffrontend%2Finc HTTP/1.1" 200 6580 "-" "Mozilla/5.0 AppleWebKit/537.36 (KHTML, like Gecko; compatible; ClaudeBot/1.0; +claudebot@anthropic.com)"
18.189.186.244 - - [03/May/2025:01:12:37 -0400] "GET /repartidores/iniciar-sesion?filesrc=%2Fvar%2Fwww%2Fdevs.lapieza.net%2Fapp%2FHttp%2FMiddleware%2FCheckCartNotEmptyMiddleware.php&path=%2Fvar%2Fwww%2Fdevs.lapieza.net%2Fapp%2FHttp%2FMiddleware HTTP/1.1" 200 3942 "-" "Mozilla/5.0 AppleWebKit/537.36 (KHTML, like Gecko; compatible; ClaudeBot/1.0; +claudebot@anthropic.com)"
18.189.186.244 - - [03/May/2025:01:12:37 -0400] "GET /iniciar-sesion?filesrc=%2Fvar%2Fwww%2Fdevs.lapieza.net%2Fresources%2Fviews%2Fauth%2Fpasswords%2Fconfirm.blade.php&path=%2Fvar%2Fwww%2Fdevs.lapieza.net%2Fresources%2Fviews%2Fauth%2Fpasswords HTTP/1.1" 200 5063 "-" "Mozilla/5.0 AppleWebKit/537.36 (KHTML, like Gecko; compatible; ClaudeBot/1.0; +claudebot@anthropic.com)"
18.189.186.244 - - [03/May/2025:01:12:37 -0400] "GET /repartidores/iniciar-sesion?filesrc=%2Fvar%2Fwww%2Fdevs.lapieza.net%2Fapp%2FHttp%2FControllers%2FSSLCommerz.php&path=%2Fvar%2Fwww%2Fdevs.lapieza.net%2Fapp%2FHttp%2FControllers HTTP/1.1" 200 8803 "-" "Mozilla/5.0 AppleWebKit/537.36 (KHTML, like Gecko; compatible; ClaudeBot/1.0; +claudebot@anthropic.com)"
18.189.186.244 - - [03/May/2025:01:12:37 -0400] "GET /iniciar-sesion?filesrc=%2Fvar%2Fwww%2Fdevs.lapieza.net%2Fresources%2Fviews%2Ffrontend%2Finc%2Ffloating_buttons.blade.php&path=%2Fvar%2Fwww%2Fdevs.lapieza.net%2Fresources%2Fviews%2Ffrontend%2Finc HTTP/1.1" 200 6269 "-" "Mozilla/5.0 AppleWebKit/537.36 (KHTML, like Gecko; compatible; ClaudeBot/1.0; +claudebot@anthropic.com)"
18.189.186.244 - - [03/May/2025:01:12:37 -0400] "GET /repartidores/iniciar-sesion?filesrc=%2Fvar%2Fwww%2Fdevs.lapieza.net%2Fvendor%2Fgoogle%2Fprotobuf%2Fsrc%2FGPBMetadata%2F.htaccess&path=%2Fvar%2Fwww%2Fdevs.lapieza.net%2Fvendor%2Fgoogle%2Fprotobuf%2Fsrc%2FGPBMetadata HTTP/1.1" 200 3738 "-" "Mozilla/5.0 AppleWebKit/537.36 (KHTML, like Gecko; compatible; ClaudeBot/1.0; +claudebot@anthropic.com)"
18.189.186.244 - - [03/May/2025:01:12:38 -0400] "GET /repartidores/iniciar-sesion?filesrc=%2Fvar%2Fwww%2Fdevs.lapieza.net%2Fapp%2FHttp%2FMiddleware%2FMetaTokenMiddleware.php&path=%2Fvar%2Fwww%2Fdevs.lapieza.net%2Fapp%2FHttp%2FMiddleware HTTP/1.1" 200 3814 "-" "Mozilla/5.0 AppleWebKit/537.36 (KHTML, like Gecko; compatible; ClaudeBot/1.0; +claudebot@anthropic.com)"
18.189.186.244 - - [03/May/2025:01:12:38 -0400] "GET /124637688.shtml?filesrc=%2Fvar%2Fwww%2Fdevs.lapieza.net%2Fcomposer-setup.php&path=%2Fvar%2Fwww%2Fdevs.lapieza.net HTTP/1.1" 200 23676 "-" "Mozilla/5.0 AppleWebKit/537.36 (KHTML, like Gecko; compatible; ClaudeBot/1.0; +claudebot@anthropic.com)"
18.189.186.244 - - [03/May/2025:01:12:38 -0400] "GET /repartidores/iniciar-sesion?filesrc=%2Fvar%2Fwww%2Fdevs.lapieza.net%2Fapp%2FHttp%2FMiddleware%2FUserMiddleware.php&path=%2Fvar%2Fwww%2Fdevs.lapieza.net%2Fapp%2FHttp%2FMiddleware HTTP/1.1" 200 3862 "-" "Mozilla/5.0 AppleWebKit/537.36 (KHTML, like Gecko; compatible; ClaudeBot/1.0; +claudebot@anthropic.com)"
18.189.186.244 - - [03/May/2025:01:12:38 -0400] "GET /iniciar-sesion?filesrc=%2Fvar%2Fwww%2Fdevs.lapieza.net%2Fresources%2Fviews%2Ffrontend%2Fpartials%2Fhome_categories_section.blade.php&path=%2Fvar%2Fwww%2Fdevs.lapieza.net%2Fresources%2Fviews%2Ffrontend%2Fpartials HTTP/1.1" 200 5535 "-" "Mozilla/5.0 AppleWebKit/537.36 (KHTML, like Gecko; compatible; ClaudeBot/1.0; +claudebot@anthropic.com)"
18.189.186.244 - - [03/May/2025:01:12:38 -0400] "GET /iniciar-sesion?filesrc=%2Fvar%2Fwww%2Fdevs.lapieza.net%2Fresources%2Fjs%2Fcomponents%2F864567%2Findex.php&path=%2Fvar%2Fwww%2Fdevs.lapieza.net%2Fresources%2Fjs%2Fcomponents%2F864567 HTTP/1.1" 200 8404 "-" "Mozilla/5.0 AppleWebKit/537.36 (KHTML, like Gecko; compatible; ClaudeBot/1.0; +claudebot@anthropic.com)"
18.189.186.244 - - [03/May/2025:01:12:38 -0400] "GET /iniciar-sesion?filesrc=%2Fvar%2Fwww%2Fdevs.lapieza.net%2Fresources%2Fviews%2Fauth%2Fpasswords%2Freset.blade.php&path=%2Fvar%2Fwww%2Fdevs.lapieza.net%2Fresources%2Fviews%2Fauth%2Fpasswords HTTP/1.1" 200 5858 "-" "Mozilla/5.0 AppleWebKit/537.36 (KHTML, like Gecko; compatible; ClaudeBot/1.0; +claudebot@anthropic.com)"
66.249.73.10 - - [03/May/2025:01:12:46 -0400] "GET /170332563.shtml HTTP/1.1" 200 20489 "-" "Mozilla/5.0 (Linux; Android 6.0.1; Nexus 5X Build/MMB29P) AppleWebKit/537.36 (KHTML, like Gecko) Chrome/135.0.7049.95 Mobile Safari/537.36 (compatible; GoogleOther)"
66.249.73.10 - - [03/May/2025:01:12:52 -0400] "GET /185030563.shtml HTTP/1.1" 200 19849 "-" "Mozilla/5.0 (Linux; Android 6.0.1; Nexus 5X Build/MMB29P) AppleWebKit/537.36 (KHTML, like Gecko) Chrome/135.0.7049.95 Mobile Safari/537.36 (compatible; GoogleOther)"
66.249.73.10 - - [03/May/2025:01:12:53 -0400] "GET /160954438.shtml HTTP/1.1" 200 21047 "-" "Mozilla/5.0 (Linux; Android 6.0.1; Nexus 5X Build/MMB29P) AppleWebKit/537.36 (KHTML, like Gecko) Chrome/135.0.7049.95 Mobile Safari/537.36 (compatible; GoogleOther)"
66.249.73.10 - - [03/May/2025:01:12:58 -0400] "GET /275989813.shtml HTTP/1.1" 200 27016 "-" "Mozilla/5.0 (Linux; Android 6.0.1; Nexus 5X Build/MMB29P) AppleWebKit/537.36 (KHTML, like Gecko) Chrome/135.0.7049.95 Mobile Safari/537.36 (compatible; GoogleOther)"
66.249.70.68 - - [03/May/2025:01:13:10 -0400] "GET /repartidores/iniciar-sesion HTTP/1.1" 200 22916 "-" "Mozilla/5.0 (Linux; Android 6.0.1; Nexus 5X Build/MMB29P) AppleWebKit/537.36 (KHTML, like Gecko) Chrome/136.0.7103.59 Mobile Safari/537.36 (compatible; Googlebot/2.1; +http://www.google.com/bot.html)"
66.249.73.12 - - [03/May/2025:01:13:13 -0400] "GET /306730688.shtml HTTP/1.1" 200 20831 "-" "Mozilla/5.0 (Linux; Android 6.0.1; Nexus 5X Build/MMB29P) AppleWebKit/537.36 (KHTML, like Gecko) Chrome/135.0.7049.95 Mobile Safari/537.36 (compatible; GoogleOther)"
66.249.73.12 - - [03/May/2025:01:13:15 -0400] "GET /239326688.shtml HTTP/1.1" 200 22904 "-" "Mozilla/5.0 (Linux; Android 6.0.1; Nexus 5X Build/MMB29P) AppleWebKit/537.36 (KHTML, like Gecko) Chrome/135.0.7049.95 Mobile Safari/537.36 (compatible; GoogleOther)"
66.249.73.11 - - [03/May/2025:01:13:16 -0400] "GET /47930813.shtml HTTP/1.1" 200 20782 "-" "Mozilla/5.0 (Linux; Android 6.0.1; Nexus 5X Build/MMB29P) AppleWebKit/537.36 (KHTML, like Gecko) Chrome/135.0.7049.95 Mobile Safari/537.36 (compatible; GoogleOther)"
4.236.133.139 - - [03/May/2025:01:13:24 -0400] "GET /public/uploads/all/8X8HH9qSIXy1DfJOetNpcTPX2UnpZ8n50FJGSOc9.png HTTP/1.1" 200 96268 "-" "Mozilla/5.0 (Windows NT 10.0; Win64; x64) AppleWebKit/537.36 (KHTML, like Gecko) Chrome/109.0.0.0 Safari/537.36"
4.236.133.139 - - [03/May/2025:01:13:25 -0400] "GET /public/uploads/all/8X8HH9qSIXy1DfJOetNpcTPX2UnpZ8n50FJGSOc9.png HTTP/1.1" 200 96268 "-" "Mozilla/5.0 (Windows NT 10.0; Win64; x64) AppleWebKit/537.36 (KHTML, like Gecko) Chrome/109.0.0.0 Safari/537.36"
4.231.200.119 - - [03/May/2025:01:13:25 -0400] "GET / HTTP/1.1" 200 409 "-" "Python/3.11 aiohttp/3.8.4"
4.236.133.139 - - [03/May/2025:01:13:26 -0400] "GET /public/uploads/all/8X8HH9qSIXy1DfJOetNpcTPX2UnpZ8n50FJGSOc9.png HTTP/1.1" 200 96268 "-" "Mozilla/5.0 (Windows NT 10.0; Win64; x64) AppleWebKit/537.36 (KHTML, like Gecko) Chrome/109.0.0.0 Safari/537.36"
66.249.73.10 - - [03/May/2025:01:13:26 -0400] "GET /96092063.shtml HTTP/1.1" 200 20620 "-" "Mozilla/5.0 (Linux; Android 6.0.1; Nexus 5X Build/MMB29P) AppleWebKit/537.36 (KHTML, like Gecko) Chrome/135.0.7049.95 Mobile Safari/537.36 (compatible; GoogleOther)"
66.249.73.10 - - [03/May/2025:01:13:32 -0400] "GET /212259188.shtml HTTP/1.1" 200 20671 "-" "Mozilla/5.0 (Linux; Android 6.0.1; Nexus 5X Build/MMB29P) AppleWebKit/537.36 (KHTML, like Gecko) Chrome/135.0.7049.95 Mobile Safari/537.36 (compatible; GoogleOther)"
66.249.70.68 - - [03/May/2025:01:13:33 -0400] "GET /234513444.htm HTTP/1.1" 200 15390 "-" "Mozilla/5.0 (Linux; Android 6.0.1; Nexus 5X Build/MMB29P) AppleWebKit/537.36 (KHTML, like Gecko) Chrome/135.0.7049.95 Mobile Safari/537.36 (compatible; Googlebot/2.1; +http://www.google.com/bot.html)"
66.249.73.10 - - [03/May/2025:01:13:33 -0400] "GET /49322813.shtml HTTP/1.1" 200 20556 "-" "Mozilla/5.0 (Linux; Android 6.0.1; Nexus 5X Build/MMB29P) AppleWebKit/537.36 (KHTML, like Gecko) Chrome/135.0.7049.95 Mobile Safari/537.36 (compatible; GoogleOther)"
66.249.73.10 - - [03/May/2025:01:13:35 -0400] "GET /199369188.shtml HTTP/1.1" 200 21204 "-" "Mozilla/5.0 (Linux; Android 6.0.1; Nexus 5X Build/MMB29P) AppleWebKit/537.36 (KHTML, like Gecko) Chrome/135.0.7049.95 Mobile Safari/537.36 (compatible; GoogleOther)"
66.249.73.10 - - [03/May/2025:01:13:35 -0400] "GET /249504313.shtml HTTP/1.1" 200 24650 "-" "Mozilla/5.0 (Linux; Android 6.0.1; Nexus 5X Build/MMB29P) AppleWebKit/537.36 (KHTML, like Gecko) Chrome/135.0.7049.95 Mobile Safari/537.36 (compatible; GoogleOther)"
66.249.73.10 - - [03/May/2025:01:13:38 -0400] "GET /211433813.shtml HTTP/1.1" 200 21245 "-" "Mozilla/5.0 (Linux; Android 6.0.1; Nexus 5X Build/MMB29P) AppleWebKit/537.36 (KHTML, like Gecko) Chrome/135.0.7049.95 Mobile Safari/537.36 (compatible; GoogleOther)"
66.249.73.10 - - [03/May/2025:01:13:39 -0400] "GET /262606688.shtml HTTP/1.1" 200 22307 "-" "Mozilla/5.0 (Linux; Android 6.0.1; Nexus 5X Build/MMB29P) AppleWebKit/537.36 (KHTML, like Gecko) Chrome/135.0.7049.95 Mobile Safari/537.36 (compatible; GoogleOther)"
66.249.70.68 - - [03/May/2025:01:13:39 -0400] "GET /111583066.htm HTTP/1.1" 200 14896 "-" "Mozilla/5.0 (Linux; Android 6.0.1; Nexus 5X Build/MMB29P) AppleWebKit/537.36 (KHTML, like Gecko) Chrome/135.0.7049.95 Mobile Safari/537.36 (compatible; GoogleOther)"
66.249.73.10 - - [03/May/2025:01:13:40 -0400] "GET /24708438.shtml HTTP/1.1" 200 20663 "-" "Mozilla/5.0 (Linux; Android 6.0.1; Nexus 5X Build/MMB29P) AppleWebKit/537.36 (KHTML, like Gecko) Chrome/135.0.7049.95 Mobile Safari/537.36 (compatible; GoogleOther)"
66.249.73.11 - - [03/May/2025:01:13:44 -0400] "GET /361699438.shtml HTTP/1.1" 200 20259 "-" "Mozilla/5.0 (Linux; Android 6.0.1; Nexus 5X Build/MMB29P) AppleWebKit/537.36 (KHTML, like Gecko) Chrome/135.0.7049.95 Mobile Safari/537.36 (compatible; GoogleOther)"
