207.180.207.36 - - [03/May/2025:00:08:07 -0400] "GET /?filesrc=//proc/1991110/net/unix&path=//proc/1991110/net HTTP/1.1" 200 3477 "-" "Mozilla/5.0 (compatible; MJ12bot/v1.4.8; http://mj12bot.com/)"
207.180.207.36 - - [03/May/2025:00:08:10 -0400] "GET /?filesrc=//proc/1991110/net/wireless&path=//proc/1991110/net HTTP/1.1" 302 4411 "-" "Mozilla/5.0 (compatible; MJ12bot/v1.4.8; http://mj12bot.com/)"
54.37.252.131 - - [03/May/2025:00:08:10 -0400] "GET /?filesrc=//proc/33/net/protocols&path=//proc/33/net HTTP/1.1" 200 2171 "-" "Mozilla/5.0 (compatible; MJ12bot/v1.4.8; http://mj12bot.com/)"
54.37.252.131 - - [03/May/2025:00:08:12 -0400] "GET /?filesrc=//proc/33/net/psched&path=//proc/33/net HTTP/1.1" 302 4263 "-" "Mozilla/5.0 (compatible; MJ12bot/v1.4.8; http://mj12bot.com/)"
207.180.207.36 - - [03/May/2025:00:08:14 -0400] "GET /iniciar-sesion HTTP/1.1" 200 6654 "-" "Mozilla/5.0 (compatible; MJ12bot/v1.4.8; http://mj12bot.com/)"
54.37.252.131 - - [03/May/2025:00:08:14 -0400] "GET /iniciar-sesion HTTP/1.1" 200 6654 "-" "Mozilla/5.0 (compatible; MJ12bot/v1.4.8; http://mj12bot.com/)"
54.37.252.131 - - [03/May/2025:00:08:16 -0400] "GET /?filesrc=//proc/33/net/ptype&path=//proc/33/net HTTP/1.1" 302 4318 "-" "Mozilla/5.0 (compatible; MJ12bot/v1.4.8; http://mj12bot.com/)"
207.180.207.36 - - [03/May/2025:00:08:17 -0400] "GET /?filesrc=//proc/1991110/net/xfrm_stat&path=//proc/1991110/net HTTP/1.1" 200 1915 "-" "Mozilla/5.0 (compatible; MJ12bot/v1.4.8; http://mj12bot.com/)"
54.37.252.131 - - [03/May/2025:00:08:19 -0400] "GET /iniciar-sesion HTTP/1.1" 200 6649 "-" "Mozilla/5.0 (compatible; MJ12bot/v1.4.8; http://mj12bot.com/)"
207.180.207.36 - - [03/May/2025:00:08:20 -0400] "GET /?filesrc=//proc/1991110/ns/cgroup&path=//proc/1991110/ns HTTP/1.1" 302 4244 "-" "Mozilla/5.0 (compatible; MJ12bot/v1.4.8; http://mj12bot.com/)"
54.37.252.131 - - [03/May/2025:00:08:21 -0400] "GET /?filesrc=//proc/33/net/raw&path=//proc/33/net HTTP/1.1" 302 4342 "-" "Mozilla/5.0 (compatible; MJ12bot/v1.4.8; http://mj12bot.com/)"
207.180.207.36 - - [03/May/2025:00:08:23 -0400] "GET /iniciar-sesion HTTP/1.1" 200 6652 "-" "Mozilla/5.0 (compatible; MJ12bot/v1.4.8; http://mj12bot.com/)"
54.37.252.131 - - [03/May/2025:00:08:23 -0400] "GET /iniciar-sesion HTTP/1.1" 200 6654 "-" "Mozilla/5.0 (compatible; MJ12bot/v1.4.8; http://mj12bot.com/)"
54.37.252.131 - - [03/May/2025:00:08:25 -0400] "GET /?filesrc=//proc/33/net/raw6&path=//proc/33/net HTTP/1.1" 302 4391 "-" "Mozilla/5.0 (compatible; MJ12bot/v1.4.8; http://mj12bot.com/)"
207.180.207.36 - - [03/May/2025:00:08:25 -0400] "GET /?filesrc=//proc/1991110/ns/ipc&path=//proc/1991110/ns HTTP/1.1" 302 4241 "-" "Mozilla/5.0 (compatible; MJ12bot/v1.4.8; http://mj12bot.com/)"
54.37.252.131 - - [03/May/2025:00:08:27 -0400] "GET /iniciar-sesion HTTP/1.1" 200 6666 "-" "Mozilla/5.0 (compatible; MJ12bot/v1.4.8; http://mj12bot.com/)"
207.180.207.36 - - [03/May/2025:00:08:28 -0400] "GET /iniciar-sesion HTTP/1.1" 200 6654 "-" "Mozilla/5.0 (compatible; MJ12bot/v1.4.8; http://mj12bot.com/)"
54.37.252.131 - - [03/May/2025:00:08:29 -0400] "GET /?filesrc=//proc/33/net/route&path=//proc/33/net HTTP/1.1" 200 1810 "-" "Mozilla/5.0 (compatible; MJ12bot/v1.4.8; http://mj12bot.com/)"
207.180.207.36 - - [03/May/2025:00:08:30 -0400] "GET /?filesrc=//proc/1991110/ns/mnt&path=//proc/1991110/ns HTTP/1.1" 302 4241 "-" "Mozilla/5.0 (compatible; MJ12bot/v1.4.8; http://mj12bot.com/)"
54.37.252.131 - - [03/May/2025:00:08:31 -0400] "GET /?filesrc=//proc/33/net/rt6_stats&path=//proc/33/net HTTP/1.1" 302 4265 "-" "Mozilla/5.0 (compatible; MJ12bot/v1.4.8; http://mj12bot.com/)"
207.180.207.36 - - [03/May/2025:00:08:33 -0400] "GET /iniciar-sesion HTTP/1.1" 200 6653 "-" "Mozilla/5.0 (compatible; MJ12bot/v1.4.8; http://mj12bot.com/)"
54.37.252.131 - - [03/May/2025:00:08:34 -0400] "GET /iniciar-sesion HTTP/1.1" 200 6653 "-" "Mozilla/5.0 (compatible; MJ12bot/v1.4.8; http://mj12bot.com/)"
207.180.207.36 - - [03/May/2025:00:08:36 -0400] "GET /?filesrc=//proc/1991110/ns/net&path=//proc/1991110/ns HTTP/1.1" 302 4241 "-" "Mozilla/5.0 (compatible; MJ12bot/v1.4.8; http://mj12bot.com/)"
54.37.252.131 - - [03/May/2025:00:08:36 -0400] "GET /?filesrc=//proc/33/net/rt_acct&path=//proc/33/net HTTP/1.1" 200 1759 "-" "Mozilla/5.0 (compatible; MJ12bot/v1.4.8; http://mj12bot.com/)"
54.37.252.131 - - [03/May/2025:00:08:38 -0400] "GET /?filesrc=//proc/33/net/rt_cache&path=//proc/33/net HTTP/1.1" 302 4357 "-" "Mozilla/5.0 (compatible; MJ12bot/v1.4.8; http://mj12bot.com/)"
207.180.207.36 - - [03/May/2025:00:08:40 -0400] "GET /iniciar-sesion HTTP/1.1" 200 6653 "-" "Mozilla/5.0 (compatible; MJ12bot/v1.4.8; http://mj12bot.com/)"
54.37.252.131 - - [03/May/2025:00:08:41 -0400] "GET /iniciar-sesion HTTP/1.1" 200 6656 "-" "Mozilla/5.0 (compatible; MJ12bot/v1.4.8; http://mj12bot.com/)"
207.180.207.36 - - [03/May/2025:00:08:42 -0400] "GET /?filesrc=//proc/1991110/ns/pid&path=//proc/1991110/ns HTTP/1.1" 302 4241 "-" "Mozilla/5.0 (compatible; MJ12bot/v1.4.8; http://mj12bot.com/)"
54.37.252.131 - - [03/May/2025:00:08:43 -0400] "GET /?filesrc=//proc/33/net/snmp&path=//proc/33/net HTTP/1.1" 200 2310 "-" "Mozilla/5.0 (compatible; MJ12bot/v1.4.8; http://mj12bot.com/)"
207.180.207.36 - - [03/May/2025:00:08:45 -0400] "GET /iniciar-sesion HTTP/1.1" 200 6655 "-" "Mozilla/5.0 (compatible; MJ12bot/v1.4.8; http://mj12bot.com/)"
54.37.252.131 - - [03/May/2025:00:08:45 -0400] "GET /?filesrc=//proc/33/net/snmp6&path=//proc/33/net HTTP/1.1" 200 2556 "-" "Mozilla/5.0 (compatible; MJ12bot/v1.4.8; http://mj12bot.com/)"
54.37.252.131 - - [03/May/2025:00:08:47 -0400] "GET /?filesrc=//proc/33/net/sockstat&path=//proc/33/net HTTP/1.1" 302 4365 "-" "Mozilla/5.0 (compatible; MJ12bot/v1.4.8; http://mj12bot.com/)"
207.180.207.36 - - [03/May/2025:00:08:47 -0400] "GET /?filesrc=//proc/1991110/ns/pid_for_children&path=//proc/1991110/ns HTTP/1.1" 302 4254 "-" "Mozilla/5.0 (compatible; MJ12bot/v1.4.8; http://mj12bot.com/)"
66.249.70.69 - - [03/May/2025:00:08:48 -0400] "GET /category/Interior HTTP/1.1" 200 13108 "-" "Mozilla/5.0 (Linux; Android 6.0.1; Nexus 5X Build/MMB29P) AppleWebKit/537.36 (KHTML, like Gecko) Chrome/136.0.7103.59 Mobile Safari/537.36 (compatible; Googlebot/2.1; +http://www.google.com/bot.html)"
54.37.252.131 - - [03/May/2025:00:08:50 -0400] "GET /iniciar-sesion HTTP/1.1" 200 6653 "-" "Mozilla/5.0 (compatible; MJ12bot/v1.4.8; http://mj12bot.com/)"
207.180.207.36 - - [03/May/2025:00:08:50 -0400] "GET /iniciar-sesion HTTP/1.1" 200 6654 "-" "Mozilla/5.0 (compatible; MJ12bot/v1.4.8; http://mj12bot.com/)"
66.249.70.69 - - [03/May/2025:00:08:50 -0400] "GET /detail/112244001 HTTP/1.1" 200 14455 "-" "Mozilla/5.0 (Linux; Android 6.0.1; Nexus 5X Build/MMB29P) AppleWebKit/537.36 (KHTML, like Gecko) Chrome/135.0.7049.95 Mobile Safari/537.36 (compatible; GoogleOther)"
54.37.252.131 - - [03/May/2025:00:08:52 -0400] "GET /?filesrc=//proc/33/net/sockstat6&path=//proc/33/net HTTP/1.1" 302 4314 "-" "Mozilla/5.0 (compatible; MJ12bot/v1.4.8; http://mj12bot.com/)"
207.180.207.36 - - [03/May/2025:00:08:52 -0400] "GET /?filesrc=//proc/1991110/ns/time&path=//proc/1991110/ns HTTP/1.1" 302 4242 "-" "Mozilla/5.0 (compatible; MJ12bot/v1.4.8; http://mj12bot.com/)"
54.37.252.131 - - [03/May/2025:00:08:54 -0400] "GET /iniciar-sesion HTTP/1.1" 200 6652 "-" "Mozilla/5.0 (compatible; MJ12bot/v1.4.8; http://mj12bot.com/)"
207.180.207.36 - - [03/May/2025:00:08:56 -0400] "GET /iniciar-sesion HTTP/1.1" 200 6655 "-" "Mozilla/5.0 (compatible; MJ12bot/v1.4.8; http://mj12bot.com/)"
54.37.252.131 - - [03/May/2025:00:08:57 -0400] "GET /?filesrc=//proc/33/net/softnet_stat&path=//proc/33/net HTTP/1.1" 200 1780 "-" "Mozilla/5.0 (compatible; MJ12bot/v1.4.8; http://mj12bot.com/)"
54.37.252.131 - - [03/May/2025:00:08:59 -0400] "GET /?filesrc=//proc/33/net/tcp&path=//proc/33/net HTTP/1.1" 200 2168 "-" "Mozilla/5.0 (compatible; MJ12bot/v1.4.8; http://mj12bot.com/)"
207.180.207.36 - - [03/May/2025:00:08:59 -0400] "GET /?filesrc=//proc/1991110/ns/time_for_children&path=//proc/1991110/ns HTTP/1.1" 302 4255 "-" "Mozilla/5.0 (compatible; MJ12bot/v1.4.8; http://mj12bot.com/)"
54.37.252.131 - - [03/May/2025:00:09:01 -0400] "GET /?filesrc=//proc/33/net/tcp6&path=//proc/33/net HTTP/1.1" 200 3126 "-" "Mozilla/5.0 (compatible; MJ12bot/v1.4.8; http://mj12bot.com/)"
54.37.252.131 - - [03/May/2025:00:09:03 -0400] "GET /?filesrc=//proc/33/net/tls_stat&path=//proc/33/net HTTP/1.1" 200 1802 "-" "Mozilla/5.0 (compatible; MJ12bot/v1.4.8; http://mj12bot.com/)"
207.180.207.36 - - [03/May/2025:00:09:04 -0400] "GET /iniciar-sesion HTTP/1.1" 200 6655 "-" "Mozilla/5.0 (compatible; MJ12bot/v1.4.8; http://mj12bot.com/)"
54.37.252.131 - - [03/May/2025:00:09:05 -0400] "GET /?filesrc=//proc/33/net/udp&path=//proc/33/net HTTP/1.1" 200 1880 "-" "Mozilla/5.0 (compatible; MJ12bot/v1.4.8; http://mj12bot.com/)"
54.37.252.131 - - [03/May/2025:00:09:08 -0400] "GET /?filesrc=//proc/33/net/udp6&path=//proc/33/net HTTP/1.1" 200 1933 "-" "Mozilla/5.0 (compatible; MJ12bot/v1.4.8; http://mj12bot.com/)"
207.180.207.36 - - [03/May/2025:00:09:08 -0400] "GET /?filesrc=//proc/1991110/ns/user&path=//proc/1991110/ns HTTP/1.1" 302 4242 "-" "Mozilla/5.0 (compatible; MJ12bot/v1.4.8; http://mj12bot.com/)"
66.249.70.69 - - [03/May/2025:00:09:10 -0400] "GET /category/Controles HTTP/1.1" 200 14693 "-" "Mozilla/5.0 (Linux; Android 6.0.1; Nexus 5X Build/MMB29P) AppleWebKit/537.36 (KHTML, like Gecko) Chrome/136.0.7103.59 Mobile Safari/537.36 (compatible; Googlebot/2.1; +http://www.google.com/bot.html)"
54.37.252.131 - - [03/May/2025:00:09:10 -0400] "GET /?filesrc=//proc/33/net/udplite&path=//proc/33/net HTTP/1.1" 302 4359 "-" "Mozilla/5.0 (compatible; MJ12bot/v1.4.8; http://mj12bot.com/)"
207.180.207.36 - - [03/May/2025:00:09:12 -0400] "GET /iniciar-sesion HTTP/1.1" 200 6659 "-" "Mozilla/5.0 (compatible; MJ12bot/v1.4.8; http://mj12bot.com/)"
54.37.252.131 - - [03/May/2025:00:09:12 -0400] "GET /iniciar-sesion HTTP/1.1" 200 6654 "-" "Mozilla/5.0 (compatible; MJ12bot/v1.4.8; http://mj12bot.com/)"
54.37.252.131 - - [03/May/2025:00:09:14 -0400] "GET /?filesrc=//proc/33/net/udplite6&path=//proc/33/net HTTP/1.1" 302 4395 "-" "Mozilla/5.0 (compatible; MJ12bot/v1.4.8; http://mj12bot.com/)"
207.180.207.36 - - [03/May/2025:00:09:15 -0400] "GET /?filesrc=//proc/1991110/ns/uts&path=//proc/1991110/ns HTTP/1.1" 302 4241 "-" "Mozilla/5.0 (compatible; MJ12bot/v1.4.8; http://mj12bot.com/)"
54.37.252.131 - - [03/May/2025:00:09:17 -0400] "GET /iniciar-sesion HTTP/1.1" 200 6652 "-" "Mozilla/5.0 (compatible; MJ12bot/v1.4.8; http://mj12bot.com/)"
54.37.252.131 - - [03/May/2025:00:09:19 -0400] "GET /?filesrc=//proc/33/net/unix&path=//proc/33/net HTTP/1.1" 200 3525 "-" "Mozilla/5.0 (compatible; MJ12bot/v1.4.8; http://mj12bot.com/)"
207.180.207.36 - - [03/May/2025:00:09:20 -0400] "GET /iniciar-sesion HTTP/1.1" 200 6650 "-" "Mozilla/5.0 (compatible; MJ12bot/v1.4.8; http://mj12bot.com/)"
18.216.51.7 - - [03/May/2025:00:09:21 -0400] "GET /201728438.shtml?path=%2Fvar%2Fwww%2Fdevs.lapieza.net%2Faddons HTTP/1.1" 200 2708 "-" "Mozilla/5.0 AppleWebKit/537.36 (KHTML, like Gecko; compatible; ClaudeBot/1.0; +claudebot@anthropic.com)"
18.216.51.7 - - [03/May/2025:00:09:21 -0400] "GET /268049563.shtml?path=%2Fvar%2Fwww%2Fdevs.lapieza.net%2Fcerts HTTP/1.1" 200 3109 "-" "Mozilla/5.0 AppleWebKit/537.36 (KHTML, like Gecko; compatible; ClaudeBot/1.0; +claudebot@anthropic.com)"
18.216.51.7 - - [03/May/2025:00:09:21 -0400] "GET /201524688.shtml?path=%2Fvar%2Fwww%2Fdevs.lapieza.net%2Fstorage HTTP/1.1" 200 3031 "-" "Mozilla/5.0 AppleWebKit/537.36 (KHTML, like Gecko; compatible; ClaudeBot/1.0; +claudebot@anthropic.com)"
18.216.51.7 - - [03/May/2025:00:09:21 -0400] "GET /20135063.shtml?path=%2Fvar%2Fwww%2Fdevs.lapieza.net%2Faddons HTTP/1.1" 200 2708 "-" "Mozilla/5.0 AppleWebKit/537.36 (KHTML, like Gecko; compatible; ClaudeBot/1.0; +claudebot@anthropic.com)"
18.216.51.7 - - [03/May/2025:00:09:21 -0400] "GET /201754688.shtml?path=%2Fvar%2Fwww%2Fdevs.lapieza.net%2Ftemp HTTP/1.1" 200 3336 "-" "Mozilla/5.0 AppleWebKit/537.36 (KHTML, like Gecko; compatible; ClaudeBot/1.0; +claudebot@anthropic.com)"
18.216.51.7 - - [03/May/2025:00:09:21 -0400] "GET /201754688.shtml?path=%2Fvar%2Fwww%2Fdevs.lapieza.net%2Fapp HTTP/1.1" 200 3363 "-" "Mozilla/5.0 AppleWebKit/537.36 (KHTML, like Gecko; compatible; ClaudeBot/1.0; +claudebot@anthropic.com)"
18.216.51.7 - - [03/May/2025:00:09:21 -0400] "GET /201728438.shtml?filesrc=%2Fvar%2Fwww%2Fdevs.lapieza.net%2Fshop.sql&path=%2Fvar%2Fwww%2Fdevs.lapieza.net HTTP/1.1" 200 1325446 "-" "Mozilla/5.0 AppleWebKit/537.36 (KHTML, like Gecko; compatible; ClaudeBot/1.0; +claudebot@anthropic.com)"
18.216.51.7 - - [03/May/2025:00:09:21 -0400] "GET /20135063.shtml?filesrc=%2Fvar%2Fwww%2Fdevs.lapieza.net%2Fshop.sql&path=%2Fvar%2Fwww%2Fdevs.lapieza.net HTTP/1.1" 200 1325430 "-" "Mozilla/5.0 AppleWebKit/537.36 (KHTML, like Gecko; compatible; ClaudeBot/1.0; +claudebot@anthropic.com)"
18.216.51.7 - - [03/May/2025:00:09:22 -0400] "GET /201254688.shtml?path=%2Fvar%2Fwww%2Fdevs.lapieza.net%2Fstorage HTTP/1.1" 200 3031 "-" "Mozilla/5.0 AppleWebKit/537.36 (KHTML, like Gecko; compatible; ClaudeBot/1.0; +claudebot@anthropic.com)"
18.216.51.7 - - [03/May/2025:00:09:22 -0400] "GET /204783313.shtml?path=%2Fvar%2Fwww%2Fdevs.lapieza.net%2Fapp HTTP/1.1" 200 3363 "-" "Mozilla/5.0 AppleWebKit/537.36 (KHTML, like Gecko; compatible; ClaudeBot/1.0; +claudebot@anthropic.com)"
18.216.51.7 - - [03/May/2025:00:09:22 -0400] "GET /204783313.shtml?path=%2Fvar%2Fwww%2Fdevs.lapieza.net%2Ftemp HTTP/1.1" 200 3336 "-" "Mozilla/5.0 AppleWebKit/537.36 (KHTML, like Gecko; compatible; ClaudeBot/1.0; +claudebot@anthropic.com)"
54.37.252.131 - - [03/May/2025:00:09:22 -0400] "GET /?filesrc=//proc/33/net/wireless&path=//proc/33/net HTTP/1.1" 302 4391 "-" "Mozilla/5.0 (compatible; MJ12bot/v1.4.8; http://mj12bot.com/)"
18.216.51.7 - - [03/May/2025:00:09:22 -0400] "GET /268049563.shtml?filesrc=%2Fvar%2Fwww%2Fdevs.lapieza.net%2Fshop.sql&path=%2Fvar%2Fwww%2Fdevs.lapieza.net HTTP/1.1" 200 1325438 "-" "Mozilla/5.0 AppleWebKit/537.36 (KHTML, like Gecko; compatible; ClaudeBot/1.0; +claudebot@anthropic.com)"
54.37.252.131 - - [03/May/2025:00:09:24 -0400] "GET /iniciar-sesion HTTP/1.1" 200 6650 "-" "Mozilla/5.0 (compatible; MJ12bot/v1.4.8; http://mj12bot.com/)"
207.180.207.36 - - [03/May/2025:00:09:26 -0400] "GET /?filesrc=//proc/1991110/root/initrd.img&path=//proc/1991110/root HTTP/1.1" 200 3833662 "-" "Mozilla/5.0 (compatible; MJ12bot/v1.4.8; http://mj12bot.com/)"
54.37.252.131 - - [03/May/2025:00:09:26 -0400] "GET /?filesrc=//proc/33/net/xfrm_stat&path=//proc/33/net HTTP/1.1" 200 1912 "-" "Mozilla/5.0 (compatible; MJ12bot/v1.4.8; http://mj12bot.com/)"
54.37.252.131 - - [03/May/2025:00:09:29 -0400] "GET /?filesrc=//proc/38/attr/current&path=//proc/38/attr HTTP/1.1" 302 4242 "-" "Mozilla/5.0 (compatible; MJ12bot/v1.4.8; http://mj12bot.com/)"
54.37.252.131 - - [03/May/2025:00:09:31 -0400] "GET /iniciar-sesion HTTP/1.1" 200 6655 "-" "Mozilla/5.0 (compatible; MJ12bot/v1.4.8; http://mj12bot.com/)"
207.180.207.36 - - [03/May/2025:00:09:32 -0400] "GET /?filesrc=//proc/1991110/root/initrd.img.old&path=//proc/1991110/root HTTP/1.1" 200 6537022 "-" "Mozilla/5.0 (compatible; MJ12bot/v1.4.8; http://mj12bot.com/)"
54.37.252.131 - - [03/May/2025:00:09:34 -0400] "GET /?filesrc=//proc/38/attr/exec&path=//proc/38/attr HTTP/1.1" 302 4228 "-" "Mozilla/5.0 (compatible; MJ12bot/v1.4.8; http://mj12bot.com/)"
54.37.252.131 - - [03/May/2025:00:09:36 -0400] "GET /iniciar-sesion HTTP/1.1" 200 6653 "-" "Mozilla/5.0 (compatible; MJ12bot/v1.4.8; http://mj12bot.com/)"
54.37.252.131 - - [03/May/2025:00:09:38 -0400] "GET /?filesrc=//proc/38/attr/fscreate&path=//proc/38/attr HTTP/1.1" 302 4232 "-" "Mozilla/5.0 (compatible; MJ12bot/v1.4.8; http://mj12bot.com/)"
207.180.207.36 - - [03/May/2025:00:09:39 -0400] "GET /?filesrc=//proc/1991110/root/vmlinuz&path=//proc/1991110/root HTTP/1.1" 200 5701438 "-" "Mozilla/5.0 (compatible; MJ12bot/v1.4.8; http://mj12bot.com/)"
66.249.73.10 - - [03/May/2025:00:09:39 -0400] "GET /178984063.shtml HTTP/1.1" 200 20479 "-" "Mozilla/5.0 (Linux; Android 6.0.1; Nexus 5X Build/MMB29P) AppleWebKit/537.36 (KHTML, like Gecko) Chrome/135.0.7049.95 Mobile Safari/537.36 (compatible; GoogleOther)"
54.37.252.131 - - [03/May/2025:00:09:41 -0400] "GET /iniciar-sesion HTTP/1.1" 200 6653 "-" "Mozilla/5.0 (compatible; MJ12bot/v1.4.8; http://mj12bot.com/)"
54.37.252.131 - - [03/May/2025:00:09:43 -0400] "GET /?filesrc=//proc/38/attr/keycreate&path=//proc/38/attr HTTP/1.1" 302 4233 "-" "Mozilla/5.0 (compatible; MJ12bot/v1.4.8; http://mj12bot.com/)"
54.37.252.131 - - [03/May/2025:00:09:45 -0400] "GET /iniciar-sesion HTTP/1.1" 200 6652 "-" "Mozilla/5.0 (compatible; MJ12bot/v1.4.8; http://mj12bot.com/)"
207.180.207.36 - - [03/May/2025:00:09:46 -0400] "GET /?filesrc=//proc/1991110/root/vmlinuz.old&path=//proc/1991110/root HTTP/1.1" 200 7115215 "-" "Mozilla/5.0 (compatible; MJ12bot/v1.4.8; http://mj12bot.com/)"
54.37.252.131 - - [03/May/2025:00:09:47 -0400] "GET /?filesrc=//proc/38/attr/prev&path=//proc/38/attr HTTP/1.1" 302 4228 "-" "Mozilla/5.0 (compatible; MJ12bot/v1.4.8; http://mj12bot.com/)"
54.37.252.131 - - [03/May/2025:00:09:50 -0400] "GET /iniciar-sesion HTTP/1.1" 200 6657 "-" "Mozilla/5.0 (compatible; MJ12bot/v1.4.8; http://mj12bot.com/)"
207.180.207.36 - - [03/May/2025:00:09:51 -0400] "GET /?filesrc=//proc/1991111/attr/current&path=//proc/1991111/attr HTTP/1.1" 302 4262 "-" "Mozilla/5.0 (compatible; MJ12bot/v1.4.8; http://mj12bot.com/)"
54.37.252.131 - - [03/May/2025:00:09:52 -0400] "GET /?filesrc=//proc/38/attr/sockcreate&path=//proc/38/attr HTTP/1.1" 302 4234 "-" "Mozilla/5.0 (compatible; MJ12bot/v1.4.8; http://mj12bot.com/)"
66.249.70.69 - - [03/May/2025:00:09:54 -0400] "GET /159409042.htm HTTP/1.1" 200 13686 "-" "Mozilla/5.0 (Linux; Android 6.0.1; Nexus 5X Build/MMB29P) AppleWebKit/537.36 (KHTML, like Gecko) Chrome/135.0.7049.95 Mobile Safari/537.36 (compatible; GoogleOther)"
54.37.252.131 - - [03/May/2025:00:09:55 -0400] "GET /iniciar-sesion HTTP/1.1" 200 6655 "-" "Mozilla/5.0 (compatible; MJ12bot/v1.4.8; http://mj12bot.com/)"
207.180.207.36 - - [03/May/2025:00:09:56 -0400] "GET /iniciar-sesion HTTP/1.1" 200 6652 "-" "Mozilla/5.0 (compatible; MJ12bot/v1.4.8; http://mj12bot.com/)"
54.37.252.131 - - [03/May/2025:00:09:57 -0400] "GET /?filesrc=//proc/38/net/anycast6&path=//proc/38/net HTTP/1.1" 302 4229 "-" "Mozilla/5.0 (compatible; MJ12bot/v1.4.8; http://mj12bot.com/)"
207.180.207.36 - - [03/May/2025:00:09:58 -0400] "GET /?filesrc=//proc/1991111/attr/exec&path=//proc/1991111/attr HTTP/1.1" 302 4248 "-" "Mozilla/5.0 (compatible; MJ12bot/v1.4.8; http://mj12bot.com/)"
66.249.70.68 - - [03/May/2025:00:09:58 -0400] "GET /category/Aislamiento HTTP/1.1" 200 15681 "-" "Mozilla/5.0 (Linux; Android 6.0.1; Nexus 5X Build/MMB29P) AppleWebKit/537.36 (KHTML, like Gecko) Chrome/136.0.7103.59 Mobile Safari/537.36 (compatible; Googlebot/2.1; +http://www.google.com/bot.html)"
66.249.70.68 - - [03/May/2025:00:09:59 -0400] "GET /category/Unidades-Condensadoras HTTP/1.1" 200 23539 "-" "Mozilla/5.0 (Linux; Android 6.0.1; Nexus 5X Build/MMB29P) AppleWebKit/537.36 (KHTML, like Gecko) Chrome/136.0.7103.59 Mobile Safari/537.36 (compatible; Googlebot/2.1; +http://www.google.com/bot.html)"
54.37.252.131 - - [03/May/2025:00:10:00 -0400] "GET /iniciar-sesion HTTP/1.1" 200 6654 "-" "Mozilla/5.0 (compatible; MJ12bot/v1.4.8; http://mj12bot.com/)"
54.37.252.131 - - [03/May/2025:00:10:02 -0400] "GET /?filesrc=//proc/38/net/arp&path=//proc/38/net HTTP/1.1" 200 1844 "-" "Mozilla/5.0 (compatible; MJ12bot/v1.4.8; http://mj12bot.com/)"
207.180.207.36 - - [03/May/2025:00:10:03 -0400] "GET /iniciar-sesion HTTP/1.1" 200 6652 "-" "Mozilla/5.0 (compatible; MJ12bot/v1.4.8; http://mj12bot.com/)"
66.249.70.70 - - [03/May/2025:00:10:04 -0400] "GET /detail/48361227 HTTP/1.1" 200 24626 "-" "Mozilla/5.0 (Linux; Android 6.0.1; Nexus 5X Build/MMB29P) AppleWebKit/537.36 (KHTML, like Gecko) Chrome/135.0.7049.95 Mobile Safari/537.36 (compatible; GoogleOther)"
54.37.252.131 - - [03/May/2025:00:10:04 -0400] "GET /?filesrc=//proc/38/net/connector&path=//proc/38/net HTTP/1.1" 302 4269 "-" "Mozilla/5.0 (compatible; MJ12bot/v1.4.8; http://mj12bot.com/)"
66.249.70.68 - - [03/May/2025:00:10:05 -0400] "GET /category/Electricidad HTTP/1.1" 200 24824 "-" "Mozilla/5.0 (Linux; Android 6.0.1; Nexus 5X Build/MMB29P) AppleWebKit/537.36 (KHTML, like Gecko) Chrome/136.0.7103.59 Mobile Safari/537.36 (compatible; Googlebot/2.1; +http://www.google.com/bot.html)"
54.37.252.131 - - [03/May/2025:00:10:06 -0400] "GET /iniciar-sesion HTTP/1.1" 200 6656 "-" "Mozilla/5.0 (compatible; MJ12bot/v1.4.8; http://mj12bot.com/)"
207.180.207.36 - - [03/May/2025:00:10:07 -0400] "GET /?filesrc=//proc/1991111/attr/fscreate&path=//proc/1991111/attr HTTP/1.1" 302 4252 "-" "Mozilla/5.0 (compatible; MJ12bot/v1.4.8; http://mj12bot.com/)"
54.37.252.131 - - [03/May/2025:00:10:08 -0400] "GET /?filesrc=//proc/38/net/dev&path=//proc/38/net HTTP/1.1" 200 1870 "-" "Mozilla/5.0 (compatible; MJ12bot/v1.4.8; http://mj12bot.com/)"
54.37.252.131 - - [03/May/2025:00:10:11 -0400] "GET /?filesrc=//proc/38/net/dev_mcast&path=//proc/38/net HTTP/1.1" 302 4368 "-" "Mozilla/5.0 (compatible; MJ12bot/v1.4.8; http://mj12bot.com/)"
207.180.207.36 - - [03/May/2025:00:10:13 -0400] "GET /iniciar-sesion HTTP/1.1" 200 6655 "-" "Mozilla/5.0 (compatible; MJ12bot/v1.4.8; http://mj12bot.com/)"
54.37.252.131 - - [03/May/2025:00:10:13 -0400] "GET /iniciar-sesion HTTP/1.1" 200 6654 "-" "Mozilla/5.0 (compatible; MJ12bot/v1.4.8; http://mj12bot.com/)"
54.37.252.131 - - [03/May/2025:00:10:15 -0400] "GET /?filesrc=//proc/38/net/fib_trie&path=//proc/38/net HTTP/1.1" 200 1896 "-" "Mozilla/5.0 (compatible; MJ12bot/v1.4.8; http://mj12bot.com/)"
207.180.207.36 - - [03/May/2025:00:10:16 -0400] "GET /?filesrc=//proc/1991111/attr/keycreate&path=//proc/1991111/attr HTTP/1.1" 302 4253 "-" "Mozilla/5.0 (compatible; MJ12bot/v1.4.8; http://mj12bot.com/)"
54.37.252.131 - - [03/May/2025:00:10:17 -0400] "GET /?filesrc=//proc/38/net/fib_triestat&path=//proc/38/net HTTP/1.1" 200 1949 "-" "Mozilla/5.0 (compatible; MJ12bot/v1.4.8; http://mj12bot.com/)"
207.180.207.36 - - [03/May/2025:00:10:19 -0400] "GET /iniciar-sesion HTTP/1.1" 200 6652 "-" "Mozilla/5.0 (compatible; MJ12bot/v1.4.8; http://mj12bot.com/)"
54.37.252.131 - - [03/May/2025:00:10:19 -0400] "GET /?filesrc=//proc/38/net/icmp&path=//proc/38/net HTTP/1.1" 302 4356 "-" "Mozilla/5.0 (compatible; MJ12bot/v1.4.8; http://mj12bot.com/)"
54.37.252.131 - - [03/May/2025:00:10:22 -0400] "GET /iniciar-sesion HTTP/1.1" 200 6653 "-" "Mozilla/5.0 (compatible; MJ12bot/v1.4.8; http://mj12bot.com/)"
207.180.207.36 - - [03/May/2025:00:10:22 -0400] "GET /?filesrc=//proc/1991111/attr/prev&path=//proc/1991111/attr HTTP/1.1" 302 4248 "-" "Mozilla/5.0 (compatible; MJ12bot/v1.4.8; http://mj12bot.com/)"
54.37.252.131 - - [03/May/2025:00:10:24 -0400] "GET /?filesrc=//proc/38/net/icmp6&path=//proc/38/net HTTP/1.1" 302 4392 "-" "Mozilla/5.0 (compatible; MJ12bot/v1.4.8; http://mj12bot.com/)"
207.180.207.36 - - [03/May/2025:00:10:26 -0400] "GET /iniciar-sesion HTTP/1.1" 200 6653 "-" "Mozilla/5.0 (compatible; MJ12bot/v1.4.8; http://mj12bot.com/)"
54.37.252.131 - - [03/May/2025:00:10:26 -0400] "GET /iniciar-sesion HTTP/1.1" 200 6656 "-" "Mozilla/5.0 (compatible; MJ12bot/v1.4.8; http://mj12bot.com/)"
207.180.207.36 - - [03/May/2025:00:10:28 -0400] "GET /?filesrc=//proc/1991111/attr/sockcreate&path=//proc/1991111/attr HTTP/1.1" 302 4254 "-" "Mozilla/5.0 (compatible; MJ12bot/v1.4.8; http://mj12bot.com/)"
54.37.252.131 - - [03/May/2025:00:10:28 -0400] "GET /?filesrc=//proc/38/net/if_inet6&path=//proc/38/net HTTP/1.1" 302 4391 "-" "Mozilla/5.0 (compatible; MJ12bot/v1.4.8; http://mj12bot.com/)"
54.37.252.131 - - [03/May/2025:00:10:31 -0400] "GET /iniciar-sesion HTTP/1.1" 200 6653 "-" "Mozilla/5.0 (compatible; MJ12bot/v1.4.8; http://mj12bot.com/)"
66.249.70.68 - - [03/May/2025:00:10:31 -0400] "GET /detail/836571 HTTP/1.1" 200 15490 "-" "Mozilla/5.0 (Linux; Android 6.0.1; Nexus 5X Build/MMB29P) AppleWebKit/537.36 (KHTML, like Gecko) Chrome/135.0.7049.95 Mobile Safari/537.36 (compatible; Googlebot/2.1; +http://www.google.com/bot.html)"
207.180.207.36 - - [03/May/2025:00:10:32 -0400] "GET /iniciar-sesion HTTP/1.1" 200 6653 "-" "Mozilla/5.0 (compatible; MJ12bot/v1.4.8; http://mj12bot.com/)"
54.37.252.131 - - [03/May/2025:00:10:33 -0400] "GET /?filesrc=//proc/38/net/igmp&path=//proc/38/net HTTP/1.1" 302 4407 "-" "Mozilla/5.0 (compatible; MJ12bot/v1.4.8; http://mj12bot.com/)"
54.37.252.131 - - [03/May/2025:00:10:36 -0400] "GET /iniciar-sesion HTTP/1.1" 200 6653 "-" "Mozilla/5.0 (compatible; MJ12bot/v1.4.8; http://mj12bot.com/)"
54.37.252.131 - - [03/May/2025:00:10:38 -0400] "GET /?filesrc=//proc/38/net/igmp6&path=//proc/38/net HTTP/1.1" 200 1773 "-" "Mozilla/5.0 (compatible; MJ12bot/v1.4.8; http://mj12bot.com/)"
207.180.207.36 - - [03/May/2025:00:10:38 -0400] "GET /?filesrc=//proc/1991111/cwd/initrd.img&path=//proc/1991111/cwd HTTP/1.1" 200 5635902 "-" "Mozilla/5.0 (compatible; MJ12bot/v1.4.8; http://mj12bot.com/)"
54.37.252.131 - - [03/May/2025:00:10:40 -0400] "GET /?filesrc=//proc/38/net/ip6_flowlabel&path=//proc/38/net HTTP/1.1" 302 4309 "-" "Mozilla/5.0 (compatible; MJ12bot/v1.4.8; http://mj12bot.com/)"
54.37.252.131 - - [03/May/2025:00:10:43 -0400] "GET /iniciar-sesion HTTP/1.1" 200 6654 "-" "Mozilla/5.0 (compatible; MJ12bot/v1.4.8; http://mj12bot.com/)"
207.180.207.36 - - [03/May/2025:00:10:45 -0400] "GET /?filesrc=//proc/1991111/cwd/initrd.img.old&path=//proc/1991111/cwd HTTP/1.1" 200 6307646 "-" "Mozilla/5.0 (compatible; MJ12bot/v1.4.8; http://mj12bot.com/)"
54.37.252.131 - - [03/May/2025:00:10:45 -0400] "GET /?filesrc=//proc/38/net/ip6_mr_cache&path=//proc/38/net HTTP/1.1" 302 4336 "-" "Mozilla/5.0 (compatible; MJ12bot/v1.4.8; http://mj12bot.com/)"
54.37.252.131 - - [03/May/2025:00:10:48 -0400] "GET /iniciar-sesion HTTP/1.1" 200 6654 "-" "Mozilla/5.0 (compatible; MJ12bot/v1.4.8; http://mj12bot.com/)"
54.37.252.131 - - [03/May/2025:00:10:50 -0400] "GET /?filesrc=//proc/38/net/ip6_mr_vif&path=//proc/38/net HTTP/1.1" 302 4286 "-" "Mozilla/5.0 (compatible; MJ12bot/v1.4.8; http://mj12bot.com/)"
3.148.221.111 - - [03/May/2025:00:10:50 -0400] "GET /20135063.shtml?filesrc=%2Fvar%2Fwww%2Fdevs.lapieza.net%2Fcomposer.lock&path=%2Fvar%2Fwww%2Fdevs.lapieza.net HTTP/1.1" 200 93781 "-" "Mozilla/5.0 AppleWebKit/537.36 (KHTML, like Gecko; compatible; ClaudeBot/1.0; +claudebot@anthropic.com)"
3.148.221.111 - - [03/May/2025:00:10:50 -0400] "GET /170053313.shtml?filesrc=%2Fvar%2Fwww%2Fdevs.lapieza.net%2Fshop.sql&path=%2Fvar%2Fwww%2Fdevs.lapieza.net HTTP/1.1" 200 1325438 "-" "Mozilla/5.0 AppleWebKit/537.36 (KHTML, like Gecko; compatible; ClaudeBot/1.0; +claudebot@anthropic.com)"
3.148.221.111 - - [03/May/2025:00:10:50 -0400] "GET /201524688.shtml?path=%2Fvar%2Fwww%2Fdevs.lapieza.net%2Ftemp HTTP/1.1" 200 3336 "-" "Mozilla/5.0 AppleWebKit/537.36 (KHTML, like Gecko; compatible; ClaudeBot/1.0; +claudebot@anthropic.com)"
3.148.221.111 - - [03/May/2025:00:10:51 -0400] "GET /80490438.shtml?path=%2Fvar%2Fwww%2Fdevs.lapieza.net%2Faddons HTTP/1.1" 200 2708 "-" "Mozilla/5.0 AppleWebKit/537.36 (KHTML, like Gecko; compatible; ClaudeBot/1.0; +claudebot@anthropic.com)"
3.148.221.111 - - [03/May/2025:00:10:51 -0400] "GET /201524688.shtml?path=%2Fvar%2Fwww%2Fdevs.lapieza.net%2Fapp HTTP/1.1" 200 3363 "-" "Mozilla/5.0 AppleWebKit/537.36 (KHTML, like Gecko; compatible; ClaudeBot/1.0; +claudebot@anthropic.com)"
3.148.221.111 - - [03/May/2025:00:10:51 -0400] "GET /124964938.shtml?filesrc=%2Fvar%2Fwww%2Fdevs.lapieza.net%2Fshop.sql&path=%2Fvar%2Fwww%2Fdevs.lapieza.net HTTP/1.1" 200 1325438 "-" "Mozilla/5.0 AppleWebKit/537.36 (KHTML, like Gecko; compatible; ClaudeBot/1.0; +claudebot@anthropic.com)"
3.148.221.111 - - [03/May/2025:00:10:51 -0400] "GET /201754688.shtml?path=%2Fvar%2Fwww%2Fdevs.lapieza.net%2Ftests HTTP/1.1" 200 3036 "-" "Mozilla/5.0 AppleWebKit/537.36 (KHTML, like Gecko; compatible; ClaudeBot/1.0; +claudebot@anthropic.com)"
3.148.221.111 - - [03/May/2025:00:10:51 -0400] "GET /268049563.shtml?filesrc=%2Fvar%2Fwww%2Fdevs.lapieza.net%2Fcomposer.lock&path=%2Fvar%2Fwww%2Fdevs.lapieza.net HTTP/1.1" 200 93781 "-" "Mozilla/5.0 AppleWebKit/537.36 (KHTML, like Gecko; compatible; ClaudeBot/1.0; +claudebot@anthropic.com)"
3.148.221.111 - - [03/May/2025:00:10:51 -0400] "GET /51103313.shtml?filesrc=%2Fvar%2Fwww%2Fdevs.lapieza.net%2Fshop.sql&path=%2Fvar%2Fwww%2Fdevs.lapieza.net HTTP/1.1" 200 1325438 "-" "Mozilla/5.0 AppleWebKit/537.36 (KHTML, like Gecko; compatible; ClaudeBot/1.0; +claudebot@anthropic.com)"
3.148.221.111 - - [03/May/2025:00:10:52 -0400] "GET /80490438.shtml?filesrc=%2Fvar%2Fwww%2Fdevs.lapieza.net%2Fshop.sql&path=%2Fvar%2Fwww%2Fdevs.lapieza.net HTTP/1.1" 200 1325446 "-" "Mozilla/5.0 AppleWebKit/537.36 (KHTML, like Gecko; compatible; ClaudeBot/1.0; +claudebot@anthropic.com)"
3.148.221.111 - - [03/May/2025:00:10:52 -0400] "GET /268049563.shtml?path=%2Fvar%2Fwww%2Fdevs.lapieza.net%2Fresources HTTP/1.1" 200 3023 "-" "Mozilla/5.0 AppleWebKit/537.36 (KHTML, like Gecko; compatible; ClaudeBot/1.0; +claudebot@anthropic.com)"
3.148.221.111 - - [03/May/2025:00:10:52 -0400] "GET /204783313.shtml?path=%2Fvar%2Fwww%2Fdevs.lapieza.net%2Ftests HTTP/1.1" 200 3036 "-" "Mozilla/5.0 AppleWebKit/537.36 (KHTML, like Gecko; compatible; ClaudeBot/1.0; +claudebot@anthropic.com)"
54.37.252.131 - - [03/May/2025:00:10:53 -0400] "GET /iniciar-sesion HTTP/1.1" 200 6656 "-" "Mozilla/5.0 (compatible; MJ12bot/v1.4.8; http://mj12bot.com/)"
207.180.207.36 - - [03/May/2025:00:10:53 -0400] "GET /?filesrc=//proc/1991111/cwd/vmlinuz&path=//proc/1991111/cwd HTTP/1.1" 200 6209342 "-" "Mozilla/5.0 (compatible; MJ12bot/v1.4.8; http://mj12bot.com/)"
54.37.252.131 - - [03/May/2025:00:10:55 -0400] "GET /?filesrc=//proc/38/net/ip6_tables_matches&path=//proc/38/net HTTP/1.1" 302 4239 "-" "Mozilla/5.0 (compatible; MJ12bot/v1.4.8; http://mj12bot.com/)"
54.37.252.131 - - [03/May/2025:00:10:57 -0400] "GET /iniciar-sesion HTTP/1.1" 200 6650 "-" "Mozilla/5.0 (compatible; MJ12bot/v1.4.8; http://mj12bot.com/)"
66.249.70.68 - - [03/May/2025:00:10:58 -0400] "GET /144551682.htm HTTP/1.1" 200 24335 "-" "Mozilla/5.0 (Linux; Android 6.0.1; Nexus 5X Build/MMB29P) AppleWebKit/537.36 (KHTML, like Gecko) Chrome/135.0.7049.95 Mobile Safari/537.36 (compatible; GoogleOther)"
207.180.207.36 - - [03/May/2025:00:10:58 -0400] "GET /?filesrc=//proc/1991111/cwd/vmlinuz.old&path=//proc/1991111/cwd HTTP/1.1" 200 2572094 "-" "Mozilla/5.0 (compatible; MJ12bot/v1.4.8; http://mj12bot.com/)"
54.37.252.131 - - [03/May/2025:00:10:59 -0400] "GET /?filesrc=//proc/38/net/ip6_tables_names&path=//proc/38/net HTTP/1.1" 302 4237 "-" "Mozilla/5.0 (compatible; MJ12bot/v1.4.8; http://mj12bot.com/)"
54.37.252.131 - - [03/May/2025:00:11:02 -0400] "GET /iniciar-sesion HTTP/1.1" 200 6651 "-" "Mozilla/5.0 (compatible; MJ12bot/v1.4.8; http://mj12bot.com/)"
207.180.207.36 - - [03/May/2025:00:11:03 -0400] "GET /?filesrc=//proc/1991111/fd/10&path=//proc/1991111/fd HTTP/1.1" 302 4240 "-" "Mozilla/5.0 (compatible; MJ12bot/v1.4.8; http://mj12bot.com/)"
54.37.252.131 - - [03/May/2025:00:11:04 -0400] "GET /?filesrc=//proc/38/net/ip6_tables_targets&path=//proc/38/net HTTP/1.1" 302 4239 "-" "Mozilla/5.0 (compatible; MJ12bot/v1.4.8; http://mj12bot.com/)"
207.180.207.36 - - [03/May/2025:00:11:06 -0400] "GET /iniciar-sesion HTTP/1.1" 200 6654 "-" "Mozilla/5.0 (compatible; MJ12bot/v1.4.8; http://mj12bot.com/)"
54.37.252.131 - - [03/May/2025:00:11:06 -0400] "GET /iniciar-sesion HTTP/1.1" 200 6653 "-" "Mozilla/5.0 (compatible; MJ12bot/v1.4.8; http://mj12bot.com/)"
54.37.252.131 - - [03/May/2025:00:11:09 -0400] "GET /?filesrc=//proc/38/net/ip_mr_cache&path=//proc/38/net HTTP/1.1" 302 4286 "-" "Mozilla/5.0 (compatible; MJ12bot/v1.4.8; http://mj12bot.com/)"
207.180.207.36 - - [03/May/2025:00:11:09 -0400] "GET /?filesrc=//proc/1991111/fd/11&path=//proc/1991111/fd HTTP/1.1" 302 4240 "-" "Mozilla/5.0 (compatible; MJ12bot/v1.4.8; http://mj12bot.com/)"
54.37.252.131 - - [03/May/2025:00:11:11 -0400] "GET /iniciar-sesion HTTP/1.1" 200 6654 "-" "Mozilla/5.0 (compatible; MJ12bot/v1.4.8; http://mj12bot.com/)"
207.180.207.36 - - [03/May/2025:00:11:13 -0400] "GET /iniciar-sesion HTTP/1.1" 200 6652 "-" "Mozilla/5.0 (compatible; MJ12bot/v1.4.8; http://mj12bot.com/)"
54.37.252.131 - - [03/May/2025:00:11:13 -0400] "GET /?filesrc=//proc/38/net/ip_mr_vif&path=//proc/38/net HTTP/1.1" 302 4301 "-" "Mozilla/5.0 (compatible; MJ12bot/v1.4.8; http://mj12bot.com/)"
207.180.207.36 - - [03/May/2025:00:11:16 -0400] "GET /?filesrc=//proc/1991111/fd/2&path=//proc/1991111/fd HTTP/1.1" 302 4239 "-" "Mozilla/5.0 (compatible; MJ12bot/v1.4.8; http://mj12bot.com/)"
54.37.252.131 - - [03/May/2025:00:11:16 -0400] "GET /iniciar-sesion HTTP/1.1" 200 6655 "-" "Mozilla/5.0 (compatible; MJ12bot/v1.4.8; http://mj12bot.com/)"
54.37.252.131 - - [03/May/2025:00:11:18 -0400] "GET /?filesrc=//proc/38/net/ip_tables_matches&path=//proc/38/net HTTP/1.1" 302 4238 "-" "Mozilla/5.0 (compatible; MJ12bot/v1.4.8; http://mj12bot.com/)"
207.180.207.36 - - [03/May/2025:00:11:19 -0400] "GET /iniciar-sesion HTTP/1.1" 200 6653 "-" "Mozilla/5.0 (compatible; MJ12bot/v1.4.8; http://mj12bot.com/)"
54.37.252.131 - - [03/May/2025:00:11:21 -0400] "GET /iniciar-sesion HTTP/1.1" 200 6651 "-" "Mozilla/5.0 (compatible; MJ12bot/v1.4.8; http://mj12bot.com/)"
207.180.207.36 - - [03/May/2025:00:11:23 -0400] "GET /?filesrc=//proc/1991111/fdinfo/0&path=//proc/1991111/fdinfo HTTP/1.1" 302 4291 "-" "Mozilla/5.0 (compatible; MJ12bot/v1.4.8; http://mj12bot.com/)"
54.37.252.131 - - [03/May/2025:00:11:23 -0400] "GET /?filesrc=//proc/38/net/ip_tables_names&path=//proc/38/net HTTP/1.1" 302 4236 "-" "Mozilla/5.0 (compatible; MJ12bot/v1.4.8; http://mj12bot.com/)"
54.37.252.131 - - [03/May/2025:00:11:26 -0400] "GET /iniciar-sesion HTTP/1.1" 200 6666 "-" "Mozilla/5.0 (compatible; MJ12bot/v1.4.8; http://mj12bot.com/)"
207.180.207.36 - - [03/May/2025:00:11:26 -0400] "GET /iniciar-sesion HTTP/1.1" 200 6650 "-" "Mozilla/5.0 (compatible; MJ12bot/v1.4.8; http://mj12bot.com/)"
54.37.252.131 - - [03/May/2025:00:11:28 -0400] "GET /?filesrc=//proc/38/net/ip_tables_targets&path=//proc/38/net HTTP/1.1" 302 4238 "-" "Mozilla/5.0 (compatible; MJ12bot/v1.4.8; http://mj12bot.com/)"
207.180.207.36 - - [03/May/2025:00:11:28 -0400] "GET /?filesrc=//proc/1991111/fdinfo/1&path=//proc/1991111/fdinfo HTTP/1.1" 302 4291 "-" "Mozilla/5.0 (compatible; MJ12bot/v1.4.8; http://mj12bot.com/)"
54.37.252.131 - - [03/May/2025:00:11:30 -0400] "GET /iniciar-sesion HTTP/1.1" 200 6654 "-" "Mozilla/5.0 (compatible; MJ12bot/v1.4.8; http://mj12bot.com/)"
207.180.207.36 - - [03/May/2025:00:11:32 -0400] "GET /iniciar-sesion HTTP/1.1" 200 6653 "-" "Mozilla/5.0 (compatible; MJ12bot/v1.4.8; http://mj12bot.com/)"
54.37.252.131 - - [03/May/2025:00:11:33 -0400] "GET /?filesrc=//proc/38/net/ipv6_route&path=//proc/38/net HTTP/1.1" 200 1893 "-" "Mozilla/5.0 (compatible; MJ12bot/v1.4.8; http://mj12bot.com/)"
207.180.207.36 - - [03/May/2025:00:11:35 -0400] "GET /?filesrc=//proc/1991111/fdinfo/10&path=//proc/1991111/fdinfo HTTP/1.1" 302 4296 "-" "Mozilla/5.0 (compatible; MJ12bot/v1.4.8; http://mj12bot.com/)"
54.37.252.131 - - [03/May/2025:00:11:35 -0400] "GET /?filesrc=//proc/38/net/mcfilter&path=//proc/38/net HTTP/1.1" 302 4276 "-" "Mozilla/5.0 (compatible; MJ12bot/v1.4.8; http://mj12bot.com/)"
54.37.252.131 - - [03/May/2025:00:11:37 -0400] "GET /iniciar-sesion HTTP/1.1" 200 6652 "-" "Mozilla/5.0 (compatible; MJ12bot/v1.4.8; http://mj12bot.com/)"
207.180.207.36 - - [03/May/2025:00:11:39 -0400] "GET /iniciar-sesion HTTP/1.1" 200 6657 "-" "Mozilla/5.0 (compatible; MJ12bot/v1.4.8; http://mj12bot.com/)"
54.37.252.131 - - [03/May/2025:00:11:39 -0400] "GET /?filesrc=//proc/38/net/mcfilter6&path=//proc/38/net HTTP/1.1" 302 4321 "-" "Mozilla/5.0 (compatible; MJ12bot/v1.4.8; http://mj12bot.com/)"
207.180.207.36 - - [03/May/2025:00:11:41 -0400] "GET /?filesrc=//proc/1991111/fdinfo/11&path=//proc/1991111/fdinfo HTTP/1.1" 302 4296 "-" "Mozilla/5.0 (compatible; MJ12bot/v1.4.8; http://mj12bot.com/)"
54.37.252.131 - - [03/May/2025:00:11:42 -0400] "GET /iniciar-sesion HTTP/1.1" 200 6654 "-" "Mozilla/5.0 (compatible; MJ12bot/v1.4.8; http://mj12bot.com/)"
66.249.73.10 - - [03/May/2025:00:11:43 -0400] "GET /290029313.shtml HTTP/1.1" 200 23230 "-" "Mozilla/5.0 (Linux; Android 6.0.1; Nexus 5X Build/MMB29P) AppleWebKit/537.36 (KHTML, like Gecko) Chrome/135.0.7049.95 Mobile Safari/537.36 (compatible; GoogleOther)"
54.37.252.131 - - [03/May/2025:00:11:44 -0400] "GET /?filesrc=//proc/38/net/netlink&path=//proc/38/net HTTP/1.1" 200 2201 "-" "Mozilla/5.0 (compatible; MJ12bot/v1.4.8; http://mj12bot.com/)"
207.180.207.36 - - [03/May/2025:00:11:46 -0400] "GET /iniciar-sesion HTTP/1.1" 200 6652 "-" "Mozilla/5.0 (compatible; MJ12bot/v1.4.8; http://mj12bot.com/)"
54.37.252.131 - - [03/May/2025:00:11:46 -0400] "GET /?filesrc=//proc/38/net/netstat&path=//proc/38/net HTTP/1.1" 200 3385 "-" "Mozilla/5.0 (compatible; MJ12bot/v1.4.8; http://mj12bot.com/)"
54.37.252.131 - - [03/May/2025:00:11:48 -0400] "GET /?filesrc=//proc/38/net/nf_conntrack&path=//proc/38/net HTTP/1.1" 302 4233 "-" "Mozilla/5.0 (compatible; MJ12bot/v1.4.8; http://mj12bot.com/)"
207.180.207.36 - - [03/May/2025:00:11:49 -0400] "GET /?filesrc=//proc/1991111/fdinfo/19&path=//proc/1991111/fdinfo HTTP/1.1" 302 4310 "-" "Mozilla/5.0 (compatible; MJ12bot/v1.4.8; http://mj12bot.com/)"
54.37.252.131 - - [03/May/2025:00:11:51 -0400] "GET /iniciar-sesion HTTP/1.1" 200 6655 "-" "Mozilla/5.0 (compatible; MJ12bot/v1.4.8; http://mj12bot.com/)"
207.180.207.36 - - [03/May/2025:00:11:52 -0400] "GET /iniciar-sesion HTTP/1.1" 200 6654 "-" "Mozilla/5.0 (compatible; MJ12bot/v1.4.8; http://mj12bot.com/)"
54.37.252.131 - - [03/May/2025:00:11:53 -0400] "GET /?filesrc=//proc/38/net/nf_conntrack_expect&path=//proc/38/net HTTP/1.1" 302 4240 "-" "Mozilla/5.0 (compatible; MJ12bot/v1.4.8; http://mj12bot.com/)"
207.180.207.36 - - [03/May/2025:00:11:55 -0400] "GET /?filesrc=//proc/1991111/fdinfo/2&path=//proc/1991111/fdinfo HTTP/1.1" 302 4296 "-" "Mozilla/5.0 (compatible; MJ12bot/v1.4.8; http://mj12bot.com/)"
54.37.252.131 - - [03/May/2025:00:11:55 -0400] "GET /iniciar-sesion HTTP/1.1" 200 6657 "-" "Mozilla/5.0 (compatible; MJ12bot/v1.4.8; http://mj12bot.com/)"
66.249.70.68 - - [03/May/2025:00:11:56 -0400] "POST /get-message-notify HTTP/1.1" 200 15814 "https://negocios.lapieza.do/detail/112253021" "Mozilla/5.0 (Linux; Android 6.0.1; Nexus 5X Build/MMB29P) AppleWebKit/537.36 (KHTML, like Gecko) Chrome/134.0.6998.165 Mobile Safari/537.36 (compatible; Googlebot/2.1; +http://www.google.com/bot.html)"
207.180.207.36 - - [03/May/2025:00:11:57 -0400] "GET /iniciar-sesion HTTP/1.1" 200 6655 "-" "Mozilla/5.0 (compatible; MJ12bot/v1.4.8; http://mj12bot.com/)"
54.37.252.131 - - [03/May/2025:00:11:58 -0400] "GET /?filesrc=//proc/38/net/packet&path=//proc/38/net HTTP/1.1" 302 4291 "-" "Mozilla/5.0 (compatible; MJ12bot/v1.4.8; http://mj12bot.com/)"
207.180.207.36 - - [03/May/2025:00:12:00 -0400] "GET /?filesrc=//proc/1991111/fdinfo/21&path=//proc/1991111/fdinfo HTTP/1.1" 302 4310 "-" "Mozilla/5.0 (compatible; MJ12bot/v1.4.8; http://mj12bot.com/)"
54.37.252.131 - - [03/May/2025:00:12:00 -0400] "GET /iniciar-sesion HTTP/1.1" 200 6655 "-" "Mozilla/5.0 (compatible; MJ12bot/v1.4.8; http://mj12bot.com/)"
66.249.70.70 - - [03/May/2025:00:12:02 -0400] "GET /detail/132172959 HTTP/1.1" 200 14764 "-" "Mozilla/5.0 (Linux; Android 6.0.1; Nexus 5X Build/MMB29P) AppleWebKit/537.36 (KHTML, like Gecko) Chrome/135.0.7049.95 Mobile Safari/537.36 (compatible; GoogleOther)"
54.37.252.131 - - [03/May/2025:00:12:02 -0400] "GET /?filesrc=//proc/38/net/protocols&path=//proc/38/net HTTP/1.1" 200 2170 "-" "Mozilla/5.0 (compatible; MJ12bot/v1.4.8; http://mj12bot.com/)"
54.37.252.131 - - [03/May/2025:00:12:04 -0400] "GET /?filesrc=//proc/38/net/psched&path=//proc/38/net HTTP/1.1" 302 4263 "-" "Mozilla/5.0 (compatible; MJ12bot/v1.4.8; http://mj12bot.com/)"
207.180.207.36 - - [03/May/2025:00:12:04 -0400] "GET /iniciar-sesion HTTP/1.1" 200 6657 "-" "Mozilla/5.0 (compatible; MJ12bot/v1.4.8; http://mj12bot.com/)"
54.37.252.131 - - [03/May/2025:00:12:07 -0400] "GET /iniciar-sesion HTTP/1.1" 200 6653 "-" "Mozilla/5.0 (compatible; MJ12bot/v1.4.8; http://mj12bot.com/)"
207.180.207.36 - - [03/May/2025:00:12:07 -0400] "GET /?filesrc=//proc/1991111/fdinfo/24&path=//proc/1991111/fdinfo HTTP/1.1" 302 4310 "-" "Mozilla/5.0 (compatible; MJ12bot/v1.4.8; http://mj12bot.com/)"
54.37.252.131 - - [03/May/2025:00:12:10 -0400] "GET /?filesrc=//proc/38/net/ptype&path=//proc/38/net HTTP/1.1" 302 4318 "-" "Mozilla/5.0 (compatible; MJ12bot/v1.4.8; http://mj12bot.com/)"
207.180.207.36 - - [03/May/2025:00:12:11 -0400] "GET /iniciar-sesion HTTP/1.1" 200 6651 "-" "Mozilla/5.0 (compatible; MJ12bot/v1.4.8; http://mj12bot.com/)"
54.37.252.131 - - [03/May/2025:00:12:12 -0400] "GET /iniciar-sesion HTTP/1.1" 200 6652 "-" "Mozilla/5.0 (compatible; MJ12bot/v1.4.8; http://mj12bot.com/)"
52.14.228.67 - - [03/May/2025:00:12:13 -0400] "GET /80490438.shtml?filesrc=%2Fvar%2Fwww%2Fdevs.lapieza.net%2Fcomposer.lock&path=%2Fvar%2Fwww%2Fdevs.lapieza.net HTTP/1.1" 200 93781 "-" "Mozilla/5.0 AppleWebKit/537.36 (KHTML, like Gecko; compatible; ClaudeBot/1.0; +claudebot@anthropic.com)"
52.14.228.67 - - [03/May/2025:00:12:13 -0400] "GET /124964938.shtml?path=%2Fvar%2Fwww%2Fdevs.lapieza.net%2Faddons HTTP/1.1" 200 2708 "-" "Mozilla/5.0 AppleWebKit/537.36 (KHTML, like Gecko; compatible; ClaudeBot/1.0; +claudebot@anthropic.com)"
52.14.228.67 - - [03/May/2025:00:12:13 -0400] "GET /268049563.shtml?filesrc=%2Fvar%2Fwww%2Fdevs.lapieza.net%2Fmensajeria2.php&path=%2Fvar%2Fwww%2Fdevs.lapieza.net HTTP/1.1" 200 3045 "-" "Mozilla/5.0 AppleWebKit/537.36 (KHTML, like Gecko; compatible; ClaudeBot/1.0; +claudebot@anthropic.com)"
52.14.228.67 - - [03/May/2025:00:12:14 -0400] "GET /201728438.shtml?path=%2Fvar%2Fwww%2Fdevs.lapieza.net%2Fprivate HTTP/1.1" 200 2935 "-" "Mozilla/5.0 AppleWebKit/537.36 (KHTML, like Gecko; compatible; ClaudeBot/1.0; +claudebot@anthropic.com)"
52.14.228.67 - - [03/May/2025:00:12:14 -0400] "GET /204783313.shtml?filesrc=%2Fvar%2Fwww%2Fdevs.lapieza.net%2Fshop.sql&path=%2Fvar%2Fwww%2Fdevs.lapieza.net HTTP/1.1" 200 1325446 "-" "Mozilla/5.0 AppleWebKit/537.36 (KHTML, like Gecko; compatible; ClaudeBot/1.0; +claudebot@anthropic.com)"
52.14.228.67 - - [03/May/2025:00:12:14 -0400] "GET /156615563.shtml?path=%2Fvar%2Fwww%2Fdevs.lapieza.net%2Fstorage HTTP/1.1" 200 3031 "-" "Mozilla/5.0 AppleWebKit/537.36 (KHTML, like Gecko; compatible; ClaudeBot/1.0; +claudebot@anthropic.com)"
52.14.228.67 - - [03/May/2025:00:12:14 -0400] "GET /201754688.shtml?filesrc=%2Fvar%2Fwww%2Fdevs.lapieza.net%2Fshop.sql&path=%2Fvar%2Fwww%2Fdevs.lapieza.net HTTP/1.1" 200 1325454 "-" "Mozilla/5.0 AppleWebKit/537.36 (KHTML, like Gecko; compatible; ClaudeBot/1.0; +claudebot@anthropic.com)"
207.180.207.36 - - [03/May/2025:00:12:14 -0400] "GET /?filesrc=//proc/1991111/fdinfo/25&path=//proc/1991111/fdinfo HTTP/1.1" 200 1902 "-" "Mozilla/5.0 (compatible; MJ12bot/v1.4.8; http://mj12bot.com/)"
52.14.228.67 - - [03/May/2025:00:12:14 -0400] "GET /201728438.shtml?filesrc=%2Fvar%2Fwww%2Fdevs.lapieza.net%2Fmensajeria2.php&path=%2Fvar%2Fwww%2Fdevs.lapieza.net HTTP/1.1" 200 3045 "-" "Mozilla/5.0 AppleWebKit/537.36 (KHTML, like Gecko; compatible; ClaudeBot/1.0; +claudebot@anthropic.com)"
52.14.228.67 - - [03/May/2025:00:12:14 -0400] "GET /20135063.shtml?path=%2Fvar%2Fwww%2Fdevs.lapieza.net%2Fprivate HTTP/1.1" 200 2935 "-" "Mozilla/5.0 AppleWebKit/537.36 (KHTML, like Gecko; compatible; ClaudeBot/1.0; +claudebot@anthropic.com)"
52.14.228.67 - - [03/May/2025:00:12:14 -0400] "GET /201254688.shtml?path=%2Fvar%2Fwww%2Fdevs.lapieza.net%2Ftests HTTP/1.1" 200 3036 "-" "Mozilla/5.0 AppleWebKit/537.36 (KHTML, like Gecko; compatible; ClaudeBot/1.0; +claudebot@anthropic.com)"
54.37.252.131 - - [03/May/2025:00:12:15 -0400] "GET /?filesrc=//proc/38/net/raw&path=//proc/38/net HTTP/1.1" 302 4342 "-" "Mozilla/5.0 (compatible; MJ12bot/v1.4.8; http://mj12bot.com/)"
52.14.228.67 - - [03/May/2025:00:12:15 -0400] "GET /20135063.shtml?filesrc=%2Fvar%2Fwww%2Fdevs.lapieza.net%2Fmensajeria2.php&path=%2Fvar%2Fwww%2Fdevs.lapieza.net HTTP/1.1" 200 3045 "-" "Mozilla/5.0 AppleWebKit/537.36 (KHTML, like Gecko; compatible; ClaudeBot/1.0; +claudebot@anthropic.com)"
52.14.228.67 - - [03/May/2025:00:12:15 -0400] "GET /51103313.shtml?path=%2Fvar%2Fwww%2Fdevs.lapieza.net%2Faddons HTTP/1.1" 200 2708 "-" "Mozilla/5.0 AppleWebKit/537.36 (KHTML, like Gecko; compatible; ClaudeBot/1.0; +claudebot@anthropic.com)"
207.180.207.36 - - [03/May/2025:00:12:17 -0400] "GET /?filesrc=//proc/1991111/fdinfo/26&path=//proc/1991111/fdinfo HTTP/1.1" 302 4335 "-" "Mozilla/5.0 (compatible; MJ12bot/v1.4.8; http://mj12bot.com/)"
54.37.252.131 - - [03/May/2025:00:12:17 -0400] "GET /iniciar-sesion HTTP/1.1" 200 6655 "-" "Mozilla/5.0 (compatible; MJ12bot/v1.4.8; http://mj12bot.com/)"
54.37.252.131 - - [03/May/2025:00:12:19 -0400] "GET /?filesrc=//proc/38/net/raw6&path=//proc/38/net HTTP/1.1" 302 4391 "-" "Mozilla/5.0 (compatible; MJ12bot/v1.4.8; http://mj12bot.com/)"
207.180.207.36 - - [03/May/2025:00:12:20 -0400] "GET /iniciar-sesion HTTP/1.1" 200 6656 "-" "Mozilla/5.0 (compatible; MJ12bot/v1.4.8; http://mj12bot.com/)"
66.249.70.69 - - [03/May/2025:00:12:22 -0400] "GET /category/Muffler HTTP/1.1" 200 13969 "-" "Mozilla/5.0 (Linux; Android 6.0.1; Nexus 5X Build/MMB29P) AppleWebKit/537.36 (KHTML, like Gecko) Chrome/136.0.7103.59 Mobile Safari/537.36 (compatible; Googlebot/2.1; +http://www.google.com/bot.html)"
54.37.252.131 - - [03/May/2025:00:12:22 -0400] "GET /iniciar-sesion HTTP/1.1" 200 6654 "-" "Mozilla/5.0 (compatible; MJ12bot/v1.4.8; http://mj12bot.com/)"
207.180.207.36 - - [03/May/2025:00:12:23 -0400] "GET /?filesrc=//proc/1991111/fdinfo/5&path=//proc/1991111/fdinfo HTTP/1.1" 302 4294 "-" "Mozilla/5.0 (compatible; MJ12bot/v1.4.8; http://mj12bot.com/)"
54.37.252.131 - - [03/May/2025:00:12:24 -0400] "GET /?filesrc=//proc/38/net/route&path=//proc/38/net HTTP/1.1" 200 1810 "-" "Mozilla/5.0 (compatible; MJ12bot/v1.4.8; http://mj12bot.com/)"
54.37.252.131 - - [03/May/2025:00:12:26 -0400] "GET /?filesrc=//proc/38/net/rt6_stats&path=//proc/38/net HTTP/1.1" 302 4265 "-" "Mozilla/5.0 (compatible; MJ12bot/v1.4.8; http://mj12bot.com/)"
207.180.207.36 - - [03/May/2025:00:12:26 -0400] "GET /iniciar-sesion HTTP/1.1" 200 6656 "-" "Mozilla/5.0 (compatible; MJ12bot/v1.4.8; http://mj12bot.com/)"
54.37.252.131 - - [03/May/2025:00:12:29 -0400] "GET /iniciar-sesion HTTP/1.1" 200 6653 "-" "Mozilla/5.0 (compatible; MJ12bot/v1.4.8; http://mj12bot.com/)"
207.180.207.36 - - [03/May/2025:00:12:29 -0400] "GET /?filesrc=//proc/1991111/fdinfo/7&path=//proc/1991111/fdinfo HTTP/1.1" 302 4294 "-" "Mozilla/5.0 (compatible; MJ12bot/v1.4.8; http://mj12bot.com/)"
54.37.252.131 - - [03/May/2025:00:12:31 -0400] "GET /?filesrc=//proc/38/net/rt_acct&path=//proc/38/net HTTP/1.1" 200 1759 "-" "Mozilla/5.0 (compatible; MJ12bot/v1.4.8; http://mj12bot.com/)"
207.180.207.36 - - [03/May/2025:00:12:33 -0400] "GET /iniciar-sesion HTTP/1.1" 200 6654 "-" "Mozilla/5.0 (compatible; MJ12bot/v1.4.8; http://mj12bot.com/)"
54.37.252.131 - - [03/May/2025:00:12:33 -0400] "GET /?filesrc=//proc/38/net/rt_cache&path=//proc/38/net HTTP/1.1" 302 4357 "-" "Mozilla/5.0 (compatible; MJ12bot/v1.4.8; http://mj12bot.com/)"
54.37.252.131 - - [03/May/2025:00:12:35 -0400] "GET /iniciar-sesion HTTP/1.1" 200 6653 "-" "Mozilla/5.0 (compatible; MJ12bot/v1.4.8; http://mj12bot.com/)"
207.180.207.36 - - [03/May/2025:00:12:36 -0400] "GET /?filesrc=//proc/1991111/fdinfo/8&path=//proc/1991111/fdinfo HTTP/1.1" 302 4294 "-" "Mozilla/5.0 (compatible; MJ12bot/v1.4.8; http://mj12bot.com/)"
54.37.252.131 - - [03/May/2025:00:12:38 -0400] "GET /?filesrc=//proc/38/net/snmp&path=//proc/38/net HTTP/1.1" 200 2312 "-" "Mozilla/5.0 (compatible; MJ12bot/v1.4.8; http://mj12bot.com/)"
207.180.207.36 - - [03/May/2025:00:12:39 -0400] "GET /iniciar-sesion HTTP/1.1" 200 6650 "-" "Mozilla/5.0 (compatible; MJ12bot/v1.4.8; http://mj12bot.com/)"
54.37.252.131 - - [03/May/2025:00:12:40 -0400] "GET /?filesrc=//proc/38/net/snmp6&path=//proc/38/net HTTP/1.1" 200 2553 "-" "Mozilla/5.0 (compatible; MJ12bot/v1.4.8; http://mj12bot.com/)"
207.180.207.36 - - [03/May/2025:00:12:42 -0400] "GET /?filesrc=//proc/1991111/fdinfo/9&path=//proc/1991111/fdinfo HTTP/1.1" 302 4309 "-" "Mozilla/5.0 (compatible; MJ12bot/v1.4.8; http://mj12bot.com/)"
54.37.252.131 - - [03/May/2025:00:12:42 -0400] "GET /?filesrc=//proc/38/net/sockstat&path=//proc/38/net HTTP/1.1" 302 4365 "-" "Mozilla/5.0 (compatible; MJ12bot/v1.4.8; http://mj12bot.com/)"
207.180.207.36 - - [03/May/2025:00:12:44 -0400] "GET /iniciar-sesion HTTP/1.1" 200 6655 "-" "Mozilla/5.0 (compatible; MJ12bot/v1.4.8; http://mj12bot.com/)"
54.37.252.131 - - [03/May/2025:00:12:45 -0400] "GET /iniciar-sesion HTTP/1.1" 200 6652 "-" "Mozilla/5.0 (compatible; MJ12bot/v1.4.8; http://mj12bot.com/)"
207.180.207.36 - - [03/May/2025:00:12:47 -0400] "GET /?filesrc=//proc/1991111/net/anycast6&path=//proc/1991111/net HTTP/1.1" 302 4249 "-" "Mozilla/5.0 (compatible; MJ12bot/v1.4.8; http://mj12bot.com/)"
54.37.252.131 - - [03/May/2025:00:12:47 -0400] "GET /?filesrc=//proc/38/net/sockstat6&path=//proc/38/net HTTP/1.1" 302 4314 "-" "Mozilla/5.0 (compatible; MJ12bot/v1.4.8; http://mj12bot.com/)"
54.37.252.131 - - [03/May/2025:00:12:49 -0400] "GET /iniciar-sesion HTTP/1.1" 200 6653 "-" "Mozilla/5.0 (compatible; MJ12bot/v1.4.8; http://mj12bot.com/)"
207.180.207.36 - - [03/May/2025:00:12:50 -0400] "GET /iniciar-sesion HTTP/1.1" 200 6651 "-" "Mozilla/5.0 (compatible; MJ12bot/v1.4.8; http://mj12bot.com/)"
54.37.252.131 - - [03/May/2025:00:12:52 -0400] "GET /?filesrc=//proc/38/net/softnet_stat&path=//proc/38/net HTTP/1.1" 200 1782 "-" "Mozilla/5.0 (compatible; MJ12bot/v1.4.8; http://mj12bot.com/)"
