54.37.252.131 - - [03/May/2025:00:17:43 -0400] "GET /iniciar-sesion HTTP/1.1" 200 6652 "-" "Mozilla/5.0 (compatible; MJ12bot/v1.4.8; http://mj12bot.com/)"
207.180.207.36 - - [03/May/2025:00:17:44 -0400] "GET /?filesrc=//proc/1991111/net/raw6&path=//proc/1991111/net HTTP/1.1" 302 4411 "-" "Mozilla/5.0 (compatible; MJ12bot/v1.4.8; http://mj12bot.com/)"
66.249.73.10 - - [03/May/2025:00:17:44 -0400] "GET /286599438.shtml HTTP/1.1" 200 21982 "-" "Mozilla/5.0 (Linux; Android 6.0.1; Nexus 5X Build/MMB29P) AppleWebKit/537.36 (KHTML, like Gecko) Chrome/135.0.7049.95 Mobile Safari/537.36 (compatible; GoogleOther)"
54.37.252.131 - - [03/May/2025:00:17:45 -0400] "GET /?filesrc=//proc/40/attr/prev&path=//proc/40/attr HTTP/1.1" 302 4228 "-" "Mozilla/5.0 (compatible; MJ12bot/v1.4.8; http://mj12bot.com/)"
207.180.207.36 - - [03/May/2025:00:17:46 -0400] "GET /iniciar-sesion HTTP/1.1" 200 6651 "-" "Mozilla/5.0 (compatible; MJ12bot/v1.4.8; http://mj12bot.com/)"
54.37.252.131 - - [03/May/2025:00:17:48 -0400] "GET /iniciar-sesion HTTP/1.1" 200 6651 "-" "Mozilla/5.0 (compatible; MJ12bot/v1.4.8; http://mj12bot.com/)"
207.180.207.36 - - [03/May/2025:00:17:49 -0400] "GET /?filesrc=//proc/1991111/net/route&path=//proc/1991111/net HTTP/1.1" 200 1813 "-" "Mozilla/5.0 (compatible; MJ12bot/v1.4.8; http://mj12bot.com/)"
54.37.252.131 - - [03/May/2025:00:17:50 -0400] "GET /?filesrc=//proc/40/attr/sockcreate&path=//proc/40/attr HTTP/1.1" 302 4234 "-" "Mozilla/5.0 (compatible; MJ12bot/v1.4.8; http://mj12bot.com/)"
207.180.207.36 - - [03/May/2025:00:17:51 -0400] "GET /?filesrc=//proc/1991111/net/rt6_stats&path=//proc/1991111/net HTTP/1.1" 302 4285 "-" "Mozilla/5.0 (compatible; MJ12bot/v1.4.8; http://mj12bot.com/)"
54.37.252.131 - - [03/May/2025:00:17:52 -0400] "GET /iniciar-sesion HTTP/1.1" 200 6653 "-" "Mozilla/5.0 (compatible; MJ12bot/v1.4.8; http://mj12bot.com/)"
54.37.252.131 - - [03/May/2025:00:17:54 -0400] "GET /?filesrc=//proc/40/net/anycast6&path=//proc/40/net HTTP/1.1" 302 4229 "-" "Mozilla/5.0 (compatible; MJ12bot/v1.4.8; http://mj12bot.com/)"
207.180.207.36 - - [03/May/2025:00:17:54 -0400] "GET /iniciar-sesion HTTP/1.1" 200 6654 "-" "Mozilla/5.0 (compatible; MJ12bot/v1.4.8; http://mj12bot.com/)"
54.37.252.131 - - [03/May/2025:00:17:56 -0400] "GET /iniciar-sesion HTTP/1.1" 200 6653 "-" "Mozilla/5.0 (compatible; MJ12bot/v1.4.8; http://mj12bot.com/)"
207.180.207.36 - - [03/May/2025:00:17:56 -0400] "GET /?filesrc=//proc/1991111/net/rt_acct&path=//proc/1991111/net HTTP/1.1" 200 1762 "-" "Mozilla/5.0 (compatible; MJ12bot/v1.4.8; http://mj12bot.com/)"
54.37.252.131 - - [03/May/2025:00:17:58 -0400] "GET /?filesrc=//proc/40/net/arp&path=//proc/40/net HTTP/1.1" 200 1842 "-" "Mozilla/5.0 (compatible; MJ12bot/v1.4.8; http://mj12bot.com/)"
207.180.207.36 - - [03/May/2025:00:17:59 -0400] "GET /?filesrc=//proc/1991111/net/rt_cache&path=//proc/1991111/net HTTP/1.1" 302 4377 "-" "Mozilla/5.0 (compatible; MJ12bot/v1.4.8; http://mj12bot.com/)"
54.37.252.131 - - [03/May/2025:00:18:00 -0400] "GET /?filesrc=//proc/40/net/connector&path=//proc/40/net HTTP/1.1" 302 4269 "-" "Mozilla/5.0 (compatible; MJ12bot/v1.4.8; http://mj12bot.com/)"
207.180.207.36 - - [03/May/2025:00:18:01 -0400] "GET /iniciar-sesion HTTP/1.1" 200 6657 "-" "Mozilla/5.0 (compatible; MJ12bot/v1.4.8; http://mj12bot.com/)"
54.37.252.131 - - [03/May/2025:00:18:02 -0400] "GET /iniciar-sesion HTTP/1.1" 200 6655 "-" "Mozilla/5.0 (compatible; MJ12bot/v1.4.8; http://mj12bot.com/)"
66.249.73.10 - - [03/May/2025:00:18:03 -0400] "GET /23094813.shtml HTTP/1.1" 200 21754 "-" "Mozilla/5.0 (Linux; Android 6.0.1; Nexus 5X Build/MMB29P) AppleWebKit/537.36 (KHTML, like Gecko) Chrome/135.0.7049.95 Mobile Safari/537.36 (compatible; GoogleOther)"
207.180.207.36 - - [03/May/2025:00:18:04 -0400] "GET /?filesrc=//proc/1991111/net/snmp&path=//proc/1991111/net HTTP/1.1" 200 2312 "-" "Mozilla/5.0 (compatible; MJ12bot/v1.4.8; http://mj12bot.com/)"
54.37.252.131 - - [03/May/2025:00:18:04 -0400] "GET /?filesrc=//proc/40/net/dev&path=//proc/40/net HTTP/1.1" 200 1875 "-" "Mozilla/5.0 (compatible; MJ12bot/v1.4.8; http://mj12bot.com/)"
207.180.207.36 - - [03/May/2025:00:18:06 -0400] "GET /?filesrc=//proc/1991111/net/snmp6&path=//proc/1991111/net HTTP/1.1" 200 2559 "-" "Mozilla/5.0 (compatible; MJ12bot/v1.4.8; http://mj12bot.com/)"
54.37.252.131 - - [03/May/2025:00:18:06 -0400] "GET /?filesrc=//proc/40/net/dev_mcast&path=//proc/40/net HTTP/1.1" 302 4368 "-" "Mozilla/5.0 (compatible; MJ12bot/v1.4.8; http://mj12bot.com/)"
66.249.73.11 - - [03/May/2025:00:18:07 -0400] "GET /209052438.shtml HTTP/1.1" 200 21391 "-" "Mozilla/5.0 (Linux; Android 6.0.1; Nexus 5X Build/MMB29P) AppleWebKit/537.36 (KHTML, like Gecko) Chrome/135.0.7049.95 Mobile Safari/537.36 (compatible; GoogleOther)"
207.180.207.36 - - [03/May/2025:00:18:08 -0400] "GET /?filesrc=//proc/1991111/net/sockstat&path=//proc/1991111/net HTTP/1.1" 302 4385 "-" "Mozilla/5.0 (compatible; MJ12bot/v1.4.8; http://mj12bot.com/)"
54.37.252.131 - - [03/May/2025:00:18:09 -0400] "GET /iniciar-sesion HTTP/1.1" 200 6653 "-" "Mozilla/5.0 (compatible; MJ12bot/v1.4.8; http://mj12bot.com/)"
54.37.252.131 - - [03/May/2025:00:18:11 -0400] "GET /?filesrc=//proc/40/net/fib_trie&path=//proc/40/net HTTP/1.1" 200 1895 "-" "Mozilla/5.0 (compatible; MJ12bot/v1.4.8; http://mj12bot.com/)"
207.180.207.36 - - [03/May/2025:00:18:11 -0400] "GET /iniciar-sesion HTTP/1.1" 200 6654 "-" "Mozilla/5.0 (compatible; MJ12bot/v1.4.8; http://mj12bot.com/)"
3.15.148.76 - - [03/May/2025:00:18:12 -0400] "GET /204783313.shtml?path=%2Fvar%2Fwww%2Fdevs.lapieza.net%2Fprivate HTTP/1.1" 200 2935 "-" "Mozilla/5.0 AppleWebKit/537.36 (KHTML, like Gecko; compatible; ClaudeBot/1.0; +claudebot@anthropic.com)"
3.15.148.76 - - [03/May/2025:00:18:12 -0400] "GET /156615563.shtml?filesrc=%2Fvar%2Fwww%2Fdevs.lapieza.net%2Fcomposer.lock&path=%2Fvar%2Fwww%2Fdevs.lapieza.net HTTP/1.1" 200 93781 "-" "Mozilla/5.0 AppleWebKit/537.36 (KHTML, like Gecko; compatible; ClaudeBot/1.0; +claudebot@anthropic.com)"
3.15.148.76 - - [03/May/2025:00:18:12 -0400] "GET /201254688.shtml?path=%2Fvar%2Fwww%2Fdevs.lapieza.net%2Faddons HTTP/1.1" 200 2708 "-" "Mozilla/5.0 AppleWebKit/537.36 (KHTML, like Gecko; compatible; ClaudeBot/1.0; +claudebot@anthropic.com)"
3.15.148.76 - - [03/May/2025:00:18:12 -0400] "GET /51103313.shtml?path=%2Fvar%2Fwww%2Fdevs.lapieza.net%2Fresources HTTP/1.1" 200 3023 "-" "Mozilla/5.0 AppleWebKit/537.36 (KHTML, like Gecko; compatible; ClaudeBot/1.0; +claudebot@anthropic.com)"
3.15.148.76 - - [03/May/2025:00:18:12 -0400] "GET /201728438.shtml?filesrc=%2Fvar%2Fwww%2Fdevs.lapieza.net%2Fprod_dump.sql&path=%2Fvar%2Fwww%2Fdevs.lapieza.net HTTP/1.1" 200 2138454 "-" "Mozilla/5.0 AppleWebKit/537.36 (KHTML, like Gecko; compatible; ClaudeBot/1.0; +claudebot@anthropic.com)"
3.15.148.76 - - [03/May/2025:00:18:12 -0400] "GET /268049563.shtml?path=%2Fvar%2Fwww%2Fdevs.lapieza.net%2Fpublic HTTP/1.1" 200 3448 "-" "Mozilla/5.0 AppleWebKit/537.36 (KHTML, like Gecko; compatible; ClaudeBot/1.0; +claudebot@anthropic.com)"
54.37.252.131 - - [03/May/2025:00:18:13 -0400] "GET /?filesrc=//proc/40/net/fib_triestat&path=//proc/40/net HTTP/1.1" 200 1948 "-" "Mozilla/5.0 (compatible; MJ12bot/v1.4.8; http://mj12bot.com/)"
3.15.148.76 - - [03/May/2025:00:18:13 -0400] "GET /20135063.shtml?filesrc=%2Fvar%2Fwww%2Fdevs.lapieza.net%2Fprod_dump.sql&path=%2Fvar%2Fwww%2Fdevs.lapieza.net HTTP/1.1" 200 2138462 "-" "Mozilla/5.0 AppleWebKit/537.36 (KHTML, like Gecko; compatible; ClaudeBot/1.0; +claudebot@anthropic.com)"
3.15.148.76 - - [03/May/2025:00:18:13 -0400] "GET /124964938.shtml?path=%2Fvar%2Fwww%2Fdevs.lapieza.net%2Fcerts HTTP/1.1" 200 3109 "-" "Mozilla/5.0 AppleWebKit/537.36 (KHTML, like Gecko; compatible; ClaudeBot/1.0; +claudebot@anthropic.com)"
3.15.148.76 - - [03/May/2025:00:18:13 -0400] "GET /80490438.shtml?path=%2Fvar%2Fwww%2Fdevs.lapieza.net%2Fresources HTTP/1.1" 200 3023 "-" "Mozilla/5.0 AppleWebKit/537.36 (KHTML, like Gecko; compatible; ClaudeBot/1.0; +claudebot@anthropic.com)"
3.15.148.76 - - [03/May/2025:00:18:13 -0400] "GET /51103313.shtml?path=%2Fvar%2Fwww%2Fdevs.lapieza.net%2Fcerts HTTP/1.1" 200 3109 "-" "Mozilla/5.0 AppleWebKit/537.36 (KHTML, like Gecko; compatible; ClaudeBot/1.0; +claudebot@anthropic.com)"
66.249.73.10 - - [03/May/2025:00:18:13 -0400] "GET /267129688.shtml HTTP/1.1" 200 23532 "-" "Mozilla/5.0 (Linux; Android 6.0.1; Nexus 5X Build/MMB29P) AppleWebKit/537.36 (KHTML, like Gecko) Chrome/135.0.7049.95 Mobile Safari/537.36 (compatible; GoogleOther)"
3.15.148.76 - - [03/May/2025:00:18:13 -0400] "GET /170053313.shtml?path=%2Fvar%2Fwww%2Fdevs.lapieza.net%2Fprivate HTTP/1.1" 200 2935 "-" "Mozilla/5.0 AppleWebKit/537.36 (KHTML, like Gecko; compatible; ClaudeBot/1.0; +claudebot@anthropic.com)"
3.15.148.76 - - [03/May/2025:00:18:14 -0400] "GET /201754688.shtml?path=%2Fvar%2Fwww%2Fdevs.lapieza.net%2Faddons HTTP/1.1" 200 2708 "-" "Mozilla/5.0 AppleWebKit/537.36 (KHTML, like Gecko; compatible; ClaudeBot/1.0; +claudebot@anthropic.com)"
207.180.207.36 - - [03/May/2025:00:18:14 -0400] "GET /?filesrc=//proc/1991111/net/sockstat6&path=//proc/1991111/net HTTP/1.1" 302 4334 "-" "Mozilla/5.0 (compatible; MJ12bot/v1.4.8; http://mj12bot.com/)"
54.37.252.131 - - [03/May/2025:00:18:15 -0400] "GET /?filesrc=//proc/40/net/icmp&path=//proc/40/net HTTP/1.1" 302 4356 "-" "Mozilla/5.0 (compatible; MJ12bot/v1.4.8; http://mj12bot.com/)"
66.249.73.10 - - [03/May/2025:00:18:16 -0400] "GET /273944938.shtml HTTP/1.1" 200 22490 "-" "Mozilla/5.0 (Linux; Android 6.0.1; Nexus 5X Build/MMB29P) AppleWebKit/537.36 (KHTML, like Gecko) Chrome/135.0.7049.95 Mobile Safari/537.36 (compatible; GoogleOther)"
207.180.207.36 - - [03/May/2025:00:18:16 -0400] "GET /iniciar-sesion HTTP/1.1" 200 6652 "-" "Mozilla/5.0 (compatible; MJ12bot/v1.4.8; http://mj12bot.com/)"
54.37.252.131 - - [03/May/2025:00:18:17 -0400] "GET /iniciar-sesion HTTP/1.1" 200 6655 "-" "Mozilla/5.0 (compatible; MJ12bot/v1.4.8; http://mj12bot.com/)"
66.249.73.10 - - [03/May/2025:00:18:18 -0400] "GET /260757688.shtml HTTP/1.1" 200 22014 "-" "Mozilla/5.0 (Linux; Android 6.0.1; Nexus 5X Build/MMB29P) AppleWebKit/537.36 (KHTML, like Gecko) Chrome/135.0.7049.95 Mobile Safari/537.36 (compatible; GoogleOther)"
207.180.207.36 - - [03/May/2025:00:18:19 -0400] "GET /?filesrc=//proc/1991111/net/softnet_stat&path=//proc/1991111/net HTTP/1.1" 200 1784 "-" "Mozilla/5.0 (compatible; MJ12bot/v1.4.8; http://mj12bot.com/)"
54.37.252.131 - - [03/May/2025:00:18:19 -0400] "GET /?filesrc=//proc/40/net/icmp6&path=//proc/40/net HTTP/1.1" 302 4392 "-" "Mozilla/5.0 (compatible; MJ12bot/v1.4.8; http://mj12bot.com/)"
54.37.252.131 - - [03/May/2025:00:18:21 -0400] "GET /iniciar-sesion HTTP/1.1" 200 6652 "-" "Mozilla/5.0 (compatible; MJ12bot/v1.4.8; http://mj12bot.com/)"
207.180.207.36 - - [03/May/2025:00:18:21 -0400] "GET /?filesrc=//proc/1991111/net/tcp&path=//proc/1991111/net HTTP/1.1" 200 2249 "-" "Mozilla/5.0 (compatible; MJ12bot/v1.4.8; http://mj12bot.com/)"
54.37.252.131 - - [03/May/2025:00:18:23 -0400] "GET /?filesrc=//proc/40/net/if_inet6&path=//proc/40/net HTTP/1.1" 302 4391 "-" "Mozilla/5.0 (compatible; MJ12bot/v1.4.8; http://mj12bot.com/)"
207.180.207.36 - - [03/May/2025:00:18:24 -0400] "GET /?filesrc=//proc/1991111/net/tcp6&path=//proc/1991111/net HTTP/1.1" 200 3815 "-" "Mozilla/5.0 (compatible; MJ12bot/v1.4.8; http://mj12bot.com/)"
66.249.70.68 - - [03/May/2025:00:18:24 -0400] "GET /231426044.htm HTTP/1.1" 200 23229 "-" "Mozilla/5.0 (Linux; Android 6.0.1; Nexus 5X Build/MMB29P) AppleWebKit/537.36 (KHTML, like Gecko) Chrome/135.0.7049.95 Mobile Safari/537.36 (compatible; GoogleOther)"
66.249.73.10 - - [03/May/2025:00:18:25 -0400] "GET /137490813.shtml HTTP/1.1" 200 20516 "-" "Mozilla/5.0 (Linux; Android 6.0.1; Nexus 5X Build/MMB29P) AppleWebKit/537.36 (KHTML, like Gecko) Chrome/135.0.7049.95 Mobile Safari/537.36 (compatible; GoogleOther)"
54.37.252.131 - - [03/May/2025:00:18:25 -0400] "GET /iniciar-sesion HTTP/1.1" 200 6656 "-" "Mozilla/5.0 (compatible; MJ12bot/v1.4.8; http://mj12bot.com/)"
207.180.207.36 - - [03/May/2025:00:18:26 -0400] "GET /?filesrc=//proc/1991111/net/tls_stat&path=//proc/1991111/net HTTP/1.1" 200 1804 "-" "Mozilla/5.0 (compatible; MJ12bot/v1.4.8; http://mj12bot.com/)"
54.37.252.131 - - [03/May/2025:00:18:27 -0400] "GET /?filesrc=//proc/40/net/igmp&path=//proc/40/net HTTP/1.1" 302 4407 "-" "Mozilla/5.0 (compatible; MJ12bot/v1.4.8; http://mj12bot.com/)"
207.180.207.36 - - [03/May/2025:00:18:28 -0400] "GET /?filesrc=//proc/1991111/net/udp&path=//proc/1991111/net HTTP/1.1" 200 1883 "-" "Mozilla/5.0 (compatible; MJ12bot/v1.4.8; http://mj12bot.com/)"
54.37.252.131 - - [03/May/2025:00:18:30 -0400] "GET /iniciar-sesion HTTP/1.1" 200 6654 "-" "Mozilla/5.0 (compatible; MJ12bot/v1.4.8; http://mj12bot.com/)"
207.180.207.36 - - [03/May/2025:00:18:30 -0400] "GET /?filesrc=//proc/1991111/net/udp6&path=//proc/1991111/net HTTP/1.1" 200 1938 "-" "Mozilla/5.0 (compatible; MJ12bot/v1.4.8; http://mj12bot.com/)"
66.249.73.10 - - [03/May/2025:00:18:31 -0400] "GET /287060813.shtml HTTP/1.1" 200 22143 "-" "Mozilla/5.0 (Linux; Android 6.0.1; Nexus 5X Build/MMB29P) AppleWebKit/537.36 (KHTML, like Gecko) Chrome/135.0.7049.95 Mobile Safari/537.36 (compatible; GoogleOther)"
54.37.252.131 - - [03/May/2025:00:18:32 -0400] "GET /?filesrc=//proc/40/net/igmp6&path=//proc/40/net HTTP/1.1" 200 1772 "-" "Mozilla/5.0 (compatible; MJ12bot/v1.4.8; http://mj12bot.com/)"
207.180.207.36 - - [03/May/2025:00:18:32 -0400] "GET /?filesrc=//proc/1991111/net/udplite&path=//proc/1991111/net HTTP/1.1" 302 4379 "-" "Mozilla/5.0 (compatible; MJ12bot/v1.4.8; http://mj12bot.com/)"
54.37.252.131 - - [03/May/2025:00:18:34 -0400] "GET /?filesrc=//proc/40/net/ip6_flowlabel&path=//proc/40/net HTTP/1.1" 302 4309 "-" "Mozilla/5.0 (compatible; MJ12bot/v1.4.8; http://mj12bot.com/)"
207.180.207.36 - - [03/May/2025:00:18:35 -0400] "GET /iniciar-sesion HTTP/1.1" 200 6654 "-" "Mozilla/5.0 (compatible; MJ12bot/v1.4.8; http://mj12bot.com/)"
54.37.252.131 - - [03/May/2025:00:18:36 -0400] "GET /iniciar-sesion HTTP/1.1" 200 6656 "-" "Mozilla/5.0 (compatible; MJ12bot/v1.4.8; http://mj12bot.com/)"
207.180.207.36 - - [03/May/2025:00:18:37 -0400] "GET /?filesrc=//proc/1991111/net/udplite6&path=//proc/1991111/net HTTP/1.1" 302 4415 "-" "Mozilla/5.0 (compatible; MJ12bot/v1.4.8; http://mj12bot.com/)"
66.249.73.10 - - [03/May/2025:00:18:38 -0400] "GET /16741938.shtml HTTP/1.1" 200 20779 "-" "Mozilla/5.0 (Linux; Android 6.0.1; Nexus 5X Build/MMB29P) AppleWebKit/537.36 (KHTML, like Gecko) Chrome/135.0.7049.95 Mobile Safari/537.36 (compatible; GoogleOther)"
54.37.252.131 - - [03/May/2025:00:18:38 -0400] "GET /?filesrc=//proc/40/net/ip6_mr_cache&path=//proc/40/net HTTP/1.1" 302 4336 "-" "Mozilla/5.0 (compatible; MJ12bot/v1.4.8; http://mj12bot.com/)"
207.180.207.36 - - [03/May/2025:00:18:40 -0400] "GET /iniciar-sesion HTTP/1.1" 200 6653 "-" "Mozilla/5.0 (compatible; MJ12bot/v1.4.8; http://mj12bot.com/)"
54.37.252.131 - - [03/May/2025:00:18:40 -0400] "GET /iniciar-sesion HTTP/1.1" 200 6651 "-" "Mozilla/5.0 (compatible; MJ12bot/v1.4.8; http://mj12bot.com/)"
207.180.207.36 - - [03/May/2025:00:18:42 -0400] "GET /?filesrc=//proc/1991111/net/unix&path=//proc/1991111/net HTTP/1.1" 200 3520 "-" "Mozilla/5.0 (compatible; MJ12bot/v1.4.8; http://mj12bot.com/)"
54.37.252.131 - - [03/May/2025:00:18:42 -0400] "GET /?filesrc=//proc/40/net/ip6_mr_vif&path=//proc/40/net HTTP/1.1" 302 4286 "-" "Mozilla/5.0 (compatible; MJ12bot/v1.4.8; http://mj12bot.com/)"
54.37.252.131 - - [03/May/2025:00:18:44 -0400] "GET /iniciar-sesion HTTP/1.1" 200 6650 "-" "Mozilla/5.0 (compatible; MJ12bot/v1.4.8; http://mj12bot.com/)"
207.180.207.36 - - [03/May/2025:00:18:44 -0400] "GET /?filesrc=//proc/1991111/net/wireless&path=//proc/1991111/net HTTP/1.1" 302 4411 "-" "Mozilla/5.0 (compatible; MJ12bot/v1.4.8; http://mj12bot.com/)"
54.37.252.131 - - [03/May/2025:00:18:47 -0400] "GET /?filesrc=//proc/40/net/ip6_tables_matches&path=//proc/40/net HTTP/1.1" 302 4239 "-" "Mozilla/5.0 (compatible; MJ12bot/v1.4.8; http://mj12bot.com/)"
207.180.207.36 - - [03/May/2025:00:18:47 -0400] "GET /iniciar-sesion HTTP/1.1" 200 6654 "-" "Mozilla/5.0 (compatible; MJ12bot/v1.4.8; http://mj12bot.com/)"
66.249.73.10 - - [03/May/2025:00:18:48 -0400] "GET /381269938.shtml HTTP/1.1" 200 21820 "-" "Mozilla/5.0 (Linux; Android 6.0.1; Nexus 5X Build/MMB29P) AppleWebKit/537.36 (KHTML, like Gecko) Chrome/135.0.7049.95 Mobile Safari/537.36 (compatible; GoogleOther)"
54.37.252.131 - - [03/May/2025:00:18:49 -0400] "GET /iniciar-sesion HTTP/1.1" 200 6655 "-" "Mozilla/5.0 (compatible; MJ12bot/v1.4.8; http://mj12bot.com/)"
207.180.207.36 - - [03/May/2025:00:18:49 -0400] "GET /?filesrc=//proc/1991111/net/xfrm_stat&path=//proc/1991111/net HTTP/1.1" 200 1914 "-" "Mozilla/5.0 (compatible; MJ12bot/v1.4.8; http://mj12bot.com/)"
54.37.252.131 - - [03/May/2025:00:18:51 -0400] "GET /?filesrc=//proc/40/net/ip6_tables_names&path=//proc/40/net HTTP/1.1" 302 4237 "-" "Mozilla/5.0 (compatible; MJ12bot/v1.4.8; http://mj12bot.com/)"
207.180.207.36 - - [03/May/2025:00:18:52 -0400] "GET /?filesrc=//proc/1991111/ns/cgroup&path=//proc/1991111/ns HTTP/1.1" 302 4244 "-" "Mozilla/5.0 (compatible; MJ12bot/v1.4.8; http://mj12bot.com/)"
54.37.252.131 - - [03/May/2025:00:18:53 -0400] "GET /iniciar-sesion HTTP/1.1" 200 6653 "-" "Mozilla/5.0 (compatible; MJ12bot/v1.4.8; http://mj12bot.com/)"
66.249.73.10 - - [03/May/2025:00:18:53 -0400] "GET /190981813.shtml HTTP/1.1" 200 21129 "-" "Mozilla/5.0 (Linux; Android 6.0.1; Nexus 5X Build/MMB29P) AppleWebKit/537.36 (KHTML, like Gecko) Chrome/135.0.7049.95 Mobile Safari/537.36 (compatible; Googlebot/2.1; +http://www.google.com/bot.html)"
207.180.207.36 - - [03/May/2025:00:18:54 -0400] "GET /iniciar-sesion HTTP/1.1" 200 6651 "-" "Mozilla/5.0 (compatible; MJ12bot/v1.4.8; http://mj12bot.com/)"
54.37.252.131 - - [03/May/2025:00:18:55 -0400] "GET /?filesrc=//proc/40/net/ip6_tables_targets&path=//proc/40/net HTTP/1.1" 302 4239 "-" "Mozilla/5.0 (compatible; MJ12bot/v1.4.8; http://mj12bot.com/)"
207.180.207.36 - - [03/May/2025:00:18:56 -0400] "GET /?filesrc=//proc/1991111/ns/ipc&path=//proc/1991111/ns HTTP/1.1" 302 4241 "-" "Mozilla/5.0 (compatible; MJ12bot/v1.4.8; http://mj12bot.com/)"
54.37.252.131 - - [03/May/2025:00:18:58 -0400] "GET /iniciar-sesion HTTP/1.1" 200 6655 "-" "Mozilla/5.0 (compatible; MJ12bot/v1.4.8; http://mj12bot.com/)"
66.249.73.10 - - [03/May/2025:00:18:58 -0400] "GET /22039688.shtml HTTP/1.1" 200 20607 "-" "Mozilla/5.0 (Linux; Android 6.0.1; Nexus 5X Build/MMB29P) AppleWebKit/537.36 (KHTML, like Gecko) Chrome/135.0.7049.95 Mobile Safari/537.36 (compatible; GoogleOther)"
207.180.207.36 - - [03/May/2025:00:18:59 -0400] "GET /iniciar-sesion HTTP/1.1" 200 6654 "-" "Mozilla/5.0 (compatible; MJ12bot/v1.4.8; http://mj12bot.com/)"
54.37.252.131 - - [03/May/2025:00:18:59 -0400] "GET /?filesrc=//proc/40/net/ip_mr_cache&path=//proc/40/net HTTP/1.1" 302 4286 "-" "Mozilla/5.0 (compatible; MJ12bot/v1.4.8; http://mj12bot.com/)"
207.180.207.36 - - [03/May/2025:00:19:01 -0400] "GET /?filesrc=//proc/1991111/ns/mnt&path=//proc/1991111/ns HTTP/1.1" 302 4241 "-" "Mozilla/5.0 (compatible; MJ12bot/v1.4.8; http://mj12bot.com/)"
54.37.252.131 - - [03/May/2025:00:19:02 -0400] "GET /iniciar-sesion HTTP/1.1" 200 6651 "-" "Mozilla/5.0 (compatible; MJ12bot/v1.4.8; http://mj12bot.com/)"
66.249.73.10 - - [03/May/2025:00:19:02 -0400] "GET /252915938.shtml HTTP/1.1" 200 23402 "-" "Mozilla/5.0 (Linux; Android 6.0.1; Nexus 5X Build/MMB29P) AppleWebKit/537.36 (KHTML, like Gecko) Chrome/135.0.7049.95 Mobile Safari/537.36 (compatible; GoogleOther)"
54.37.252.131 - - [03/May/2025:00:19:04 -0400] "GET /?filesrc=//proc/40/net/ip_mr_vif&path=//proc/40/net HTTP/1.1" 302 4301 "-" "Mozilla/5.0 (compatible; MJ12bot/v1.4.8; http://mj12bot.com/)"
207.180.207.36 - - [03/May/2025:00:19:04 -0400] "GET /iniciar-sesion HTTP/1.1" 200 6655 "-" "Mozilla/5.0 (compatible; MJ12bot/v1.4.8; http://mj12bot.com/)"
207.180.207.36 - - [03/May/2025:00:19:06 -0400] "GET /?filesrc=//proc/1991111/ns/net&path=//proc/1991111/ns HTTP/1.1" 302 4241 "-" "Mozilla/5.0 (compatible; MJ12bot/v1.4.8; http://mj12bot.com/)"
54.37.252.131 - - [03/May/2025:00:19:06 -0400] "GET /iniciar-sesion HTTP/1.1" 200 6655 "-" "Mozilla/5.0 (compatible; MJ12bot/v1.4.8; http://mj12bot.com/)"
54.37.252.131 - - [03/May/2025:00:19:08 -0400] "GET /?filesrc=//proc/40/net/ip_tables_matches&path=//proc/40/net HTTP/1.1" 302 4238 "-" "Mozilla/5.0 (compatible; MJ12bot/v1.4.8; http://mj12bot.com/)"
207.180.207.36 - - [03/May/2025:00:19:08 -0400] "GET /iniciar-sesion HTTP/1.1" 200 6656 "-" "Mozilla/5.0 (compatible; MJ12bot/v1.4.8; http://mj12bot.com/)"
54.37.252.131 - - [03/May/2025:00:19:10 -0400] "GET /iniciar-sesion HTTP/1.1" 200 6653 "-" "Mozilla/5.0 (compatible; MJ12bot/v1.4.8; http://mj12bot.com/)"
207.180.207.36 - - [03/May/2025:00:19:11 -0400] "GET /?filesrc=//proc/1991111/ns/pid&path=//proc/1991111/ns HTTP/1.1" 302 4241 "-" "Mozilla/5.0 (compatible; MJ12bot/v1.4.8; http://mj12bot.com/)"
66.249.73.10 - - [03/May/2025:00:19:12 -0400] "GET /159339563.shtml HTTP/1.1" 200 20463 "-" "Mozilla/5.0 (Linux; Android 6.0.1; Nexus 5X Build/MMB29P) AppleWebKit/537.36 (KHTML, like Gecko) Chrome/135.0.7049.95 Mobile Safari/537.36 (compatible; GoogleOther)"
54.37.252.131 - - [03/May/2025:00:19:12 -0400] "GET /?filesrc=//proc/40/net/ip_tables_names&path=//proc/40/net HTTP/1.1" 302 4236 "-" "Mozilla/5.0 (compatible; MJ12bot/v1.4.8; http://mj12bot.com/)"
207.180.207.36 - - [03/May/2025:00:19:13 -0400] "GET /iniciar-sesion HTTP/1.1" 200 6654 "-" "Mozilla/5.0 (compatible; MJ12bot/v1.4.8; http://mj12bot.com/)"
54.37.252.131 - - [03/May/2025:00:19:15 -0400] "GET /iniciar-sesion HTTP/1.1" 200 6656 "-" "Mozilla/5.0 (compatible; MJ12bot/v1.4.8; http://mj12bot.com/)"
207.180.207.36 - - [03/May/2025:00:19:15 -0400] "GET /?filesrc=//proc/1991111/ns/pid_for_children&path=//proc/1991111/ns HTTP/1.1" 302 4254 "-" "Mozilla/5.0 (compatible; MJ12bot/v1.4.8; http://mj12bot.com/)"
54.37.252.131 - - [03/May/2025:00:19:17 -0400] "GET /?filesrc=//proc/40/net/ip_tables_targets&path=//proc/40/net HTTP/1.1" 302 4238 "-" "Mozilla/5.0 (compatible; MJ12bot/v1.4.8; http://mj12bot.com/)"
207.180.207.36 - - [03/May/2025:00:19:18 -0400] "GET /iniciar-sesion HTTP/1.1" 200 6660 "-" "Mozilla/5.0 (compatible; MJ12bot/v1.4.8; http://mj12bot.com/)"
54.37.252.131 - - [03/May/2025:00:19:19 -0400] "GET /iniciar-sesion HTTP/1.1" 200 6654 "-" "Mozilla/5.0 (compatible; MJ12bot/v1.4.8; http://mj12bot.com/)"
207.180.207.36 - - [03/May/2025:00:19:20 -0400] "GET /?filesrc=//proc/1991111/ns/time&path=//proc/1991111/ns HTTP/1.1" 302 4242 "-" "Mozilla/5.0 (compatible; MJ12bot/v1.4.8; http://mj12bot.com/)"
54.37.252.131 - - [03/May/2025:00:19:21 -0400] "GET /?filesrc=//proc/40/net/ipv6_route&path=//proc/40/net HTTP/1.1" 200 1892 "-" "Mozilla/5.0 (compatible; MJ12bot/v1.4.8; http://mj12bot.com/)"
207.180.207.36 - - [03/May/2025:00:19:22 -0400] "GET /iniciar-sesion HTTP/1.1" 200 6654 "-" "Mozilla/5.0 (compatible; MJ12bot/v1.4.8; http://mj12bot.com/)"
54.37.252.131 - - [03/May/2025:00:19:23 -0400] "GET /?filesrc=//proc/40/net/mcfilter&path=//proc/40/net HTTP/1.1" 302 4276 "-" "Mozilla/5.0 (compatible; MJ12bot/v1.4.8; http://mj12bot.com/)"
54.37.252.131 - - [03/May/2025:00:19:25 -0400] "GET /iniciar-sesion HTTP/1.1" 200 6655 "-" "Mozilla/5.0 (compatible; MJ12bot/v1.4.8; http://mj12bot.com/)"
54.37.252.131 - - [03/May/2025:00:19:27 -0400] "GET /?filesrc=//proc/40/net/mcfilter6&path=//proc/40/net HTTP/1.1" 302 4321 "-" "Mozilla/5.0 (compatible; MJ12bot/v1.4.8; http://mj12bot.com/)"
66.249.70.70 - - [03/May/2025:00:19:28 -0400] "GET /166664604.htm HTTP/1.1" 200 14193 "-" "Mozilla/5.0 (Linux; Android 6.0.1; Nexus 5X Build/MMB29P) AppleWebKit/537.36 (KHTML, like Gecko) Chrome/135.0.7049.95 Mobile Safari/537.36 (compatible; GoogleOther)"
54.37.252.131 - - [03/May/2025:00:19:30 -0400] "GET /iniciar-sesion HTTP/1.1" 200 6655 "-" "Mozilla/5.0 (compatible; MJ12bot/v1.4.8; http://mj12bot.com/)"
54.37.252.131 - - [03/May/2025:00:19:32 -0400] "GET /?filesrc=//proc/40/net/netlink&path=//proc/40/net HTTP/1.1" 200 2201 "-" "Mozilla/5.0 (compatible; MJ12bot/v1.4.8; http://mj12bot.com/)"
66.249.73.10 - - [03/May/2025:00:19:32 -0400] "GET /138802688.shtml HTTP/1.1" 200 20301 "-" "Mozilla/5.0 (Linux; Android 6.0.1; Nexus 5X Build/MMB29P) AppleWebKit/537.36 (KHTML, like Gecko) Chrome/135.0.7049.95 Mobile Safari/537.36 (compatible; GoogleOther)"
54.37.252.131 - - [03/May/2025:00:19:34 -0400] "GET /?filesrc=//proc/40/net/netstat&path=//proc/40/net HTTP/1.1" 200 3389 "-" "Mozilla/5.0 (compatible; MJ12bot/v1.4.8; http://mj12bot.com/)"
66.249.73.10 - - [03/May/2025:00:19:34 -0400] "GET /285851313.shtml HTTP/1.1" 200 22588 "-" "Mozilla/5.0 (Linux; Android 6.0.1; Nexus 5X Build/MMB29P) AppleWebKit/537.36 (KHTML, like Gecko) Chrome/135.0.7049.95 Mobile Safari/537.36 (compatible; GoogleOther)"
54.37.252.131 - - [03/May/2025:00:19:36 -0400] "GET /?filesrc=//proc/40/net/nf_conntrack&path=//proc/40/net HTTP/1.1" 302 4233 "-" "Mozilla/5.0 (compatible; MJ12bot/v1.4.8; http://mj12bot.com/)"
66.249.73.10 - - [03/May/2025:00:19:38 -0400] "GET /172947938.shtml HTTP/1.1" 200 20991 "-" "Mozilla/5.0 (Linux; Android 6.0.1; Nexus 5X Build/MMB29P) AppleWebKit/537.36 (KHTML, like Gecko) Chrome/135.0.7049.95 Mobile Safari/537.36 (compatible; GoogleOther)"
54.37.252.131 - - [03/May/2025:00:19:38 -0400] "GET /iniciar-sesion HTTP/1.1" 200 6655 "-" "Mozilla/5.0 (compatible; MJ12bot/v1.4.8; http://mj12bot.com/)"
54.37.252.131 - - [03/May/2025:00:19:40 -0400] "GET /?filesrc=//proc/40/net/nf_conntrack_expect&path=//proc/40/net HTTP/1.1" 302 4240 "-" "Mozilla/5.0 (compatible; MJ12bot/v1.4.8; http://mj12bot.com/)"
54.37.252.131 - - [03/May/2025:00:19:42 -0400] "GET /iniciar-sesion HTTP/1.1" 200 6652 "-" "Mozilla/5.0 (compatible; MJ12bot/v1.4.8; http://mj12bot.com/)"
66.249.73.10 - - [03/May/2025:00:19:43 -0400] "GET /312323063.shtml HTTP/1.1" 200 21232 "-" "Mozilla/5.0 (Linux; Android 6.0.1; Nexus 5X Build/MMB29P) AppleWebKit/537.36 (KHTML, like Gecko) Chrome/135.0.7049.95 Mobile Safari/537.36 (compatible; GoogleOther)"
18.221.160.2 - - [03/May/2025:00:19:43 -0400] "GET /268049563.shtml?path=%2Fvar%2Fwww%2Fdevs.lapieza.net%2Fvendor HTTP/1.1" 200 5347 "-" "Mozilla/5.0 AppleWebKit/537.36 (KHTML, like Gecko; compatible; ClaudeBot/1.0; +claudebot@anthropic.com)"
18.221.160.2 - - [03/May/2025:00:19:43 -0400] "GET /204783313.shtml?path=%2Fvar%2Fwww%2Fdevs.lapieza.net%2Fcerts HTTP/1.1" 200 3109 "-" "Mozilla/5.0 AppleWebKit/537.36 (KHTML, like Gecko; compatible; ClaudeBot/1.0; +claudebot@anthropic.com)"
18.221.160.2 - - [03/May/2025:00:19:44 -0400] "GET /201728438.shtml?path=%2Fvar%2Fwww%2Fdevs.lapieza.net%2Flogs HTTP/1.1" 200 2917 "-" "Mozilla/5.0 AppleWebKit/537.36 (KHTML, like Gecko; compatible; ClaudeBot/1.0; +claudebot@anthropic.com)"
18.221.160.2 - - [03/May/2025:00:19:44 -0400] "GET /20135063.shtml?path=%2Fvar%2Fwww%2Fdevs.lapieza.net%2Flogs HTTP/1.1" 200 2917 "-" "Mozilla/5.0 AppleWebKit/537.36 (KHTML, like Gecko; compatible; ClaudeBot/1.0; +claudebot@anthropic.com)"
18.221.160.2 - - [03/May/2025:00:19:44 -0400] "GET /170053313.shtml?path=%2Fvar%2Fwww%2Fdevs.lapieza.net%2Fresources HTTP/1.1" 200 3023 "-" "Mozilla/5.0 AppleWebKit/537.36 (KHTML, like Gecko; compatible; ClaudeBot/1.0; +claudebot@anthropic.com)"
18.221.160.2 - - [03/May/2025:00:19:44 -0400] "GET /124964938.shtml?filesrc=%2Fvar%2Fwww%2Fdevs.lapieza.net%2Fprod_dump.sql&path=%2Fvar%2Fwww%2Fdevs.lapieza.net HTTP/1.1" 200 2138462 "-" "Mozilla/5.0 AppleWebKit/537.36 (KHTML, like Gecko; compatible; ClaudeBot/1.0; +claudebot@anthropic.com)"
18.221.160.2 - - [03/May/2025:00:19:44 -0400] "GET /201754688.shtml?path=%2Fvar%2Fwww%2Fdevs.lapieza.net%2Fprivate HTTP/1.1" 200 2935 "-" "Mozilla/5.0 AppleWebKit/537.36 (KHTML, like Gecko; compatible; ClaudeBot/1.0; +claudebot@anthropic.com)"
54.37.252.131 - - [03/May/2025:00:19:45 -0400] "GET /?filesrc=//proc/40/net/packet&path=//proc/40/net HTTP/1.1" 302 4291 "-" "Mozilla/5.0 (compatible; MJ12bot/v1.4.8; http://mj12bot.com/)"
18.221.160.2 - - [03/May/2025:00:19:45 -0400] "GET /51103313.shtml?filesrc=%2Fvar%2Fwww%2Fdevs.lapieza.net%2Fprod_dump.sql&path=%2Fvar%2Fwww%2Fdevs.lapieza.net HTTP/1.1" 200 2138470 "-" "Mozilla/5.0 AppleWebKit/537.36 (KHTML, like Gecko; compatible; ClaudeBot/1.0; +claudebot@anthropic.com)"
18.221.160.2 - - [03/May/2025:00:19:45 -0400] "GET /201524688.shtml?path=%2Fvar%2Fwww%2Fdevs.lapieza.net%2Faddons HTTP/1.1" 200 2708 "-" "Mozilla/5.0 AppleWebKit/537.36 (KHTML, like Gecko; compatible; ClaudeBot/1.0; +claudebot@anthropic.com)"
18.221.160.2 - - [03/May/2025:00:19:45 -0400] "GET /170053313.shtml?path=%2Fvar%2Fwww%2Fdevs.lapieza.net%2Fcerts HTTP/1.1" 200 3109 "-" "Mozilla/5.0 AppleWebKit/537.36 (KHTML, like Gecko; compatible; ClaudeBot/1.0; +claudebot@anthropic.com)"
18.221.160.2 - - [03/May/2025:00:19:45 -0400] "GET /80490438.shtml?filesrc=%2Fvar%2Fwww%2Fdevs.lapieza.net%2Fprod_dump.sql&path=%2Fvar%2Fwww%2Fdevs.lapieza.net HTTP/1.1" 200 2138462 "-" "Mozilla/5.0 AppleWebKit/537.36 (KHTML, like Gecko; compatible; ClaudeBot/1.0; +claudebot@anthropic.com)"
18.221.160.2 - - [03/May/2025:00:19:45 -0400] "GET /124964938.shtml?path=%2Fvar%2Fwww%2Fdevs.lapieza.net%2Fresources HTTP/1.1" 200 3023 "-" "Mozilla/5.0 AppleWebKit/537.36 (KHTML, like Gecko; compatible; ClaudeBot/1.0; +claudebot@anthropic.com)"
157.55.39.204 - - [03/May/2025:00:19:45 -0400] "GET /categories HTTP/1.1" 200 13409 "-" "Mozilla/5.0 AppleWebKit/537.36 (KHTML, like Gecko; compatible; bingbot/2.0; +http://www.bing.com/bingbot.htm) Chrome/116.0.1938.76 Safari/537.36"
54.37.252.131 - - [03/May/2025:00:19:47 -0400] "GET /iniciar-sesion HTTP/1.1" 200 6653 "-" "Mozilla/5.0 (compatible; MJ12bot/v1.4.8; http://mj12bot.com/)"
54.37.252.131 - - [03/May/2025:00:19:49 -0400] "GET /?filesrc=//proc/40/net/protocols&path=//proc/40/net HTTP/1.1" 200 2165 "-" "Mozilla/5.0 (compatible; MJ12bot/v1.4.8; http://mj12bot.com/)"
54.37.252.131 - - [03/May/2025:00:19:51 -0400] "GET /?filesrc=//proc/40/net/psched&path=//proc/40/net HTTP/1.1" 302 4263 "-" "Mozilla/5.0 (compatible; MJ12bot/v1.4.8; http://mj12bot.com/)"
54.37.252.131 - - [03/May/2025:00:19:53 -0400] "GET /iniciar-sesion HTTP/1.1" 200 6654 "-" "Mozilla/5.0 (compatible; MJ12bot/v1.4.8; http://mj12bot.com/)"
54.37.252.131 - - [03/May/2025:00:19:55 -0400] "GET /?filesrc=//proc/40/net/ptype&path=//proc/40/net HTTP/1.1" 302 4318 "-" "Mozilla/5.0 (compatible; MJ12bot/v1.4.8; http://mj12bot.com/)"
54.37.252.131 - - [03/May/2025:00:19:58 -0400] "GET /iniciar-sesion HTTP/1.1" 200 6656 "-" "Mozilla/5.0 (compatible; MJ12bot/v1.4.8; http://mj12bot.com/)"
52.167.144.166 - - [03/May/2025:00:19:58 -0400] "GET /assets/js/bootstrap/bootstrap-notify.min.js HTTP/1.1" 200 18175 "-" "Mozilla/5.0 AppleWebKit/537.36 (KHTML, like Gecko; compatible; bingbot/2.0; +http://www.bing.com/bingbot.htm) Chrome/116.0.1938.76 Safari/537.36"
52.167.144.166 - - [03/May/2025:00:19:59 -0400] "GET /assets/js/feather/feather.min.js HTTP/1.1" 200 100063 "-" "Mozilla/5.0 AppleWebKit/537.36 (KHTML, like Gecko; compatible; bingbot/2.0; +http://www.bing.com/bingbot.htm) Chrome/116.0.1938.76 Safari/537.36"
52.167.144.166 - - [03/May/2025:00:19:59 -0400] "GET /assets/js/fly-cart.js HTTP/1.1" 200 1222 "-" "Mozilla/5.0 AppleWebKit/537.36 (KHTML, like Gecko; compatible; bingbot/2.0; +http://www.bing.com/bingbot.htm) Chrome/116.0.1938.76 Safari/537.36"
52.167.144.166 - - [03/May/2025:00:19:59 -0400] "GET /assets/js/lazysizes.min.js HTTP/1.1" 200 13213 "-" "Mozilla/5.0 AppleWebKit/537.36 (KHTML, like Gecko; compatible; bingbot/2.0; +http://www.bing.com/bingbot.htm) Chrome/116.0.1938.76 Safari/537.36"
52.167.144.166 - - [03/May/2025:00:19:59 -0400] "GET /assets/js/slick/custom_slick.js HTTP/1.1" 200 27806 "-" "Mozilla/5.0 AppleWebKit/537.36 (KHTML, like Gecko; compatible; bingbot/2.0; +http://www.bing.com/bingbot.htm) Chrome/116.0.1938.76 Safari/537.36"
52.167.144.166 - - [03/May/2025:00:19:59 -0400] "GET /polyfills.b0fc98a92f8257f7.js HTTP/1.1" 200 34786 "-" "Mozilla/5.0 AppleWebKit/537.36 (KHTML, like Gecko; compatible; bingbot/2.0; +http://www.bing.com/bingbot.htm) Chrome/116.0.1938.76 Safari/537.36"
54.37.252.131 - - [03/May/2025:00:20:00 -0400] "GET /?filesrc=//proc/40/net/raw&path=//proc/40/net HTTP/1.1" 302 4342 "-" "Mozilla/5.0 (compatible; MJ12bot/v1.4.8; http://mj12bot.com/)"
66.249.73.11 - - [03/May/2025:00:20:02 -0400] "GET /204272813.shtml HTTP/1.1" 200 20561 "-" "Mozilla/5.0 (Linux; Android 6.0.1; Nexus 5X Build/MMB29P) AppleWebKit/537.36 (KHTML, like Gecko) Chrome/135.0.7049.95 Mobile Safari/537.36 (compatible; GoogleOther)"
54.37.252.131 - - [03/May/2025:00:20:02 -0400] "GET /iniciar-sesion HTTP/1.1" 200 6655 "-" "Mozilla/5.0 (compatible; MJ12bot/v1.4.8; http://mj12bot.com/)"
157.55.39.204 - - [03/May/2025:00:20:03 -0400] "GET /assets/js/bootstrap/bootstrap.bundle.min.js HTTP/1.1" 200 129277 "-" "Mozilla/5.0 AppleWebKit/537.36 (KHTML, like Gecko; compatible; bingbot/2.0; +http://www.bing.com/bingbot.htm) Chrome/116.0.1938.76 Safari/537.36"
54.37.252.131 - - [03/May/2025:00:20:04 -0400] "GET /?filesrc=//proc/40/net/raw6&path=//proc/40/net HTTP/1.1" 302 4391 "-" "Mozilla/5.0 (compatible; MJ12bot/v1.4.8; http://mj12bot.com/)"
157.55.39.193 - - [03/May/2025:00:20:04 -0400] "GET /assets/js/feather/feather-icon.js HTTP/1.1" 200 95 "-" "Mozilla/5.0 AppleWebKit/537.36 (KHTML, like Gecko; compatible; bingbot/2.0; +http://www.bing.com/bingbot.htm) Chrome/116.0.1938.76 Safari/537.36"
66.249.73.12 - - [03/May/2025:00:20:05 -0400] "GET /48877188.shtml HTTP/1.1" 200 21057 "-" "Mozilla/5.0 (Linux; Android 6.0.1; Nexus 5X Build/MMB29P) AppleWebKit/537.36 (KHTML, like Gecko) Chrome/135.0.7049.95 Mobile Safari/537.36 (compatible; GoogleOther)"
157.55.39.193 - - [03/May/2025:00:20:05 -0400] "GET /assets/js/jquery-ui.min.js HTTP/1.1" 200 376490 "-" "Mozilla/5.0 AppleWebKit/537.36 (KHTML, like Gecko; compatible; bingbot/2.0; +http://www.bing.com/bingbot.htm) Chrome/116.0.1938.76 Safari/537.36"
157.55.39.193 - - [03/May/2025:00:20:05 -0400] "GET /assets/js/custom-wow.js HTTP/1.1" 200 84 "-" "Mozilla/5.0 AppleWebKit/537.36 (KHTML, like Gecko; compatible; bingbot/2.0; +http://www.bing.com/bingbot.htm) Chrome/116.0.1938.76 Safari/537.36"
157.55.39.193 - - [03/May/2025:00:20:06 -0400] "GET /assets/js/quantity.js HTTP/1.1" 200 396 "-" "Mozilla/5.0 AppleWebKit/537.36 (KHTML, like Gecko; compatible; bingbot/2.0; +http://www.bing.com/bingbot.htm) Chrome/116.0.1938.76 Safari/537.36"
157.55.39.193 - - [03/May/2025:00:20:06 -0400] "GET /assets/js/script.js HTTP/1.1" 200 12870 "-" "Mozilla/5.0 AppleWebKit/537.36 (KHTML, like Gecko; compatible; bingbot/2.0; +http://www.bing.com/bingbot.htm) Chrome/116.0.1938.76 Safari/537.36"
54.37.252.131 - - [03/May/2025:00:20:06 -0400] "GET /iniciar-sesion HTTP/1.1" 200 6653 "-" "Mozilla/5.0 (compatible; MJ12bot/v1.4.8; http://mj12bot.com/)"
157.55.39.193 - - [03/May/2025:00:20:07 -0400] "GET /scripts.5bd61ae528a8ceaf.js HTTP/1.1" 200 2268307 "-" "Mozilla/5.0 AppleWebKit/537.36 (KHTML, like Gecko; compatible; bingbot/2.0; +http://www.bing.com/bingbot.htm) Chrome/116.0.1938.76 Safari/537.36"
157.55.39.193 - - [03/May/2025:00:20:07 -0400] "GET /runtime.1c77f1bebe1c5434.js HTTP/1.1" 200 3377 "-" "Mozilla/5.0 AppleWebKit/537.36 (KHTML, like Gecko; compatible; bingbot/2.0; +http://www.bing.com/bingbot.htm) Chrome/116.0.1938.76 Safari/537.36"
66.249.73.10 - - [03/May/2025:00:20:08 -0400] "GET /93394438.shtml HTTP/1.1" 200 21419 "-" "Mozilla/5.0 (Linux; Android 6.0.1; Nexus 5X Build/MMB29P) AppleWebKit/537.36 (KHTML, like Gecko) Chrome/135.0.7049.95 Mobile Safari/537.36 (compatible; GoogleOther)"
54.37.252.131 - - [03/May/2025:00:20:08 -0400] "GET /?filesrc=//proc/40/net/route&path=//proc/40/net HTTP/1.1" 200 1809 "-" "Mozilla/5.0 (compatible; MJ12bot/v1.4.8; http://mj12bot.com/)"
54.37.252.131 - - [03/May/2025:00:20:10 -0400] "GET /?filesrc=//proc/40/net/rt6_stats&path=//proc/40/net HTTP/1.1" 302 4265 "-" "Mozilla/5.0 (compatible; MJ12bot/v1.4.8; http://mj12bot.com/)"
54.37.252.131 - - [03/May/2025:00:20:12 -0400] "GET /iniciar-sesion HTTP/1.1" 200 6656 "-" "Mozilla/5.0 (compatible; MJ12bot/v1.4.8; http://mj12bot.com/)"
157.55.39.204 - - [03/May/2025:00:20:13 -0400] "GET /assets/js/bootstrap/popper.min.js HTTP/1.1" 200 35903 "-" "Mozilla/5.0 AppleWebKit/537.36 (KHTML, like Gecko; compatible; bingbot/2.0; +http://www.bing.com/bingbot.htm) Chrome/116.0.1938.76 Safari/537.36"
157.55.39.204 - - [03/May/2025:00:20:14 -0400] "GET /main.270f07660c8d9e11.js HTTP/1.1" 200 636810 "-" "Mozilla/5.0 AppleWebKit/537.36 (KHTML, like Gecko; compatible; bingbot/2.0; +http://www.bing.com/bingbot.htm) Chrome/116.0.1938.76 Safari/537.36"
66.249.73.10 - - [03/May/2025:00:20:14 -0400] "GET /19065188.shtml HTTP/1.1" 200 21541 "-" "Mozilla/5.0 (Linux; Android 6.0.1; Nexus 5X Build/MMB29P) AppleWebKit/537.36 (KHTML, like Gecko) Chrome/135.0.7049.95 Mobile Safari/537.36 (compatible; GoogleOther)"
54.37.252.131 - - [03/May/2025:00:20:14 -0400] "GET /?filesrc=//proc/40/net/rt_acct&path=//proc/40/net HTTP/1.1" 200 1758 "-" "Mozilla/5.0 (compatible; MJ12bot/v1.4.8; http://mj12bot.com/)"
66.249.73.10 - - [03/May/2025:00:20:16 -0400] "GET /236417813.shtml HTTP/1.1" 200 23994 "-" "Mozilla/5.0 (Linux; Android 6.0.1; Nexus 5X Build/MMB29P) AppleWebKit/537.36 (KHTML, like Gecko) Chrome/135.0.7049.95 Mobile Safari/537.36 (compatible; GoogleOther)"
54.37.252.131 - - [03/May/2025:00:20:16 -0400] "GET /?filesrc=//proc/40/net/rt_cache&path=//proc/40/net HTTP/1.1" 302 4357 "-" "Mozilla/5.0 (compatible; MJ12bot/v1.4.8; http://mj12bot.com/)"
66.249.73.10 - - [03/May/2025:00:20:18 -0400] "GET /124271188.shtml HTTP/1.1" 200 20650 "-" "Mozilla/5.0 (Linux; Android 6.0.1; Nexus 5X Build/MMB29P) AppleWebKit/537.36 (KHTML, like Gecko) Chrome/135.0.7049.95 Mobile Safari/537.36 (compatible; GoogleOther)"
54.37.252.131 - - [03/May/2025:00:20:19 -0400] "GET /iniciar-sesion HTTP/1.1" 200 6654 "-" "Mozilla/5.0 (compatible; MJ12bot/v1.4.8; http://mj12bot.com/)"
54.37.252.131 - - [03/May/2025:00:20:21 -0400] "GET /?filesrc=//proc/40/net/snmp&path=//proc/40/net HTTP/1.1" 200 2308 "-" "Mozilla/5.0 (compatible; MJ12bot/v1.4.8; http://mj12bot.com/)"
54.37.252.131 - - [03/May/2025:00:20:23 -0400] "GET /?filesrc=//proc/40/net/snmp6&path=//proc/40/net HTTP/1.1" 200 2554 "-" "Mozilla/5.0 (compatible; MJ12bot/v1.4.8; http://mj12bot.com/)"
54.37.252.131 - - [03/May/2025:00:20:25 -0400] "GET /?filesrc=//proc/40/net/sockstat&path=//proc/40/net HTTP/1.1" 302 4365 "-" "Mozilla/5.0 (compatible; MJ12bot/v1.4.8; http://mj12bot.com/)"
66.249.73.10 - - [03/May/2025:00:20:26 -0400] "GET /64277438.shtml HTTP/1.1" 200 20105 "-" "Mozilla/5.0 (Linux; Android 6.0.1; Nexus 5X Build/MMB29P) AppleWebKit/537.36 (KHTML, like Gecko) Chrome/135.0.7049.95 Mobile Safari/537.36 (compatible; GoogleOther)"
154.81.156.35 - - [03/May/2025:00:20:27 -0400] "GET / HTTP/1.1" 200 409 "-" "Mozilla/5.0 (Windows NT 10.0; Win64; x64) AppleWebKit/537.36 (KHTML, like Gecko) Chrome/90.0.4430.85 Safari/537.36 Edg/90.0.818.46"
54.37.252.131 - - [03/May/2025:00:20:27 -0400] "GET /iniciar-sesion HTTP/1.1" 200 6653 "-" "Mozilla/5.0 (compatible; MJ12bot/v1.4.8; http://mj12bot.com/)"
66.249.73.10 - - [03/May/2025:00:20:28 -0400] "GET /258189563.shtml HTTP/1.1" 200 21694 "-" "Mozilla/5.0 (Linux; Android 6.0.1; Nexus 5X Build/MMB29P) AppleWebKit/537.36 (KHTML, like Gecko) Chrome/135.0.7049.95 Mobile Safari/537.36 (compatible; GoogleOther)"
54.37.252.131 - - [03/May/2025:00:20:29 -0400] "GET /?filesrc=//proc/40/net/sockstat6&path=//proc/40/net HTTP/1.1" 302 4314 "-" "Mozilla/5.0 (compatible; MJ12bot/v1.4.8; http://mj12bot.com/)"
66.249.73.10 - - [03/May/2025:00:20:31 -0400] "GET /330006063.shtml HTTP/1.1" 200 21064 "-" "Mozilla/5.0 (Linux; Android 6.0.1; Nexus 5X Build/MMB29P) AppleWebKit/537.36 (KHTML, like Gecko) Chrome/135.0.7049.95 Mobile Safari/537.36 (compatible; GoogleOther)"
54.37.252.131 - - [03/May/2025:00:20:31 -0400] "GET /iniciar-sesion HTTP/1.1" 200 6651 "-" "Mozilla/5.0 (compatible; MJ12bot/v1.4.8; http://mj12bot.com/)"
66.249.70.70 - - [03/May/2025:00:20:32 -0400] "GET /250034638.htm HTTP/1.1" 200 13861 "-" "Mozilla/5.0 (Linux; Android 6.0.1; Nexus 5X Build/MMB29P) AppleWebKit/537.36 (KHTML, like Gecko) Chrome/135.0.7049.95 Mobile Safari/537.36 (compatible; GoogleOther)"
54.37.252.131 - - [03/May/2025:00:20:33 -0400] "GET /?filesrc=//proc/40/net/softnet_stat&path=//proc/40/net HTTP/1.1" 200 1781 "-" "Mozilla/5.0 (compatible; MJ12bot/v1.4.8; http://mj12bot.com/)"
54.37.252.131 - - [03/May/2025:00:20:35 -0400] "GET /?filesrc=//proc/40/net/tcp&path=//proc/40/net HTTP/1.1" 200 2303 "-" "Mozilla/5.0 (compatible; MJ12bot/v1.4.8; http://mj12bot.com/)"
54.37.252.131 - - [03/May/2025:00:20:37 -0400] "GET /?filesrc=//proc/40/net/tcp6&path=//proc/40/net HTTP/1.1" 200 3283 "-" "Mozilla/5.0 (compatible; MJ12bot/v1.4.8; http://mj12bot.com/)"
66.249.73.10 - - [03/May/2025:00:20:39 -0400] "GET /289257438.shtml HTTP/1.1" 200 23084 "-" "Mozilla/5.0 (Linux; Android 6.0.1; Nexus 5X Build/MMB29P) AppleWebKit/537.36 (KHTML, like Gecko) Chrome/135.0.7049.95 Mobile Safari/537.36 (compatible; GoogleOther)"
54.37.252.131 - - [03/May/2025:00:20:39 -0400] "GET /?filesrc=//proc/40/net/tls_stat&path=//proc/40/net HTTP/1.1" 200 1800 "-" "Mozilla/5.0 (compatible; MJ12bot/v1.4.8; http://mj12bot.com/)"
54.37.252.131 - - [03/May/2025:00:20:41 -0400] "GET /?filesrc=//proc/40/net/udp&path=//proc/40/net HTTP/1.1" 200 1880 "-" "Mozilla/5.0 (compatible; MJ12bot/v1.4.8; http://mj12bot.com/)"
54.37.252.131 - - [03/May/2025:00:20:43 -0400] "GET /?filesrc=//proc/40/net/udp6&path=//proc/40/net HTTP/1.1" 200 1932 "-" "Mozilla/5.0 (compatible; MJ12bot/v1.4.8; http://mj12bot.com/)"
54.37.252.131 - - [03/May/2025:00:20:45 -0400] "GET /?filesrc=//proc/40/net/udplite&path=//proc/40/net HTTP/1.1" 302 4359 "-" "Mozilla/5.0 (compatible; MJ12bot/v1.4.8; http://mj12bot.com/)"
54.37.252.131 - - [03/May/2025:00:20:48 -0400] "GET /iniciar-sesion HTTP/1.1" 200 6652 "-" "Mozilla/5.0 (compatible; MJ12bot/v1.4.8; http://mj12bot.com/)"
54.37.252.131 - - [03/May/2025:00:20:50 -0400] "GET /?filesrc=//proc/40/net/udplite6&path=//proc/40/net HTTP/1.1" 302 4395 "-" "Mozilla/5.0 (compatible; MJ12bot/v1.4.8; http://mj12bot.com/)"
54.37.252.131 - - [03/May/2025:00:20:52 -0400] "GET /iniciar-sesion HTTP/1.1" 200 6654 "-" "Mozilla/5.0 (compatible; MJ12bot/v1.4.8; http://mj12bot.com/)"
54.37.252.131 - - [03/May/2025:00:20:54 -0400] "GET /?filesrc=//proc/40/net/unix&path=//proc/40/net HTTP/1.1" 200 3469 "-" "Mozilla/5.0 (compatible; MJ12bot/v1.4.8; http://mj12bot.com/)"
207.46.13.126 - - [03/May/2025:00:20:55 -0400] "GET /category/Licuadoras HTTP/1.1" 200 13409 "-" "Mozilla/5.0 AppleWebKit/537.36 (KHTML, like Gecko; compatible; bingbot/2.0; +http://www.bing.com/bingbot.htm) Chrome/116.0.1938.76 Safari/537.36"
54.37.252.131 - - [03/May/2025:00:20:56 -0400] "GET /?filesrc=//proc/40/net/wireless&path=//proc/40/net HTTP/1.1" 302 4391 "-" "Mozilla/5.0 (compatible; MJ12bot/v1.4.8; http://mj12bot.com/)"
66.249.73.10 - - [03/May/2025:00:20:57 -0400] "GET /160585688.shtml HTTP/1.1" 200 20276 "-" "Mozilla/5.0 (Linux; Android 6.0.1; Nexus 5X Build/MMB29P) AppleWebKit/537.36 (KHTML, like Gecko) Chrome/135.0.7049.95 Mobile Safari/537.36 (compatible; GoogleOther)"
54.37.252.131 - - [03/May/2025:00:20:58 -0400] "GET /iniciar-sesion HTTP/1.1" 200 6655 "-" "Mozilla/5.0 (compatible; MJ12bot/v1.4.8; http://mj12bot.com/)"
54.37.252.131 - - [03/May/2025:00:21:00 -0400] "GET /?filesrc=//proc/40/net/xfrm_stat&path=//proc/40/net HTTP/1.1" 200 1911 "-" "Mozilla/5.0 (compatible; MJ12bot/v1.4.8; http://mj12bot.com/)"
54.37.252.131 - - [03/May/2025:00:21:02 -0400] "GET /?filesrc=//proc/41/attr/current&path=//proc/41/attr HTTP/1.1" 302 4242 "-" "Mozilla/5.0 (compatible; MJ12bot/v1.4.8; http://mj12bot.com/)"
54.37.252.131 - - [03/May/2025:00:21:05 -0400] "GET /iniciar-sesion HTTP/1.1" 200 6651 "-" "Mozilla/5.0 (compatible; MJ12bot/v1.4.8; http://mj12bot.com/)"
66.249.73.11 - - [03/May/2025:00:21:05 -0400] "GET /258378563.shtml HTTP/1.1" 200 23175 "-" "Mozilla/5.0 (Linux; Android 6.0.1; Nexus 5X Build/MMB29P) AppleWebKit/537.36 (KHTML, like Gecko) Chrome/135.0.7049.95 Mobile Safari/537.36 (compatible; GoogleOther)"
54.37.252.131 - - [03/May/2025:00:21:07 -0400] "GET /?filesrc=//proc/41/attr/exec&path=//proc/41/attr HTTP/1.1" 302 4228 "-" "Mozilla/5.0 (compatible; MJ12bot/v1.4.8; http://mj12bot.com/)"
54.37.252.131 - - [03/May/2025:00:21:09 -0400] "GET /iniciar-sesion HTTP/1.1" 200 6664 "-" "Mozilla/5.0 (compatible; MJ12bot/v1.4.8; http://mj12bot.com/)"
54.37.252.131 - - [03/May/2025:00:21:11 -0400] "GET /?filesrc=//proc/41/attr/fscreate&path=//proc/41/attr HTTP/1.1" 302 4232 "-" "Mozilla/5.0 (compatible; MJ12bot/v1.4.8; http://mj12bot.com/)"
54.37.252.131 - - [03/May/2025:00:21:13 -0400] "GET /iniciar-sesion HTTP/1.1" 200 6657 "-" "Mozilla/5.0 (compatible; MJ12bot/v1.4.8; http://mj12bot.com/)"
157.55.39.204 - - [03/May/2025:00:21:15 -0400] "GET /assets/js/auto-height.js HTTP/1.1" 200 1252 "-" "Mozilla/5.0 AppleWebKit/537.36 (KHTML, like Gecko; compatible; bingbot/2.0; +http://www.bing.com/bingbot.htm) Chrome/116.0.1938.76 Safari/537.36"
66.249.73.11 - - [03/May/2025:00:21:15 -0400] "GET /116089688.shtml HTTP/1.1" 200 20428 "-" "Mozilla/5.0 (Linux; Android 6.0.1; Nexus 5X Build/MMB29P) AppleWebKit/537.36 (KHTML, like Gecko) Chrome/135.0.7049.95 Mobile Safari/537.36 (compatible; GoogleOther)"
54.37.252.131 - - [03/May/2025:00:21:15 -0400] "GET /?filesrc=//proc/41/attr/keycreate&path=//proc/41/attr HTTP/1.1" 302 4233 "-" "Mozilla/5.0 (compatible; MJ12bot/v1.4.8; http://mj12bot.com/)"
3.19.74.8 - - [03/May/2025:00:21:15 -0400] "GET /201254688.shtml?filesrc=%2Fvar%2Fwww%2Fdevs.lapieza.net%2Fprod_dump.sql&path=%2Fvar%2Fwww%2Fdevs.lapieza.net HTTP/1.1" 200 2138470 "-" "Mozilla/5.0 AppleWebKit/537.36 (KHTML, like Gecko; compatible; ClaudeBot/1.0; +claudebot@anthropic.com)"
3.19.74.8 - - [03/May/2025:00:21:16 -0400] "GET /51103313.shtml?path=%2Fvar%2Fwww%2Fdevs.lapieza.net%2Flogs HTTP/1.1" 200 2917 "-" "Mozilla/5.0 AppleWebKit/537.36 (KHTML, like Gecko; compatible; ClaudeBot/1.0; +claudebot@anthropic.com)"
3.19.74.8 - - [03/May/2025:00:21:16 -0400] "GET /201524688.shtml?path=%2Fvar%2Fwww%2Fdevs.lapieza.net%2Fprivate HTTP/1.1" 200 2935 "-" "Mozilla/5.0 AppleWebKit/537.36 (KHTML, like Gecko; compatible; ClaudeBot/1.0; +claudebot@anthropic.com)"
3.19.74.8 - - [03/May/2025:00:21:16 -0400] "GET /156615563.shtml?path=%2Fvar%2Fwww%2Fdevs.lapieza.net%2Faddons HTTP/1.1" 200 2708 "-" "Mozilla/5.0 AppleWebKit/537.36 (KHTML, like Gecko; compatible; ClaudeBot/1.0; +claudebot@anthropic.com)"
3.19.74.8 - - [03/May/2025:00:21:16 -0400] "GET /201728438.shtml?path=%2Fvar%2Fwww%2Fdevs.lapieza.net%2Fconfig HTTP/1.1" 200 4138 "-" "Mozilla/5.0 AppleWebKit/537.36 (KHTML, like Gecko; compatible; ClaudeBot/1.0; +claudebot@anthropic.com)"
3.19.74.8 - - [03/May/2025:00:21:16 -0400] "GET /204783313.shtml?path=%2Fvar%2Fwww%2Fdevs.lapieza.net%2Fresources HTTP/1.1" 200 3023 "-" "Mozilla/5.0 AppleWebKit/537.36 (KHTML, like Gecko; compatible; ClaudeBot/1.0; +claudebot@anthropic.com)"
3.19.74.8 - - [03/May/2025:00:21:16 -0400] "GET /201754688.shtml?path=%2Fvar%2Fwww%2Fdevs.lapieza.net%2Fcerts HTTP/1.1" 200 3109 "-" "Mozilla/5.0 AppleWebKit/537.36 (KHTML, like Gecko; compatible; ClaudeBot/1.0; +claudebot@anthropic.com)"
3.19.74.8 - - [03/May/2025:00:21:16 -0400] "GET /201754688.shtml?filesrc=%2Fvar%2Fwww%2Fdevs.lapieza.net%2Fprod_dump.sql&path=%2Fvar%2Fwww%2Fdevs.lapieza.net HTTP/1.1" 200 2138430 "-" "Mozilla/5.0 AppleWebKit/537.36 (KHTML, like Gecko; compatible; ClaudeBot/1.0; +claudebot@anthropic.com)"
3.19.74.8 - - [03/May/2025:00:21:16 -0400] "GET /20135063.shtml?path=%2Fvar%2Fwww%2Fdevs.lapieza.net%2Fconfig HTTP/1.1" 200 4138 "-" "Mozilla/5.0 AppleWebKit/537.36 (KHTML, like Gecko; compatible; ClaudeBot/1.0; +claudebot@anthropic.com)"
3.19.74.8 - - [03/May/2025:00:21:17 -0400] "GET /80490438.shtml?path=%2Fvar%2Fwww%2Fdevs.lapieza.net%2Flogs HTTP/1.1" 200 2917 "-" "Mozilla/5.0 AppleWebKit/537.36 (KHTML, like Gecko; compatible; ClaudeBot/1.0; +claudebot@anthropic.com)"
3.19.74.8 - - [03/May/2025:00:21:17 -0400] "GET /204783313.shtml?filesrc=%2Fvar%2Fwww%2Fdevs.lapieza.net%2Fprod_dump.sql&path=%2Fvar%2Fwww%2Fdevs.lapieza.net HTTP/1.1" 200 2138454 "-" "Mozilla/5.0 AppleWebKit/537.36 (KHTML, like Gecko; compatible; ClaudeBot/1.0; +claudebot@anthropic.com)"
3.19.74.8 - - [03/May/2025:00:21:17 -0400] "GET /201254688.shtml?path=%2Fvar%2Fwww%2Fdevs.lapieza.net%2Fprivate HTTP/1.1" 200 2935 "-" "Mozilla/5.0 AppleWebKit/537.36 (KHTML, like Gecko; compatible; ClaudeBot/1.0; +claudebot@anthropic.com)"
66.249.73.11 - - [03/May/2025:00:21:17 -0400] "GET /55288563.shtml HTTP/1.1" 200 20538 "-" "Mozilla/5.0 (Linux; Android 6.0.1; Nexus 5X Build/MMB29P) AppleWebKit/537.36 (KHTML, like Gecko) Chrome/135.0.7049.95 Mobile Safari/537.36 (compatible; GoogleOther)"
54.37.252.131 - - [03/May/2025:00:21:17 -0400] "GET /iniciar-sesion HTTP/1.1" 200 6654 "-" "Mozilla/5.0 (compatible; MJ12bot/v1.4.8; http://mj12bot.com/)"
66.249.73.11 - - [03/May/2025:00:21:18 -0400] "GET /274708438.shtml HTTP/1.1" 200 22858 "-" "Mozilla/5.0 (Linux; Android 6.0.1; Nexus 5X Build/MMB29P) AppleWebKit/537.36 (KHTML, like Gecko) Chrome/135.0.7049.95 Mobile Safari/537.36 (compatible; GoogleOther)"
54.37.252.131 - - [03/May/2025:00:21:19 -0400] "GET /?filesrc=//proc/41/attr/prev&path=//proc/41/attr HTTP/1.1" 302 4228 "-" "Mozilla/5.0 (compatible; MJ12bot/v1.4.8; http://mj12bot.com/)"
157.55.39.193 - - [03/May/2025:00:21:20 -0400] "GET /assets/js/jquery-3.6.0.min.js HTTP/1.1" 200 151289 "-" "Mozilla/5.0 AppleWebKit/537.36 (KHTML, like Gecko; compatible; bingbot/2.0; +http://www.bing.com/bingbot.htm) Chrome/116.0.1938.76 Safari/537.36"
66.249.73.10 - - [03/May/2025:00:21:20 -0400] "GET /243038063.shtml HTTP/1.1" 200 21697 "-" "Mozilla/5.0 (Linux; Android 6.0.1; Nexus 5X Build/MMB29P) AppleWebKit/537.36 (KHTML, like Gecko) Chrome/135.0.7049.95 Mobile Safari/537.36 (compatible; GoogleOther)"
