154.47.29.24 - - [03/May/2025:00:45:36 -0400] "GET /kyc/.env.staging HTTP/1.1" 200 4471 "-" "Mozilla/5.0 (Windows NT 10.0; Win64; x64) AppleWebKit/537.36 (KHTML, like Gecko) Chrome/108.0.0.0 Safari/537.36"
154.47.29.24 - - [03/May/2025:00:45:37 -0400] "GET /admin/.env HTTP/1.1" 200 4468 "-" "Mozilla/5.0 (Windows NT 10.0; Win64; x64) AppleWebKit/537.36 (KHTML, like Gecko) Chrome/108.0.0.0 Safari/537.36"
154.47.29.24 - - [03/May/2025:00:45:37 -0400] "GET /demo/.env HTTP/1.1" 200 13409 "-" "Mozilla/5.0 (Windows NT 10.0; Win64; x64) AppleWebKit/537.36 (KHTML, like Gecko) Chrome/108.0.0.0 Safari/537.36"
154.47.29.24 - - [03/May/2025:00:45:38 -0400] "GET /admin/.env HTTP/1.1" 200 4471 "-" "Mozilla/5.0 (Windows NT 10.0; Win64; x64) AppleWebKit/537.36 (KHTML, like Gecko) Chrome/108.0.0.0 Safari/537.36"
154.47.29.24 - - [03/May/2025:00:45:38 -0400] "GET /demo/.env.local HTTP/1.1" 200 13409 "-" "Mozilla/5.0 (Windows NT 10.0; Win64; x64) AppleWebKit/537.36 (KHTML, like Gecko) Chrome/108.0.0.0 Safari/537.36"
154.47.29.24 - - [03/May/2025:00:45:38 -0400] "GET /admin/.env.local HTTP/1.1" 200 4468 "-" "Mozilla/5.0 (Windows NT 10.0; Win64; x64) AppleWebKit/537.36 (KHTML, like Gecko) Chrome/108.0.0.0 Safari/537.36"
154.47.29.24 - - [03/May/2025:00:45:39 -0400] "GET /demo/.env.local HTTP/1.1" 200 13409 "-" "Mozilla/5.0 (Windows NT 10.0; Win64; x64) AppleWebKit/537.36 (KHTML, like Gecko) Chrome/108.0.0.0 Safari/537.36"
154.47.29.24 - - [03/May/2025:00:45:39 -0400] "GET /admin/.env.local HTTP/1.1" 200 4473 "-" "Mozilla/5.0 (Windows NT 10.0; Win64; x64) AppleWebKit/537.36 (KHTML, like Gecko) Chrome/108.0.0.0 Safari/537.36"
154.47.29.24 - - [03/May/2025:00:45:39 -0400] "GET /admin/.env.production HTTP/1.1" 200 4471 "-" "Mozilla/5.0 (Windows NT 10.0; Win64; x64) AppleWebKit/537.36 (KHTML, like Gecko) Chrome/108.0.0.0 Safari/537.36"
154.47.29.24 - - [03/May/2025:00:45:39 -0400] "GET /demo/.env.production HTTP/1.1" 200 13409 "-" "Mozilla/5.0 (Windows NT 10.0; Win64; x64) AppleWebKit/537.36 (KHTML, like Gecko) Chrome/108.0.0.0 Safari/537.36"
154.47.29.24 - - [03/May/2025:00:45:40 -0400] "GET /admin/.env.production HTTP/1.1" 200 4469 "-" "Mozilla/5.0 (Windows NT 10.0; Win64; x64) AppleWebKit/537.36 (KHTML, like Gecko) Chrome/108.0.0.0 Safari/537.36"
154.47.29.24 - - [03/May/2025:00:45:40 -0400] "GET /demo/.env.production HTTP/1.1" 200 13409 "-" "Mozilla/5.0 (Windows NT 10.0; Win64; x64) AppleWebKit/537.36 (KHTML, like Gecko) Chrome/108.0.0.0 Safari/537.36"
154.47.29.24 - - [03/May/2025:00:45:40 -0400] "GET /admin/.env.staging HTTP/1.1" 200 4472 "-" "Mozilla/5.0 (Windows NT 10.0; Win64; x64) AppleWebKit/537.36 (KHTML, like Gecko) Chrome/108.0.0.0 Safari/537.36"
154.47.29.24 - - [03/May/2025:00:45:41 -0400] "GET /demo/.env.staging HTTP/1.1" 200 13409 "-" "Mozilla/5.0 (Windows NT 10.0; Win64; x64) AppleWebKit/537.36 (KHTML, like Gecko) Chrome/108.0.0.0 Safari/537.36"
154.47.29.24 - - [03/May/2025:00:45:41 -0400] "GET /admin/.env.staging HTTP/1.1" 200 4469 "-" "Mozilla/5.0 (Windows NT 10.0; Win64; x64) AppleWebKit/537.36 (KHTML, like Gecko) Chrome/108.0.0.0 Safari/537.36"
154.47.29.24 - - [03/May/2025:00:45:41 -0400] "GET /demo/.env.staging HTTP/1.1" 200 13409 "-" "Mozilla/5.0 (Windows NT 10.0; Win64; x64) AppleWebKit/537.36 (KHTML, like Gecko) Chrome/108.0.0.0 Safari/537.36"
154.47.29.24 - - [03/May/2025:00:45:41 -0400] "GET /client/.env HTTP/1.1" 200 4471 "-" "Mozilla/5.0 (Windows NT 10.0; Win64; x64) AppleWebKit/537.36 (KHTML, like Gecko) Chrome/108.0.0.0 Safari/537.36"
154.47.29.24 - - [03/May/2025:00:45:42 -0400] "GET /client/.env HTTP/1.1" 200 4472 "-" "Mozilla/5.0 (Windows NT 10.0; Win64; x64) AppleWebKit/537.36 (KHTML, like Gecko) Chrome/108.0.0.0 Safari/537.36"
154.47.29.24 - - [03/May/2025:00:45:42 -0400] "GET /test/.env HTTP/1.1" 200 13409 "-" "Mozilla/5.0 (Windows NT 10.0; Win64; x64) AppleWebKit/537.36 (KHTML, like Gecko) Chrome/108.0.0.0 Safari/537.36"
154.47.29.24 - - [03/May/2025:00:45:43 -0400] "GET /client/.env.local HTTP/1.1" 200 4473 "-" "Mozilla/5.0 (Windows NT 10.0; Win64; x64) AppleWebKit/537.36 (KHTML, like Gecko) Chrome/108.0.0.0 Safari/537.36"
154.47.29.24 - - [03/May/2025:00:45:43 -0400] "GET /test/.env HTTP/1.1" 200 13409 "-" "Mozilla/5.0 (Windows NT 10.0; Win64; x64) AppleWebKit/537.36 (KHTML, like Gecko) Chrome/108.0.0.0 Safari/537.36"
154.47.29.24 - - [03/May/2025:00:45:43 -0400] "GET /client/.env.local HTTP/1.1" 200 4467 "-" "Mozilla/5.0 (Windows NT 10.0; Win64; x64) AppleWebKit/537.36 (KHTML, like Gecko) Chrome/108.0.0.0 Safari/537.36"
154.47.29.24 - - [03/May/2025:00:45:44 -0400] "GET /test/.env.local HTTP/1.1" 200 13409 "-" "Mozilla/5.0 (Windows NT 10.0; Win64; x64) AppleWebKit/537.36 (KHTML, like Gecko) Chrome/108.0.0.0 Safari/537.36"
154.47.29.24 - - [03/May/2025:00:45:44 -0400] "GET /client/.env.production HTTP/1.1" 200 4469 "-" "Mozilla/5.0 (Windows NT 10.0; Win64; x64) AppleWebKit/537.36 (KHTML, like Gecko) Chrome/108.0.0.0 Safari/537.36"
154.47.29.24 - - [03/May/2025:00:45:44 -0400] "GET /client/.env.production HTTP/1.1" 200 4470 "-" "Mozilla/5.0 (Windows NT 10.0; Win64; x64) AppleWebKit/537.36 (KHTML, like Gecko) Chrome/108.0.0.0 Safari/537.36"
154.47.29.24 - - [03/May/2025:00:45:44 -0400] "GET /test/.env.local HTTP/1.1" 200 13409 "-" "Mozilla/5.0 (Windows NT 10.0; Win64; x64) AppleWebKit/537.36 (KHTML, like Gecko) Chrome/108.0.0.0 Safari/537.36"
154.47.29.24 - - [03/May/2025:00:45:45 -0400] "GET /client/.env.staging HTTP/1.1" 200 4471 "-" "Mozilla/5.0 (Windows NT 10.0; Win64; x64) AppleWebKit/537.36 (KHTML, like Gecko) Chrome/108.0.0.0 Safari/537.36"
154.47.29.24 - - [03/May/2025:00:45:45 -0400] "GET /test/.env.production HTTP/1.1" 200 13409 "-" "Mozilla/5.0 (Windows NT 10.0; Win64; x64) AppleWebKit/537.36 (KHTML, like Gecko) Chrome/108.0.0.0 Safari/537.36"
154.47.29.24 - - [03/May/2025:00:45:46 -0400] "GET /client/.env.staging HTTP/1.1" 200 4470 "-" "Mozilla/5.0 (Windows NT 10.0; Win64; x64) AppleWebKit/537.36 (KHTML, like Gecko) Chrome/108.0.0.0 Safari/537.36"
154.47.29.24 - - [03/May/2025:00:45:46 -0400] "GET /test/.env.production HTTP/1.1" 200 13409 "-" "Mozilla/5.0 (Windows NT 10.0; Win64; x64) AppleWebKit/537.36 (KHTML, like Gecko) Chrome/108.0.0.0 Safari/537.36"
154.47.29.24 - - [03/May/2025:00:45:46 -0400] "GET /user/.env HTTP/1.1" 200 4468 "-" "Mozilla/5.0 (Windows NT 10.0; Win64; x64) AppleWebKit/537.36 (KHTML, like Gecko) Chrome/108.0.0.0 Safari/537.36"
66.249.73.10 - - [03/May/2025:00:45:46 -0400] "GET /202807938.shtml HTTP/1.1" 200 20668 "-" "Mozilla/5.0 (Linux; Android 6.0.1; Nexus 5X Build/MMB29P) AppleWebKit/537.36 (KHTML, like Gecko) Chrome/135.0.7049.95 Mobile Safari/537.36 (compatible; GoogleOther)"
154.47.29.24 - - [03/May/2025:00:45:47 -0400] "GET /test/.env.staging HTTP/1.1" 200 13409 "-" "Mozilla/5.0 (Windows NT 10.0; Win64; x64) AppleWebKit/537.36 (KHTML, like Gecko) Chrome/108.0.0.0 Safari/537.36"
154.47.29.24 - - [03/May/2025:00:45:47 -0400] "GET /user/.env HTTP/1.1" 200 4473 "-" "Mozilla/5.0 (Windows NT 10.0; Win64; x64) AppleWebKit/537.36 (KHTML, like Gecko) Chrome/108.0.0.0 Safari/537.36"
154.47.29.24 - - [03/May/2025:00:45:47 -0400] "GET /test/.env.staging HTTP/1.1" 200 13409 "-" "Mozilla/5.0 (Windows NT 10.0; Win64; x64) AppleWebKit/537.36 (KHTML, like Gecko) Chrome/108.0.0.0 Safari/537.36"
154.47.29.24 - - [03/May/2025:00:45:48 -0400] "GET /user/.env.local HTTP/1.1" 200 4472 "-" "Mozilla/5.0 (Windows NT 10.0; Win64; x64) AppleWebKit/537.36 (KHTML, like Gecko) Chrome/108.0.0.0 Safari/537.36"
66.249.73.10 - - [03/May/2025:00:45:48 -0400] "GET /167594688.shtml HTTP/1.1" 200 20298 "-" "Mozilla/5.0 (Linux; Android 6.0.1; Nexus 5X Build/MMB29P) AppleWebKit/537.36 (KHTML, like Gecko) Chrome/135.0.7049.95 Mobile Safari/537.36 (compatible; GoogleOther)"
154.47.29.24 - - [03/May/2025:00:45:48 -0400] "GET /kyc/.env HTTP/1.1" 200 13409 "-" "Mozilla/5.0 (Windows NT 10.0; Win64; x64) AppleWebKit/537.36 (KHTML, like Gecko) Chrome/108.0.0.0 Safari/537.36"
154.47.29.24 - - [03/May/2025:00:45:48 -0400] "GET /user/.env.local HTTP/1.1" 200 4468 "-" "Mozilla/5.0 (Windows NT 10.0; Win64; x64) AppleWebKit/537.36 (KHTML, like Gecko) Chrome/108.0.0.0 Safari/537.36"
154.47.29.24 - - [03/May/2025:00:45:49 -0400] "GET /kyc/.env HTTP/1.1" 200 13409 "-" "Mozilla/5.0 (Windows NT 10.0; Win64; x64) AppleWebKit/537.36 (KHTML, like Gecko) Chrome/108.0.0.0 Safari/537.36"
154.47.29.24 - - [03/May/2025:00:45:49 -0400] "GET /user/.env.staging HTTP/1.1" 200 4468 "-" "Mozilla/5.0 (Windows NT 10.0; Win64; x64) AppleWebKit/537.36 (KHTML, like Gecko) Chrome/108.0.0.0 Safari/537.36"
66.249.73.10 - - [03/May/2025:00:45:49 -0400] "GET /121041188.shtml HTTP/1.1" 200 20618 "-" "Mozilla/5.0 (Linux; Android 6.0.1; Nexus 5X Build/MMB29P) AppleWebKit/537.36 (KHTML, like Gecko) Chrome/135.0.7049.95 Mobile Safari/537.36 (compatible; GoogleOther)"
154.47.29.24 - - [03/May/2025:00:45:49 -0400] "GET /user/.env.staging HTTP/1.1" 200 4473 "-" "Mozilla/5.0 (Windows NT 10.0; Win64; x64) AppleWebKit/537.36 (KHTML, like Gecko) Chrome/108.0.0.0 Safari/537.36"
154.47.29.24 - - [03/May/2025:00:45:49 -0400] "GET /kyc/.env.local HTTP/1.1" 200 13409 "-" "Mozilla/5.0 (Windows NT 10.0; Win64; x64) AppleWebKit/537.36 (KHTML, like Gecko) Chrome/108.0.0.0 Safari/537.36"
154.47.29.24 - - [03/May/2025:00:45:50 -0400] "GET /api/.env HTTP/1.1" 200 4470 "-" "Mozilla/5.0 (Windows NT 10.0; Win64; x64) AppleWebKit/537.36 (KHTML, like Gecko) Chrome/108.0.0.0 Safari/537.36"
154.47.29.24 - - [03/May/2025:00:45:50 -0400] "GET /kyc/.env.local HTTP/1.1" 200 13409 "-" "Mozilla/5.0 (Windows NT 10.0; Win64; x64) AppleWebKit/537.36 (KHTML, like Gecko) Chrome/108.0.0.0 Safari/537.36"
66.249.73.10 - - [03/May/2025:00:45:50 -0400] "GET /162958563.shtml HTTP/1.1" 200 20739 "-" "Mozilla/5.0 (Linux; Android 6.0.1; Nexus 5X Build/MMB29P) AppleWebKit/537.36 (KHTML, like Gecko) Chrome/135.0.7049.95 Mobile Safari/537.36 (compatible; GoogleOther)"
154.47.29.24 - - [03/May/2025:00:45:50 -0400] "GET /api/.env HTTP/1.1" 200 4471 "-" "Mozilla/5.0 (Windows NT 10.0; Win64; x64) AppleWebKit/537.36 (KHTML, like Gecko) Chrome/108.0.0.0 Safari/537.36"
154.47.29.24 - - [03/May/2025:00:45:51 -0400] "GET /kyc/.env.production HTTP/1.1" 200 13409 "-" "Mozilla/5.0 (Windows NT 10.0; Win64; x64) AppleWebKit/537.36 (KHTML, like Gecko) Chrome/108.0.0.0 Safari/537.36"
154.47.29.24 - - [03/May/2025:00:45:51 -0400] "GET /api/.env.local HTTP/1.1" 200 4471 "-" "Mozilla/5.0 (Windows NT 10.0; Win64; x64) AppleWebKit/537.36 (KHTML, like Gecko) Chrome/108.0.0.0 Safari/537.36"
154.47.29.24 - - [03/May/2025:00:45:51 -0400] "GET /kyc/.env.production HTTP/1.1" 200 13409 "-" "Mozilla/5.0 (Windows NT 10.0; Win64; x64) AppleWebKit/537.36 (KHTML, like Gecko) Chrome/108.0.0.0 Safari/537.36"
154.47.29.24 - - [03/May/2025:00:45:52 -0400] "GET /api/.env.local HTTP/1.1" 200 4471 "-" "Mozilla/5.0 (Windows NT 10.0; Win64; x64) AppleWebKit/537.36 (KHTML, like Gecko) Chrome/108.0.0.0 Safari/537.36"
154.47.29.24 - - [03/May/2025:00:45:52 -0400] "GET /api/.env.staging HTTP/1.1" 200 4467 "-" "Mozilla/5.0 (Windows NT 10.0; Win64; x64) AppleWebKit/537.36 (KHTML, like Gecko) Chrome/108.0.0.0 Safari/537.36"
154.47.29.24 - - [03/May/2025:00:45:52 -0400] "GET /kyc/.env.staging HTTP/1.1" 200 13409 "-" "Mozilla/5.0 (Windows NT 10.0; Win64; x64) AppleWebKit/537.36 (KHTML, like Gecko) Chrome/108.0.0.0 Safari/537.36"
154.47.29.24 - - [03/May/2025:00:45:53 -0400] "GET /api/.env.staging HTTP/1.1" 200 4469 "-" "Mozilla/5.0 (Windows NT 10.0; Win64; x64) AppleWebKit/537.36 (KHTML, like Gecko) Chrome/108.0.0.0 Safari/537.36"
154.47.29.24 - - [03/May/2025:00:45:53 -0400] "GET /kyc/.env.staging HTTP/1.1" 200 13409 "-" "Mozilla/5.0 (Windows NT 10.0; Win64; x64) AppleWebKit/537.36 (KHTML, like Gecko) Chrome/108.0.0.0 Safari/537.36"
154.47.29.24 - - [03/May/2025:00:45:53 -0400] "GET /api/.env.production HTTP/1.1" 200 4472 "-" "Mozilla/5.0 (Windows NT 10.0; Win64; x64) AppleWebKit/537.36 (KHTML, like Gecko) Chrome/108.0.0.0 Safari/537.36"
154.47.29.24 - - [03/May/2025:00:45:54 -0400] "GET /admin/.env HTTP/1.1" 200 13409 "-" "Mozilla/5.0 (Windows NT 10.0; Win64; x64) AppleWebKit/537.36 (KHTML, like Gecko) Chrome/108.0.0.0 Safari/537.36"
154.47.29.24 - - [03/May/2025:00:45:54 -0400] "GET /api/.env.production HTTP/1.1" 200 4471 "-" "Mozilla/5.0 (Windows NT 10.0; Win64; x64) AppleWebKit/537.36 (KHTML, like Gecko) Chrome/108.0.0.0 Safari/537.36"
66.249.73.10 - - [03/May/2025:00:45:54 -0400] "GET /266991938.shtml HTTP/1.1" 200 21953 "-" "Mozilla/5.0 (Linux; Android 6.0.1; Nexus 5X Build/MMB29P) AppleWebKit/537.36 (KHTML, like Gecko) Chrome/135.0.7049.95 Mobile Safari/537.36 (compatible; GoogleOther)"
154.47.29.24 - - [03/May/2025:00:45:55 -0400] "GET /admin/.env HTTP/1.1" 200 13409 "-" "Mozilla/5.0 (Windows NT 10.0; Win64; x64) AppleWebKit/537.36 (KHTML, like Gecko) Chrome/108.0.0.0 Safari/537.36"
154.47.29.24 - - [03/May/2025:00:45:55 -0400] "GET /apis/.env HTTP/1.1" 200 4470 "-" "Mozilla/5.0 (Windows NT 10.0; Win64; x64) AppleWebKit/537.36 (KHTML, like Gecko) Chrome/108.0.0.0 Safari/537.36"
154.47.29.24 - - [03/May/2025:00:45:55 -0400] "GET /admin/.env.local HTTP/1.1" 200 13409 "-" "Mozilla/5.0 (Windows NT 10.0; Win64; x64) AppleWebKit/537.36 (KHTML, like Gecko) Chrome/108.0.0.0 Safari/537.36"
154.47.29.24 - - [03/May/2025:00:45:55 -0400] "GET /apis/.env HTTP/1.1" 200 4472 "-" "Mozilla/5.0 (Windows NT 10.0; Win64; x64) AppleWebKit/537.36 (KHTML, like Gecko) Chrome/108.0.0.0 Safari/537.36"
154.47.29.24 - - [03/May/2025:00:45:56 -0400] "GET /apis/.env.local HTTP/1.1" 200 4469 "-" "Mozilla/5.0 (Windows NT 10.0; Win64; x64) AppleWebKit/537.36 (KHTML, like Gecko) Chrome/108.0.0.0 Safari/537.36"
154.47.29.24 - - [03/May/2025:00:45:56 -0400] "GET /admin/.env.local HTTP/1.1" 200 13409 "-" "Mozilla/5.0 (Windows NT 10.0; Win64; x64) AppleWebKit/537.36 (KHTML, like Gecko) Chrome/108.0.0.0 Safari/537.36"
154.47.29.24 - - [03/May/2025:00:45:56 -0400] "GET /apis/.env.local HTTP/1.1" 200 4467 "-" "Mozilla/5.0 (Windows NT 10.0; Win64; x64) AppleWebKit/537.36 (KHTML, like Gecko) Chrome/108.0.0.0 Safari/537.36"
154.47.29.24 - - [03/May/2025:00:45:57 -0400] "GET /admin/.env.production HTTP/1.1" 200 13409 "-" "Mozilla/5.0 (Windows NT 10.0; Win64; x64) AppleWebKit/537.36 (KHTML, like Gecko) Chrome/108.0.0.0 Safari/537.36"
154.47.29.24 - - [03/May/2025:00:45:57 -0400] "GET /apis/.env.staging HTTP/1.1" 200 4472 "-" "Mozilla/5.0 (Windows NT 10.0; Win64; x64) AppleWebKit/537.36 (KHTML, like Gecko) Chrome/108.0.0.0 Safari/537.36"
154.47.29.24 - - [03/May/2025:00:45:57 -0400] "GET /admin/.env.production HTTP/1.1" 200 13409 "-" "Mozilla/5.0 (Windows NT 10.0; Win64; x64) AppleWebKit/537.36 (KHTML, like Gecko) Chrome/108.0.0.0 Safari/537.36"
154.47.29.24 - - [03/May/2025:00:45:58 -0400] "GET /apis/.env.staging HTTP/1.1" 200 4469 "-" "Mozilla/5.0 (Windows NT 10.0; Win64; x64) AppleWebKit/537.36 (KHTML, like Gecko) Chrome/108.0.0.0 Safari/537.36"
154.47.29.24 - - [03/May/2025:00:45:58 -0400] "GET /admin/.env.staging HTTP/1.1" 200 13409 "-" "Mozilla/5.0 (Windows NT 10.0; Win64; x64) AppleWebKit/537.36 (KHTML, like Gecko) Chrome/108.0.0.0 Safari/537.36"
154.47.29.24 - - [03/May/2025:00:45:58 -0400] "GET /apis/.env.production HTTP/1.1" 200 4472 "-" "Mozilla/5.0 (Windows NT 10.0; Win64; x64) AppleWebKit/537.36 (KHTML, like Gecko) Chrome/108.0.0.0 Safari/537.36"
154.47.29.24 - - [03/May/2025:00:45:59 -0400] "GET /apis/.env.production HTTP/1.1" 200 4473 "-" "Mozilla/5.0 (Windows NT 10.0; Win64; x64) AppleWebKit/537.36 (KHTML, like Gecko) Chrome/108.0.0.0 Safari/537.36"
154.47.29.24 - - [03/May/2025:00:45:59 -0400] "GET /admin/.env.staging HTTP/1.1" 200 13409 "-" "Mozilla/5.0 (Windows NT 10.0; Win64; x64) AppleWebKit/537.36 (KHTML, like Gecko) Chrome/108.0.0.0 Safari/537.36"
66.249.73.10 - - [03/May/2025:00:45:59 -0400] "GET /361361813.shtml HTTP/1.1" 200 21189 "-" "Mozilla/5.0 (Linux; Android 6.0.1; Nexus 5X Build/MMB29P) AppleWebKit/537.36 (KHTML, like Gecko) Chrome/135.0.7049.95 Mobile Safari/537.36 (compatible; GoogleOther)"
154.47.29.24 - - [03/May/2025:00:45:59 -0400] "GET /backend/.env HTTP/1.1" 200 4468 "-" "Mozilla/5.0 (Windows NT 10.0; Win64; x64) AppleWebKit/537.36 (KHTML, like Gecko) Chrome/108.0.0.0 Safari/537.36"
154.47.29.24 - - [03/May/2025:00:46:00 -0400] "GET /client/.env HTTP/1.1" 200 13409 "-" "Mozilla/5.0 (Windows NT 10.0; Win64; x64) AppleWebKit/537.36 (KHTML, like Gecko) Chrome/108.0.0.0 Safari/537.36"
154.47.29.24 - - [03/May/2025:00:46:00 -0400] "GET /backend/.env HTTP/1.1" 200 4472 "-" "Mozilla/5.0 (Windows NT 10.0; Win64; x64) AppleWebKit/537.36 (KHTML, like Gecko) Chrome/108.0.0.0 Safari/537.36"
154.47.29.24 - - [03/May/2025:00:46:00 -0400] "GET /client/.env HTTP/1.1" 200 13409 "-" "Mozilla/5.0 (Windows NT 10.0; Win64; x64) AppleWebKit/537.36 (KHTML, like Gecko) Chrome/108.0.0.0 Safari/537.36"
154.47.29.24 - - [03/May/2025:00:46:01 -0400] "GET /backend/.env.local HTTP/1.1" 200 4470 "-" "Mozilla/5.0 (Windows NT 10.0; Win64; x64) AppleWebKit/537.36 (KHTML, like Gecko) Chrome/108.0.0.0 Safari/537.36"
154.47.29.24 - - [03/May/2025:00:46:01 -0400] "GET /backend/.env.local HTTP/1.1" 200 4468 "-" "Mozilla/5.0 (Windows NT 10.0; Win64; x64) AppleWebKit/537.36 (KHTML, like Gecko) Chrome/108.0.0.0 Safari/537.36"
154.47.29.24 - - [03/May/2025:00:46:01 -0400] "GET /client/.env.local HTTP/1.1" 200 13409 "-" "Mozilla/5.0 (Windows NT 10.0; Win64; x64) AppleWebKit/537.36 (KHTML, like Gecko) Chrome/108.0.0.0 Safari/537.36"
66.249.70.70 - - [03/May/2025:00:46:02 -0400] "GET /161183824.htm HTTP/1.1" 200 14888 "-" "Mozilla/5.0 (Linux; Android 6.0.1; Nexus 5X Build/MMB29P) AppleWebKit/537.36 (KHTML, like Gecko) Chrome/135.0.7049.95 Mobile Safari/537.36 (compatible; GoogleOther)"
154.47.29.24 - - [03/May/2025:00:46:02 -0400] "GET /backend/.env.staging HTTP/1.1" 200 4470 "-" "Mozilla/5.0 (Windows NT 10.0; Win64; x64) AppleWebKit/537.36 (KHTML, like Gecko) Chrome/108.0.0.0 Safari/537.36"
154.47.29.24 - - [03/May/2025:00:46:02 -0400] "GET /client/.env.local HTTP/1.1" 200 13409 "-" "Mozilla/5.0 (Windows NT 10.0; Win64; x64) AppleWebKit/537.36 (KHTML, like Gecko) Chrome/108.0.0.0 Safari/537.36"
154.47.29.24 - - [03/May/2025:00:46:03 -0400] "GET /backend/.env.staging HTTP/1.1" 200 4473 "-" "Mozilla/5.0 (Windows NT 10.0; Win64; x64) AppleWebKit/537.36 (KHTML, like Gecko) Chrome/108.0.0.0 Safari/537.36"
154.47.29.24 - - [03/May/2025:00:46:03 -0400] "GET /client/.env.production HTTP/1.1" 200 13409 "-" "Mozilla/5.0 (Windows NT 10.0; Win64; x64) AppleWebKit/537.36 (KHTML, like Gecko) Chrome/108.0.0.0 Safari/537.36"
154.47.29.24 - - [03/May/2025:00:46:03 -0400] "GET /backend/.env.production HTTP/1.1" 200 4470 "-" "Mozilla/5.0 (Windows NT 10.0; Win64; x64) AppleWebKit/537.36 (KHTML, like Gecko) Chrome/108.0.0.0 Safari/537.36"
154.47.29.24 - - [03/May/2025:00:46:03 -0400] "GET /client/.env.production HTTP/1.1" 200 13409 "-" "Mozilla/5.0 (Windows NT 10.0; Win64; x64) AppleWebKit/537.36 (KHTML, like Gecko) Chrome/108.0.0.0 Safari/537.36"
154.47.29.24 - - [03/May/2025:00:46:04 -0400] "GET /backend/.env.production HTTP/1.1" 200 4474 "-" "Mozilla/5.0 (Windows NT 10.0; Win64; x64) AppleWebKit/537.36 (KHTML, like Gecko) Chrome/108.0.0.0 Safari/537.36"
154.47.29.24 - - [03/May/2025:00:46:04 -0400] "GET /client/.env.staging HTTP/1.1" 200 13409 "-" "Mozilla/5.0 (Windows NT 10.0; Win64; x64) AppleWebKit/537.36 (KHTML, like Gecko) Chrome/108.0.0.0 Safari/537.36"
154.47.29.24 - - [03/May/2025:00:46:04 -0400] "GET /server/.env HTTP/1.1" 200 4471 "-" "Mozilla/5.0 (Windows NT 10.0; Win64; x64) AppleWebKit/537.36 (KHTML, like Gecko) Chrome/108.0.0.0 Safari/537.36"
154.47.29.24 - - [03/May/2025:00:46:05 -0400] "GET /client/.env.staging HTTP/1.1" 200 13409 "-" "Mozilla/5.0 (Windows NT 10.0; Win64; x64) AppleWebKit/537.36 (KHTML, like Gecko) Chrome/108.0.0.0 Safari/537.36"
154.47.29.24 - - [03/May/2025:00:46:05 -0400] "GET /server/.env HTTP/1.1" 200 4469 "-" "Mozilla/5.0 (Windows NT 10.0; Win64; x64) AppleWebKit/537.36 (KHTML, like Gecko) Chrome/108.0.0.0 Safari/537.36"
66.249.73.11 - - [03/May/2025:00:46:05 -0400] "GET /34641313.shtml HTTP/1.1" 200 20255 "-" "Mozilla/5.0 (Linux; Android 6.0.1; Nexus 5X Build/MMB29P) AppleWebKit/537.36 (KHTML, like Gecko) Chrome/135.0.7049.95 Mobile Safari/537.36 (compatible; GoogleOther)"
154.47.29.24 - - [03/May/2025:00:46:06 -0400] "GET /server/.env.local HTTP/1.1" 200 4466 "-" "Mozilla/5.0 (Windows NT 10.0; Win64; x64) AppleWebKit/537.36 (KHTML, like Gecko) Chrome/108.0.0.0 Safari/537.36"
154.47.29.24 - - [03/May/2025:00:46:06 -0400] "GET /user/.env HTTP/1.1" 200 13409 "-" "Mozilla/5.0 (Windows NT 10.0; Win64; x64) AppleWebKit/537.36 (KHTML, like Gecko) Chrome/108.0.0.0 Safari/537.36"
154.47.29.24 - - [03/May/2025:00:46:06 -0400] "GET /server/.env.local HTTP/1.1" 200 4469 "-" "Mozilla/5.0 (Windows NT 10.0; Win64; x64) AppleWebKit/537.36 (KHTML, like Gecko) Chrome/108.0.0.0 Safari/537.36"
154.47.29.24 - - [03/May/2025:00:46:06 -0400] "GET /user/.env HTTP/1.1" 200 13409 "-" "Mozilla/5.0 (Windows NT 10.0; Win64; x64) AppleWebKit/537.36 (KHTML, like Gecko) Chrome/108.0.0.0 Safari/537.36"
154.47.29.24 - - [03/May/2025:00:46:07 -0400] "GET /server/.env.staging HTTP/1.1" 200 4473 "-" "Mozilla/5.0 (Windows NT 10.0; Win64; x64) AppleWebKit/537.36 (KHTML, like Gecko) Chrome/108.0.0.0 Safari/537.36"
66.249.73.10 - - [03/May/2025:00:46:07 -0400] "GET /211477938.shtml HTTP/1.1" 200 20669 "-" "Mozilla/5.0 (Linux; Android 6.0.1; Nexus 5X Build/MMB29P) AppleWebKit/537.36 (KHTML, like Gecko) Chrome/135.0.7049.95 Mobile Safari/537.36 (compatible; GoogleOther)"
154.47.29.24 - - [03/May/2025:00:46:07 -0400] "GET /user/.env.local HTTP/1.1" 200 13409 "-" "Mozilla/5.0 (Windows NT 10.0; Win64; x64) AppleWebKit/537.36 (KHTML, like Gecko) Chrome/108.0.0.0 Safari/537.36"
154.47.29.24 - - [03/May/2025:00:46:07 -0400] "GET /server/.env.staging HTTP/1.1" 200 4472 "-" "Mozilla/5.0 (Windows NT 10.0; Win64; x64) AppleWebKit/537.36 (KHTML, like Gecko) Chrome/108.0.0.0 Safari/537.36"
154.47.29.24 - - [03/May/2025:00:46:08 -0400] "GET /server/.env.production HTTP/1.1" 200 4467 "-" "Mozilla/5.0 (Windows NT 10.0; Win64; x64) AppleWebKit/537.36 (KHTML, like Gecko) Chrome/108.0.0.0 Safari/537.36"
154.47.29.24 - - [03/May/2025:00:46:08 -0400] "GET /user/.env.local HTTP/1.1" 200 13409 "-" "Mozilla/5.0 (Windows NT 10.0; Win64; x64) AppleWebKit/537.36 (KHTML, like Gecko) Chrome/108.0.0.0 Safari/537.36"
154.47.29.24 - - [03/May/2025:00:46:09 -0400] "GET /user/.env.staging HTTP/1.1" 200 13409 "-" "Mozilla/5.0 (Windows NT 10.0; Win64; x64) AppleWebKit/537.36 (KHTML, like Gecko) Chrome/108.0.0.0 Safari/537.36"
154.47.29.24 - - [03/May/2025:00:46:09 -0400] "GET /server/.env.production HTTP/1.1" 200 4468 "-" "Mozilla/5.0 (Windows NT 10.0; Win64; x64) AppleWebKit/537.36 (KHTML, like Gecko) Chrome/108.0.0.0 Safari/537.36"
154.47.29.24 - - [03/May/2025:00:46:09 -0400] "GET /app/.env HTTP/1.1" 200 4473 "-" "Mozilla/5.0 (Windows NT 10.0; Win64; x64) AppleWebKit/537.36 (KHTML, like Gecko) Chrome/108.0.0.0 Safari/537.36"
154.47.29.24 - - [03/May/2025:00:46:09 -0400] "GET /user/.env.staging HTTP/1.1" 200 13409 "-" "Mozilla/5.0 (Windows NT 10.0; Win64; x64) AppleWebKit/537.36 (KHTML, like Gecko) Chrome/108.0.0.0 Safari/537.36"
154.47.29.24 - - [03/May/2025:00:46:10 -0400] "GET /app/.env HTTP/1.1" 200 4469 "-" "Mozilla/5.0 (Windows NT 10.0; Win64; x64) AppleWebKit/537.36 (KHTML, like Gecko) Chrome/108.0.0.0 Safari/537.36"
154.47.29.24 - - [03/May/2025:00:46:10 -0400] "GET /api/.env HTTP/1.1" 200 13409 "-" "Mozilla/5.0 (Windows NT 10.0; Win64; x64) AppleWebKit/537.36 (KHTML, like Gecko) Chrome/108.0.0.0 Safari/537.36"
154.47.29.24 - - [03/May/2025:00:46:10 -0400] "GET /app/.env.local HTTP/1.1" 200 4471 "-" "Mozilla/5.0 (Windows NT 10.0; Win64; x64) AppleWebKit/537.36 (KHTML, like Gecko) Chrome/108.0.0.0 Safari/537.36"
154.47.29.24 - - [03/May/2025:00:46:11 -0400] "GET /api/.env HTTP/1.1" 200 13409 "-" "Mozilla/5.0 (Windows NT 10.0; Win64; x64) AppleWebKit/537.36 (KHTML, like Gecko) Chrome/108.0.0.0 Safari/537.36"
154.47.29.24 - - [03/May/2025:00:46:11 -0400] "GET /app/.env.local HTTP/1.1" 200 4469 "-" "Mozilla/5.0 (Windows NT 10.0; Win64; x64) AppleWebKit/537.36 (KHTML, like Gecko) Chrome/108.0.0.0 Safari/537.36"
154.47.29.24 - - [03/May/2025:00:46:12 -0400] "GET /api/.env.local HTTP/1.1" 200 13409 "-" "Mozilla/5.0 (Windows NT 10.0; Win64; x64) AppleWebKit/537.36 (KHTML, like Gecko) Chrome/108.0.0.0 Safari/537.36"
154.47.29.24 - - [03/May/2025:00:46:12 -0400] "GET /app/.env.staging HTTP/1.1" 200 4471 "-" "Mozilla/5.0 (Windows NT 10.0; Win64; x64) AppleWebKit/537.36 (KHTML, like Gecko) Chrome/108.0.0.0 Safari/537.36"
154.47.29.24 - - [03/May/2025:00:46:12 -0400] "GET /api/.env.local HTTP/1.1" 200 13409 "-" "Mozilla/5.0 (Windows NT 10.0; Win64; x64) AppleWebKit/537.36 (KHTML, like Gecko) Chrome/108.0.0.0 Safari/537.36"
154.47.29.24 - - [03/May/2025:00:46:12 -0400] "GET /app/.env.staging HTTP/1.1" 200 4471 "-" "Mozilla/5.0 (Windows NT 10.0; Win64; x64) AppleWebKit/537.36 (KHTML, like Gecko) Chrome/108.0.0.0 Safari/537.36"
154.47.29.24 - - [03/May/2025:00:46:13 -0400] "GET /app/.env.production HTTP/1.1" 200 4470 "-" "Mozilla/5.0 (Windows NT 10.0; Win64; x64) AppleWebKit/537.36 (KHTML, like Gecko) Chrome/108.0.0.0 Safari/537.36"
154.47.29.24 - - [03/May/2025:00:46:13 -0400] "GET /api/.env.staging HTTP/1.1" 200 13409 "-" "Mozilla/5.0 (Windows NT 10.0; Win64; x64) AppleWebKit/537.36 (KHTML, like Gecko) Chrome/108.0.0.0 Safari/537.36"
154.47.29.24 - - [03/May/2025:00:46:14 -0400] "GET /app/.env.production HTTP/1.1" 200 4472 "-" "Mozilla/5.0 (Windows NT 10.0; Win64; x64) AppleWebKit/537.36 (KHTML, like Gecko) Chrome/108.0.0.0 Safari/537.36"
154.47.29.24 - - [03/May/2025:00:46:14 -0400] "GET /api/.env.staging HTTP/1.1" 200 13409 "-" "Mozilla/5.0 (Windows NT 10.0; Win64; x64) AppleWebKit/537.36 (KHTML, like Gecko) Chrome/108.0.0.0 Safari/537.36"
154.47.29.24 - - [03/May/2025:00:46:14 -0400] "GET /project/.env HTTP/1.1" 200 4473 "-" "Mozilla/5.0 (Windows NT 10.0; Win64; x64) AppleWebKit/537.36 (KHTML, like Gecko) Chrome/108.0.0.0 Safari/537.36"
154.47.29.24 - - [03/May/2025:00:46:14 -0400] "GET /api/.env.production HTTP/1.1" 200 13409 "-" "Mozilla/5.0 (Windows NT 10.0; Win64; x64) AppleWebKit/537.36 (KHTML, like Gecko) Chrome/108.0.0.0 Safari/537.36"
154.47.29.24 - - [03/May/2025:00:46:15 -0400] "GET /project/.env HTTP/1.1" 200 4470 "-" "Mozilla/5.0 (Windows NT 10.0; Win64; x64) AppleWebKit/537.36 (KHTML, like Gecko) Chrome/108.0.0.0 Safari/537.36"
154.47.29.24 - - [03/May/2025:00:46:15 -0400] "GET /api/.env.production HTTP/1.1" 200 13409 "-" "Mozilla/5.0 (Windows NT 10.0; Win64; x64) AppleWebKit/537.36 (KHTML, like Gecko) Chrome/108.0.0.0 Safari/537.36"
154.47.29.24 - - [03/May/2025:00:46:16 -0400] "GET /project/.env.local HTTP/1.1" 200 4467 "-" "Mozilla/5.0 (Windows NT 10.0; Win64; x64) AppleWebKit/537.36 (KHTML, like Gecko) Chrome/108.0.0.0 Safari/537.36"
154.47.29.24 - - [03/May/2025:00:46:16 -0400] "GET /apis/.env HTTP/1.1" 200 13409 "-" "Mozilla/5.0 (Windows NT 10.0; Win64; x64) AppleWebKit/537.36 (KHTML, like Gecko) Chrome/108.0.0.0 Safari/537.36"
154.47.29.24 - - [03/May/2025:00:46:16 -0400] "GET /project/.env.local HTTP/1.1" 200 4473 "-" "Mozilla/5.0 (Windows NT 10.0; Win64; x64) AppleWebKit/537.36 (KHTML, like Gecko) Chrome/108.0.0.0 Safari/537.36"
154.47.29.24 - - [03/May/2025:00:46:17 -0400] "GET /apis/.env HTTP/1.1" 200 13409 "-" "Mozilla/5.0 (Windows NT 10.0; Win64; x64) AppleWebKit/537.36 (KHTML, like Gecko) Chrome/108.0.0.0 Safari/537.36"
154.47.29.24 - - [03/May/2025:00:46:17 -0400] "GET /project/.env.staging HTTP/1.1" 200 4468 "-" "Mozilla/5.0 (Windows NT 10.0; Win64; x64) AppleWebKit/537.36 (KHTML, like Gecko) Chrome/108.0.0.0 Safari/537.36"
154.47.29.24 - - [03/May/2025:00:46:17 -0400] "GET /project/.env.staging HTTP/1.1" 200 4469 "-" "Mozilla/5.0 (Windows NT 10.0; Win64; x64) AppleWebKit/537.36 (KHTML, like Gecko) Chrome/108.0.0.0 Safari/537.36"
154.47.29.24 - - [03/May/2025:00:46:17 -0400] "GET /apis/.env.local HTTP/1.1" 200 13409 "-" "Mozilla/5.0 (Windows NT 10.0; Win64; x64) AppleWebKit/537.36 (KHTML, like Gecko) Chrome/108.0.0.0 Safari/537.36"
154.47.29.24 - - [03/May/2025:00:46:18 -0400] "GET /project/.env.production HTTP/1.1" 200 4471 "-" "Mozilla/5.0 (Windows NT 10.0; Win64; x64) AppleWebKit/537.36 (KHTML, like Gecko) Chrome/108.0.0.0 Safari/537.36"
154.47.29.24 - - [03/May/2025:00:46:18 -0400] "GET /apis/.env.local HTTP/1.1" 200 13409 "-" "Mozilla/5.0 (Windows NT 10.0; Win64; x64) AppleWebKit/537.36 (KHTML, like Gecko) Chrome/108.0.0.0 Safari/537.36"
154.47.29.24 - - [03/May/2025:00:46:19 -0400] "GET /project/.env.production HTTP/1.1" 200 4470 "-" "Mozilla/5.0 (Windows NT 10.0; Win64; x64) AppleWebKit/537.36 (KHTML, like Gecko) Chrome/108.0.0.0 Safari/537.36"
154.47.29.24 - - [03/May/2025:00:46:19 -0400] "GET /apis/.env.staging HTTP/1.1" 200 13409 "-" "Mozilla/5.0 (Windows NT 10.0; Win64; x64) AppleWebKit/537.36 (KHTML, like Gecko) Chrome/108.0.0.0 Safari/537.36"
154.47.29.24 - - [03/May/2025:00:46:19 -0400] "GET /cron/.env HTTP/1.1" 200 4472 "-" "Mozilla/5.0 (Windows NT 10.0; Win64; x64) AppleWebKit/537.36 (KHTML, like Gecko) Chrome/108.0.0.0 Safari/537.36"
154.47.29.24 - - [03/May/2025:00:46:20 -0400] "GET /cron/.env HTTP/1.1" 200 4471 "-" "Mozilla/5.0 (Windows NT 10.0; Win64; x64) AppleWebKit/537.36 (KHTML, like Gecko) Chrome/108.0.0.0 Safari/537.36"
154.47.29.24 - - [03/May/2025:00:46:20 -0400] "GET /apis/.env.staging HTTP/1.1" 200 13409 "-" "Mozilla/5.0 (Windows NT 10.0; Win64; x64) AppleWebKit/537.36 (KHTML, like Gecko) Chrome/108.0.0.0 Safari/537.36"
154.47.29.24 - - [03/May/2025:00:46:20 -0400] "GET /cron/.env.local HTTP/1.1" 200 4465 "-" "Mozilla/5.0 (Windows NT 10.0; Win64; x64) AppleWebKit/537.36 (KHTML, like Gecko) Chrome/108.0.0.0 Safari/537.36"
154.47.29.24 - - [03/May/2025:00:46:21 -0400] "GET /apis/.env.production HTTP/1.1" 200 13409 "-" "Mozilla/5.0 (Windows NT 10.0; Win64; x64) AppleWebKit/537.36 (KHTML, like Gecko) Chrome/108.0.0.0 Safari/537.36"
154.47.29.24 - - [03/May/2025:00:46:21 -0400] "GET /cron/.env.local HTTP/1.1" 200 4473 "-" "Mozilla/5.0 (Windows NT 10.0; Win64; x64) AppleWebKit/537.36 (KHTML, like Gecko) Chrome/108.0.0.0 Safari/537.36"
154.47.29.24 - - [03/May/2025:00:46:21 -0400] "GET /apis/.env.production HTTP/1.1" 200 13409 "-" "Mozilla/5.0 (Windows NT 10.0; Win64; x64) AppleWebKit/537.36 (KHTML, like Gecko) Chrome/108.0.0.0 Safari/537.36"
154.47.29.24 - - [03/May/2025:00:46:21 -0400] "GET /cron/.env.staging HTTP/1.1" 200 4470 "-" "Mozilla/5.0 (Windows NT 10.0; Win64; x64) AppleWebKit/537.36 (KHTML, like Gecko) Chrome/108.0.0.0 Safari/537.36"
154.47.29.24 - - [03/May/2025:00:46:22 -0400] "GET /cron/.env.staging HTTP/1.1" 200 4469 "-" "Mozilla/5.0 (Windows NT 10.0; Win64; x64) AppleWebKit/537.36 (KHTML, like Gecko) Chrome/108.0.0.0 Safari/537.36"
154.47.29.24 - - [03/May/2025:00:46:22 -0400] "GET /backend/.env HTTP/1.1" 200 13409 "-" "Mozilla/5.0 (Windows NT 10.0; Win64; x64) AppleWebKit/537.36 (KHTML, like Gecko) Chrome/108.0.0.0 Safari/537.36"
154.47.29.24 - - [03/May/2025:00:46:22 -0400] "GET /cron/.env.production HTTP/1.1" 200 4471 "-" "Mozilla/5.0 (Windows NT 10.0; Win64; x64) AppleWebKit/537.36 (KHTML, like Gecko) Chrome/108.0.0.0 Safari/537.36"
154.47.29.24 - - [03/May/2025:00:46:23 -0400] "GET /backend/.env HTTP/1.1" 200 13409 "-" "Mozilla/5.0 (Windows NT 10.0; Win64; x64) AppleWebKit/537.36 (KHTML, like Gecko) Chrome/108.0.0.0 Safari/537.36"
154.47.29.24 - - [03/May/2025:00:46:23 -0400] "GET /cron/.env.production HTTP/1.1" 200 4467 "-" "Mozilla/5.0 (Windows NT 10.0; Win64; x64) AppleWebKit/537.36 (KHTML, like Gecko) Chrome/108.0.0.0 Safari/537.36"
154.47.29.24 - - [03/May/2025:00:46:24 -0400] "GET /backend/.env.local HTTP/1.1" 200 13409 "-" "Mozilla/5.0 (Windows NT 10.0; Win64; x64) AppleWebKit/537.36 (KHTML, like Gecko) Chrome/108.0.0.0 Safari/537.36"
154.47.29.24 - - [03/May/2025:00:46:24 -0400] "GET /crm/.env HTTP/1.1" 200 4469 "-" "Mozilla/5.0 (Windows NT 10.0; Win64; x64) AppleWebKit/537.36 (KHTML, like Gecko) Chrome/108.0.0.0 Safari/537.36"
154.47.29.24 - - [03/May/2025:00:46:24 -0400] "GET /crm/.env HTTP/1.1" 200 4473 "-" "Mozilla/5.0 (Windows NT 10.0; Win64; x64) AppleWebKit/537.36 (KHTML, like Gecko) Chrome/108.0.0.0 Safari/537.36"
154.47.29.24 - - [03/May/2025:00:46:25 -0400] "GET /backend/.env.local HTTP/1.1" 200 13409 "-" "Mozilla/5.0 (Windows NT 10.0; Win64; x64) AppleWebKit/537.36 (KHTML, like Gecko) Chrome/108.0.0.0 Safari/537.36"
154.47.29.24 - - [03/May/2025:00:46:25 -0400] "GET /crm/.env.local HTTP/1.1" 200 4467 "-" "Mozilla/5.0 (Windows NT 10.0; Win64; x64) AppleWebKit/537.36 (KHTML, like Gecko) Chrome/108.0.0.0 Safari/537.36"
154.47.29.24 - - [03/May/2025:00:46:25 -0400] "GET /crm/.env.local HTTP/1.1" 200 4471 "-" "Mozilla/5.0 (Windows NT 10.0; Win64; x64) AppleWebKit/537.36 (KHTML, like Gecko) Chrome/108.0.0.0 Safari/537.36"
154.47.29.24 - - [03/May/2025:00:46:25 -0400] "GET /backend/.env.staging HTTP/1.1" 200 13409 "-" "Mozilla/5.0 (Windows NT 10.0; Win64; x64) AppleWebKit/537.36 (KHTML, like Gecko) Chrome/108.0.0.0 Safari/537.36"
154.47.29.24 - - [03/May/2025:00:46:26 -0400] "GET /crm/.env.staging HTTP/1.1" 200 4473 "-" "Mozilla/5.0 (Windows NT 10.0; Win64; x64) AppleWebKit/537.36 (KHTML, like Gecko) Chrome/108.0.0.0 Safari/537.36"
154.47.29.24 - - [03/May/2025:00:46:26 -0400] "GET /backend/.env.staging HTTP/1.1" 200 13409 "-" "Mozilla/5.0 (Windows NT 10.0; Win64; x64) AppleWebKit/537.36 (KHTML, like Gecko) Chrome/108.0.0.0 Safari/537.36"
154.47.29.24 - - [03/May/2025:00:46:26 -0400] "GET /crm/.env.staging HTTP/1.1" 200 4470 "-" "Mozilla/5.0 (Windows NT 10.0; Win64; x64) AppleWebKit/537.36 (KHTML, like Gecko) Chrome/108.0.0.0 Safari/537.36"
154.47.29.24 - - [03/May/2025:00:46:27 -0400] "GET /backend/.env.production HTTP/1.1" 200 13409 "-" "Mozilla/5.0 (Windows NT 10.0; Win64; x64) AppleWebKit/537.36 (KHTML, like Gecko) Chrome/108.0.0.0 Safari/537.36"
17.241.75.81 - - [03/May/2025:00:46:27 -0400] "GET /robots.txt HTTP/1.1" 200 13409 "-" "Mozilla/5.0 (Macintosh; Intel Mac OS X 10_15_7) AppleWebKit/605.1.15 (KHTML, like Gecko) Version/17.4 Safari/605.1.15 (Applebot/0.1; +http://www.apple.com/go/applebot)"
154.47.29.24 - - [03/May/2025:00:46:27 -0400] "GET /crm/.env.production HTTP/1.1" 200 4468 "-" "Mozilla/5.0 (Windows NT 10.0; Win64; x64) AppleWebKit/537.36 (KHTML, like Gecko) Chrome/108.0.0.0 Safari/537.36"
17.241.75.81 - - [03/May/2025:00:46:27 -0400] "GET /category/electrodomesticos HTTP/1.1" 200 13409 "-" "Mozilla/5.0 (Macintosh; Intel Mac OS X 10_15_7) AppleWebKit/605.1.15 (KHTML, like Gecko) Version/17.4 Safari/605.1.15 (Applebot/0.1; +http://www.apple.com/go/applebot)"
154.47.29.24 - - [03/May/2025:00:46:28 -0400] "GET /backend/.env.production HTTP/1.1" 200 13409 "-" "Mozilla/5.0 (Windows NT 10.0; Win64; x64) AppleWebKit/537.36 (KHTML, like Gecko) Chrome/108.0.0.0 Safari/537.36"
154.47.29.24 - - [03/May/2025:00:46:28 -0400] "GET /crm/.env.production HTTP/1.1" 200 4472 "-" "Mozilla/5.0 (Windows NT 10.0; Win64; x64) AppleWebKit/537.36 (KHTML, like Gecko) Chrome/108.0.0.0 Safari/537.36"
154.47.29.24 - - [03/May/2025:00:46:28 -0400] "GET /server/.env HTTP/1.1" 200 13409 "-" "Mozilla/5.0 (Windows NT 10.0; Win64; x64) AppleWebKit/537.36 (KHTML, like Gecko) Chrome/108.0.0.0 Safari/537.36"
154.47.29.24 - - [03/May/2025:00:46:28 -0400] "GET /current/.env HTTP/1.1" 200 4472 "-" "Mozilla/5.0 (Windows NT 10.0; Win64; x64) AppleWebKit/537.36 (KHTML, like Gecko) Chrome/108.0.0.0 Safari/537.36"
154.47.29.24 - - [03/May/2025:00:46:29 -0400] "GET /current/.env HTTP/1.1" 200 4472 "-" "Mozilla/5.0 (Windows NT 10.0; Win64; x64) AppleWebKit/537.36 (KHTML, like Gecko) Chrome/108.0.0.0 Safari/537.36"
154.47.29.24 - - [03/May/2025:00:46:29 -0400] "GET /server/.env HTTP/1.1" 200 13409 "-" "Mozilla/5.0 (Windows NT 10.0; Win64; x64) AppleWebKit/537.36 (KHTML, like Gecko) Chrome/108.0.0.0 Safari/537.36"
154.47.29.24 - - [03/May/2025:00:46:30 -0400] "GET /current/.env.local HTTP/1.1" 200 4470 "-" "Mozilla/5.0 (Windows NT 10.0; Win64; x64) AppleWebKit/537.36 (KHTML, like Gecko) Chrome/108.0.0.0 Safari/537.36"
154.47.29.24 - - [03/May/2025:00:46:30 -0400] "GET /server/.env.local HTTP/1.1" 200 13409 "-" "Mozilla/5.0 (Windows NT 10.0; Win64; x64) AppleWebKit/537.36 (KHTML, like Gecko) Chrome/108.0.0.0 Safari/537.36"
154.47.29.24 - - [03/May/2025:00:46:30 -0400] "GET /current/.env.local HTTP/1.1" 200 4472 "-" "Mozilla/5.0 (Windows NT 10.0; Win64; x64) AppleWebKit/537.36 (KHTML, like Gecko) Chrome/108.0.0.0 Safari/537.36"
154.47.29.24 - - [03/May/2025:00:46:31 -0400] "GET /server/.env.local HTTP/1.1" 200 13409 "-" "Mozilla/5.0 (Windows NT 10.0; Win64; x64) AppleWebKit/537.36 (KHTML, like Gecko) Chrome/108.0.0.0 Safari/537.36"
154.47.29.24 - - [03/May/2025:00:46:31 -0400] "GET /current/.env.staging HTTP/1.1" 200 4474 "-" "Mozilla/5.0 (Windows NT 10.0; Win64; x64) AppleWebKit/537.36 (KHTML, like Gecko) Chrome/108.0.0.0 Safari/537.36"
154.47.29.24 - - [03/May/2025:00:46:32 -0400] "GET /current/.env.staging HTTP/1.1" 200 4472 "-" "Mozilla/5.0 (Windows NT 10.0; Win64; x64) AppleWebKit/537.36 (KHTML, like Gecko) Chrome/108.0.0.0 Safari/537.36"
154.47.29.24 - - [03/May/2025:00:46:32 -0400] "GET /server/.env.staging HTTP/1.1" 200 13409 "-" "Mozilla/5.0 (Windows NT 10.0; Win64; x64) AppleWebKit/537.36 (KHTML, like Gecko) Chrome/108.0.0.0 Safari/537.36"
154.47.29.24 - - [03/May/2025:00:46:32 -0400] "GET /current/.env.production HTTP/1.1" 200 4469 "-" "Mozilla/5.0 (Windows NT 10.0; Win64; x64) AppleWebKit/537.36 (KHTML, like Gecko) Chrome/108.0.0.0 Safari/537.36"
154.47.29.24 - - [03/May/2025:00:46:33 -0400] "GET /server/.env.staging HTTP/1.1" 200 13409 "-" "Mozilla/5.0 (Windows NT 10.0; Win64; x64) AppleWebKit/537.36 (KHTML, like Gecko) Chrome/108.0.0.0 Safari/537.36"
154.47.29.24 - - [03/May/2025:00:46:33 -0400] "GET /current/.env.production HTTP/1.1" 200 4469 "-" "Mozilla/5.0 (Windows NT 10.0; Win64; x64) AppleWebKit/537.36 (KHTML, like Gecko) Chrome/108.0.0.0 Safari/537.36"
154.47.29.24 - - [03/May/2025:00:46:33 -0400] "GET /server/.env.production HTTP/1.1" 200 13409 "-" "Mozilla/5.0 (Windows NT 10.0; Win64; x64) AppleWebKit/537.36 (KHTML, like Gecko) Chrome/108.0.0.0 Safari/537.36"
154.47.29.24 - - [03/May/2025:00:46:34 -0400] "GET /dev/.env HTTP/1.1" 200 4470 "-" "Mozilla/5.0 (Windows NT 10.0; Win64; x64) AppleWebKit/537.36 (KHTML, like Gecko) Chrome/108.0.0.0 Safari/537.36"
154.47.29.24 - - [03/May/2025:00:46:34 -0400] "GET /server/.env.production HTTP/1.1" 200 13409 "-" "Mozilla/5.0 (Windows NT 10.0; Win64; x64) AppleWebKit/537.36 (KHTML, like Gecko) Chrome/108.0.0.0 Safari/537.36"
154.47.29.24 - - [03/May/2025:00:46:35 -0400] "GET /dev/.env HTTP/1.1" 200 4467 "-" "Mozilla/5.0 (Windows NT 10.0; Win64; x64) AppleWebKit/537.36 (KHTML, like Gecko) Chrome/108.0.0.0 Safari/537.36"
154.47.29.24 - - [03/May/2025:00:46:35 -0400] "GET /app/.env HTTP/1.1" 200 13409 "-" "Mozilla/5.0 (Windows NT 10.0; Win64; x64) AppleWebKit/537.36 (KHTML, like Gecko) Chrome/108.0.0.0 Safari/537.36"
154.47.29.24 - - [03/May/2025:00:46:35 -0400] "GET /dev/.env.local HTTP/1.1" 200 4471 "-" "Mozilla/5.0 (Windows NT 10.0; Win64; x64) AppleWebKit/537.36 (KHTML, like Gecko) Chrome/108.0.0.0 Safari/537.36"
154.47.29.24 - - [03/May/2025:00:46:36 -0400] "GET /app/.env HTTP/1.1" 200 13409 "-" "Mozilla/5.0 (Windows NT 10.0; Win64; x64) AppleWebKit/537.36 (KHTML, like Gecko) Chrome/108.0.0.0 Safari/537.36"
154.47.29.24 - - [03/May/2025:00:46:36 -0400] "GET /dev/.env.local HTTP/1.1" 200 4472 "-" "Mozilla/5.0 (Windows NT 10.0; Win64; x64) AppleWebKit/537.36 (KHTML, like Gecko) Chrome/108.0.0.0 Safari/537.36"
66.249.73.10 - - [03/May/2025:00:46:36 -0400] "GET /105933563.shtml HTTP/1.1" 200 21067 "-" "Mozilla/5.0 (Linux; Android 6.0.1; Nexus 5X Build/MMB29P) AppleWebKit/537.36 (KHTML, like Gecko) Chrome/135.0.7049.95 Mobile Safari/537.36 (compatible; GoogleOther)"
154.47.29.24 - - [03/May/2025:00:46:37 -0400] "GET /dev/.env.staging HTTP/1.1" 200 4474 "-" "Mozilla/5.0 (Windows NT 10.0; Win64; x64) AppleWebKit/537.36 (KHTML, like Gecko) Chrome/108.0.0.0 Safari/537.36"
154.47.29.24 - - [03/May/2025:00:46:37 -0400] "GET /app/.env.local HTTP/1.1" 200 13409 "-" "Mozilla/5.0 (Windows NT 10.0; Win64; x64) AppleWebKit/537.36 (KHTML, like Gecko) Chrome/108.0.0.0 Safari/537.36"
154.47.29.24 - - [03/May/2025:00:46:37 -0400] "GET /dev/.env.staging HTTP/1.1" 200 4469 "-" "Mozilla/5.0 (Windows NT 10.0; Win64; x64) AppleWebKit/537.36 (KHTML, like Gecko) Chrome/108.0.0.0 Safari/537.36"
154.47.29.24 - - [03/May/2025:00:46:37 -0400] "GET /app/.env.local HTTP/1.1" 200 13409 "-" "Mozilla/5.0 (Windows NT 10.0; Win64; x64) AppleWebKit/537.36 (KHTML, like Gecko) Chrome/108.0.0.0 Safari/537.36"
154.47.29.24 - - [03/May/2025:00:46:38 -0400] "GET /dev/.env.production HTTP/1.1" 200 4473 "-" "Mozilla/5.0 (Windows NT 10.0; Win64; x64) AppleWebKit/537.36 (KHTML, like Gecko) Chrome/108.0.0.0 Safari/537.36"
154.47.29.24 - - [03/May/2025:00:46:38 -0400] "GET /app/.env.staging HTTP/1.1" 200 13409 "-" "Mozilla/5.0 (Windows NT 10.0; Win64; x64) AppleWebKit/537.36 (KHTML, like Gecko) Chrome/108.0.0.0 Safari/537.36"
154.47.29.24 - - [03/May/2025:00:46:38 -0400] "GET /dev/.env.production HTTP/1.1" 200 4470 "-" "Mozilla/5.0 (Windows NT 10.0; Win64; x64) AppleWebKit/537.36 (KHTML, like Gecko) Chrome/108.0.0.0 Safari/537.36"
154.47.29.24 - - [03/May/2025:00:46:39 -0400] "GET /app/.env.staging HTTP/1.1" 200 13409 "-" "Mozilla/5.0 (Windows NT 10.0; Win64; x64) AppleWebKit/537.36 (KHTML, like Gecko) Chrome/108.0.0.0 Safari/537.36"
154.47.29.24 - - [03/May/2025:00:46:39 -0400] "GET /develop/.env HTTP/1.1" 200 4473 "-" "Mozilla/5.0 (Windows NT 10.0; Win64; x64) AppleWebKit/537.36 (KHTML, like Gecko) Chrome/108.0.0.0 Safari/537.36"
154.47.29.24 - - [03/May/2025:00:46:40 -0400] "GET /app/.env.production HTTP/1.1" 200 13409 "-" "Mozilla/5.0 (Windows NT 10.0; Win64; x64) AppleWebKit/537.36 (KHTML, like Gecko) Chrome/108.0.0.0 Safari/537.36"
154.47.29.24 - - [03/May/2025:00:46:40 -0400] "GET /develop/.env HTTP/1.1" 200 4468 "-" "Mozilla/5.0 (Windows NT 10.0; Win64; x64) AppleWebKit/537.36 (KHTML, like Gecko) Chrome/108.0.0.0 Safari/537.36"
154.47.29.24 - - [03/May/2025:00:46:40 -0400] "GET /app/.env.production HTTP/1.1" 200 13409 "-" "Mozilla/5.0 (Windows NT 10.0; Win64; x64) AppleWebKit/537.36 (KHTML, like Gecko) Chrome/108.0.0.0 Safari/537.36"
154.47.29.24 - - [03/May/2025:00:46:40 -0400] "GET /develop/.env.local HTTP/1.1" 200 4469 "-" "Mozilla/5.0 (Windows NT 10.0; Win64; x64) AppleWebKit/537.36 (KHTML, like Gecko) Chrome/108.0.0.0 Safari/537.36"
154.47.29.24 - - [03/May/2025:00:46:41 -0400] "GET /develop/.env.local HTTP/1.1" 200 4471 "-" "Mozilla/5.0 (Windows NT 10.0; Win64; x64) AppleWebKit/537.36 (KHTML, like Gecko) Chrome/108.0.0.0 Safari/537.36"
154.47.29.24 - - [03/May/2025:00:46:41 -0400] "GET /project/.env HTTP/1.1" 200 13409 "-" "Mozilla/5.0 (Windows NT 10.0; Win64; x64) AppleWebKit/537.36 (KHTML, like Gecko) Chrome/108.0.0.0 Safari/537.36"
66.249.73.10 - - [03/May/2025:00:46:41 -0400] "GET /381742938.shtml HTTP/1.1" 200 20963 "-" "Mozilla/5.0 (Linux; Android 6.0.1; Nexus 5X Build/MMB29P) AppleWebKit/537.36 (KHTML, like Gecko) Chrome/135.0.7049.95 Mobile Safari/537.36 (compatible; GoogleOther)"
154.47.29.24 - - [03/May/2025:00:46:41 -0400] "GET /develop/.env.staging HTTP/1.1" 200 4470 "-" "Mozilla/5.0 (Windows NT 10.0; Win64; x64) AppleWebKit/537.36 (KHTML, like Gecko) Chrome/108.0.0.0 Safari/537.36"
154.47.29.24 - - [03/May/2025:00:46:42 -0400] "GET /project/.env HTTP/1.1" 200 13409 "-" "Mozilla/5.0 (Windows NT 10.0; Win64; x64) AppleWebKit/537.36 (KHTML, like Gecko) Chrome/108.0.0.0 Safari/537.36"
154.47.29.24 - - [03/May/2025:00:46:42 -0400] "GET /develop/.env.staging HTTP/1.1" 200 4470 "-" "Mozilla/5.0 (Windows NT 10.0; Win64; x64) AppleWebKit/537.36 (KHTML, like Gecko) Chrome/108.0.0.0 Safari/537.36"
154.47.29.24 - - [03/May/2025:00:46:42 -0400] "GET /project/.env.local HTTP/1.1" 200 13409 "-" "Mozilla/5.0 (Windows NT 10.0; Win64; x64) AppleWebKit/537.36 (KHTML, like Gecko) Chrome/108.0.0.0 Safari/537.36"
154.47.29.24 - - [03/May/2025:00:46:43 -0400] "GET /develop/.env.production HTTP/1.1" 200 4466 "-" "Mozilla/5.0 (Windows NT 10.0; Win64; x64) AppleWebKit/537.36 (KHTML, like Gecko) Chrome/108.0.0.0 Safari/537.36"
154.47.29.24 - - [03/May/2025:00:46:43 -0400] "GET /project/.env.local HTTP/1.1" 200 13409 "-" "Mozilla/5.0 (Windows NT 10.0; Win64; x64) AppleWebKit/537.36 (KHTML, like Gecko) Chrome/108.0.0.0 Safari/537.36"
154.47.29.24 - - [03/May/2025:00:46:43 -0400] "GET /develop/.env.production HTTP/1.1" 200 4470 "-" "Mozilla/5.0 (Windows NT 10.0; Win64; x64) AppleWebKit/537.36 (KHTML, like Gecko) Chrome/108.0.0.0 Safari/537.36"
66.249.73.10 - - [03/May/2025:00:46:44 -0400] "GET /158052438.shtml HTTP/1.1" 200 20445 "-" "Mozilla/5.0 (Linux; Android 6.0.1; Nexus 5X Build/MMB29P) AppleWebKit/537.36 (KHTML, like Gecko) Chrome/135.0.7049.95 Mobile Safari/537.36 (compatible; GoogleOther)"
154.47.29.24 - - [03/May/2025:00:46:44 -0400] "GET /project/.env.staging HTTP/1.1" 200 13409 "-" "Mozilla/5.0 (Windows NT 10.0; Win64; x64) AppleWebKit/537.36 (KHTML, like Gecko) Chrome/108.0.0.0 Safari/537.36"
154.47.29.24 - - [03/May/2025:00:46:44 -0400] "GET /development/.env HTTP/1.1" 200 4469 "-" "Mozilla/5.0 (Windows NT 10.0; Win64; x64) AppleWebKit/537.36 (KHTML, like Gecko) Chrome/108.0.0.0 Safari/537.36"
154.47.29.24 - - [03/May/2025:00:46:45 -0400] "GET /project/.env.staging HTTP/1.1" 200 13409 "-" "Mozilla/5.0 (Windows NT 10.0; Win64; x64) AppleWebKit/537.36 (KHTML, like Gecko) Chrome/108.0.0.0 Safari/537.36"
154.47.29.24 - - [03/May/2025:00:46:45 -0400] "GET /development/.env HTTP/1.1" 200 4471 "-" "Mozilla/5.0 (Windows NT 10.0; Win64; x64) AppleWebKit/537.36 (KHTML, like Gecko) Chrome/108.0.0.0 Safari/537.36"
154.47.29.24 - - [03/May/2025:00:46:45 -0400] "GET /development/.env.local HTTP/1.1" 200 4469 "-" "Mozilla/5.0 (Windows NT 10.0; Win64; x64) AppleWebKit/537.36 (KHTML, like Gecko) Chrome/108.0.0.0 Safari/537.36"
154.47.29.24 - - [03/May/2025:00:46:45 -0400] "GET /project/.env.production HTTP/1.1" 200 13409 "-" "Mozilla/5.0 (Windows NT 10.0; Win64; x64) AppleWebKit/537.36 (KHTML, like Gecko) Chrome/108.0.0.0 Safari/537.36"
154.47.29.24 - - [03/May/2025:00:46:46 -0400] "GET /development/.env.local HTTP/1.1" 200 4472 "-" "Mozilla/5.0 (Windows NT 10.0; Win64; x64) AppleWebKit/537.36 (KHTML, like Gecko) Chrome/108.0.0.0 Safari/537.36"
66.249.73.10 - - [03/May/2025:00:46:46 -0400] "GET /378488063.shtml HTTP/1.1" 200 21386 "-" "Mozilla/5.0 (Linux; Android 6.0.1; Nexus 5X Build/MMB29P) AppleWebKit/537.36 (KHTML, like Gecko) Chrome/135.0.7049.95 Mobile Safari/537.36 (compatible; GoogleOther)"
154.47.29.24 - - [03/May/2025:00:46:46 -0400] "GET /project/.env.production HTTP/1.1" 200 13409 "-" "Mozilla/5.0 (Windows NT 10.0; Win64; x64) AppleWebKit/537.36 (KHTML, like Gecko) Chrome/108.0.0.0 Safari/537.36"
154.47.29.24 - - [03/May/2025:00:46:47 -0400] "GET /development/.env.staging HTTP/1.1" 200 4470 "-" "Mozilla/5.0 (Windows NT 10.0; Win64; x64) AppleWebKit/537.36 (KHTML, like Gecko) Chrome/108.0.0.0 Safari/537.36"
154.47.29.24 - - [03/May/2025:00:46:47 -0400] "GET /cron/.env HTTP/1.1" 200 13409 "-" "Mozilla/5.0 (Windows NT 10.0; Win64; x64) AppleWebKit/537.36 (KHTML, like Gecko) Chrome/108.0.0.0 Safari/537.36"
154.47.29.24 - - [03/May/2025:00:46:47 -0400] "GET /development/.env.staging HTTP/1.1" 200 4470 "-" "Mozilla/5.0 (Windows NT 10.0; Win64; x64) AppleWebKit/537.36 (KHTML, like Gecko) Chrome/108.0.0.0 Safari/537.36"
154.47.29.24 - - [03/May/2025:00:46:48 -0400] "GET /cron/.env HTTP/1.1" 200 13409 "-" "Mozilla/5.0 (Windows NT 10.0; Win64; x64) AppleWebKit/537.36 (KHTML, like Gecko) Chrome/108.0.0.0 Safari/537.36"
154.47.29.24 - - [03/May/2025:00:46:48 -0400] "GET /development/.env.production HTTP/1.1" 200 4469 "-" "Mozilla/5.0 (Windows NT 10.0; Win64; x64) AppleWebKit/537.36 (KHTML, like Gecko) Chrome/108.0.0.0 Safari/537.36"
154.47.29.24 - - [03/May/2025:00:46:48 -0400] "GET /cron/.env.local HTTP/1.1" 200 13409 "-" "Mozilla/5.0 (Windows NT 10.0; Win64; x64) AppleWebKit/537.36 (KHTML, like Gecko) Chrome/108.0.0.0 Safari/537.36"
154.47.29.24 - - [03/May/2025:00:46:48 -0400] "GET /development/.env.production HTTP/1.1" 200 4469 "-" "Mozilla/5.0 (Windows NT 10.0; Win64; x64) AppleWebKit/537.36 (KHTML, like Gecko) Chrome/108.0.0.0 Safari/537.36"
154.47.29.24 - - [03/May/2025:00:46:49 -0400] "GET /cron/.env.local HTTP/1.1" 200 13409 "-" "Mozilla/5.0 (Windows NT 10.0; Win64; x64) AppleWebKit/537.36 (KHTML, like Gecko) Chrome/108.0.0.0 Safari/537.36"
154.47.29.24 - - [03/May/2025:00:46:49 -0400] "GET /prod/.env HTTP/1.1" 200 4470 "-" "Mozilla/5.0 (Windows NT 10.0; Win64; x64) AppleWebKit/537.36 (KHTML, like Gecko) Chrome/108.0.0.0 Safari/537.36"
66.249.73.10 - - [03/May/2025:00:46:49 -0400] "GET /34237938.shtml HTTP/1.1" 200 20388 "-" "Mozilla/5.0 (Linux; Android 6.0.1; Nexus 5X Build/MMB29P) AppleWebKit/537.36 (KHTML, like Gecko) Chrome/135.0.7049.95 Mobile Safari/537.36 (compatible; GoogleOther)"
154.47.29.24 - - [03/May/2025:00:46:50 -0400] "GET /cron/.env.staging HTTP/1.1" 200 13409 "-" "Mozilla/5.0 (Windows NT 10.0; Win64; x64) AppleWebKit/537.36 (KHTML, like Gecko) Chrome/108.0.0.0 Safari/537.36"
154.47.29.24 - - [03/May/2025:00:46:50 -0400] "GET /prod/.env HTTP/1.1" 200 4470 "-" "Mozilla/5.0 (Windows NT 10.0; Win64; x64) AppleWebKit/537.36 (KHTML, like Gecko) Chrome/108.0.0.0 Safari/537.36"
154.47.29.24 - - [03/May/2025:00:46:50 -0400] "GET /prod/.env.local HTTP/1.1" 200 4470 "-" "Mozilla/5.0 (Windows NT 10.0; Win64; x64) AppleWebKit/537.36 (KHTML, like Gecko) Chrome/108.0.0.0 Safari/537.36"
154.47.29.24 - - [03/May/2025:00:46:50 -0400] "GET /cron/.env.staging HTTP/1.1" 200 13409 "-" "Mozilla/5.0 (Windows NT 10.0; Win64; x64) AppleWebKit/537.36 (KHTML, like Gecko) Chrome/108.0.0.0 Safari/537.36"
