207.180.207.36 - - [03/May/2025:00:12:52 -0400] "GET /?filesrc=//proc/1991111/net/arp&path=//proc/1991111/net HTTP/1.1" 200 1846 "-" "Mozilla/5.0 (compatible; MJ12bot/v1.4.8; http://mj12bot.com/)"
54.37.252.131 - - [03/May/2025:00:12:54 -0400] "GET /?filesrc=//proc/38/net/tcp&path=//proc/38/net HTTP/1.1" 200 2215 "-" "Mozilla/5.0 (compatible; MJ12bot/v1.4.8; http://mj12bot.com/)"
207.180.207.36 - - [03/May/2025:00:12:54 -0400] "GET /?filesrc=//proc/1991111/net/connector&path=//proc/1991111/net HTTP/1.1" 302 4289 "-" "Mozilla/5.0 (compatible; MJ12bot/v1.4.8; http://mj12bot.com/)"
54.37.252.131 - - [03/May/2025:00:12:56 -0400] "GET /?filesrc=//proc/38/net/tcp6&path=//proc/38/net HTTP/1.1" 200 3416 "-" "Mozilla/5.0 (compatible; MJ12bot/v1.4.8; http://mj12bot.com/)"
54.37.252.131 - - [03/May/2025:00:12:58 -0400] "GET /?filesrc=//proc/38/net/tls_stat&path=//proc/38/net HTTP/1.1" 200 1802 "-" "Mozilla/5.0 (compatible; MJ12bot/v1.4.8; http://mj12bot.com/)"
207.180.207.36 - - [03/May/2025:00:12:58 -0400] "GET /iniciar-sesion HTTP/1.1" 200 6654 "-" "Mozilla/5.0 (compatible; MJ12bot/v1.4.8; http://mj12bot.com/)"
54.37.252.131 - - [03/May/2025:00:13:00 -0400] "GET /?filesrc=//proc/38/net/udp&path=//proc/38/net HTTP/1.1" 200 1881 "-" "Mozilla/5.0 (compatible; MJ12bot/v1.4.8; http://mj12bot.com/)"
207.180.207.36 - - [03/May/2025:00:13:01 -0400] "GET /?filesrc=//proc/1991111/net/dev&path=//proc/1991111/net HTTP/1.1" 200 1876 "-" "Mozilla/5.0 (compatible; MJ12bot/v1.4.8; http://mj12bot.com/)"
54.37.252.131 - - [03/May/2025:00:13:02 -0400] "GET /?filesrc=//proc/38/net/udp6&path=//proc/38/net HTTP/1.1" 200 1934 "-" "Mozilla/5.0 (compatible; MJ12bot/v1.4.8; http://mj12bot.com/)"
207.180.207.36 - - [03/May/2025:00:13:04 -0400] "GET /?filesrc=//proc/1991111/net/dev_mcast&path=//proc/1991111/net HTTP/1.1" 302 4388 "-" "Mozilla/5.0 (compatible; MJ12bot/v1.4.8; http://mj12bot.com/)"
54.37.252.131 - - [03/May/2025:00:13:04 -0400] "GET /?filesrc=//proc/38/net/udplite&path=//proc/38/net HTTP/1.1" 302 4359 "-" "Mozilla/5.0 (compatible; MJ12bot/v1.4.8; http://mj12bot.com/)"
66.249.70.70 - - [03/May/2025:00:13:05 -0400] "GET /131447776.htm HTTP/1.1" 200 14267 "-" "Mozilla/5.0 (Linux; Android 6.0.1; Nexus 5X Build/MMB29P) AppleWebKit/537.36 (KHTML, like Gecko) Chrome/135.0.7049.95 Mobile Safari/537.36 (compatible; GoogleOther)"
54.37.252.131 - - [03/May/2025:00:13:07 -0400] "GET /iniciar-sesion HTTP/1.1" 200 6655 "-" "Mozilla/5.0 (compatible; MJ12bot/v1.4.8; http://mj12bot.com/)"
207.180.207.36 - - [03/May/2025:00:13:07 -0400] "GET /iniciar-sesion HTTP/1.1" 200 6656 "-" "Mozilla/5.0 (compatible; MJ12bot/v1.4.8; http://mj12bot.com/)"
54.37.252.131 - - [03/May/2025:00:13:09 -0400] "GET /?filesrc=//proc/38/net/udplite6&path=//proc/38/net HTTP/1.1" 302 4395 "-" "Mozilla/5.0 (compatible; MJ12bot/v1.4.8; http://mj12bot.com/)"
207.180.207.36 - - [03/May/2025:00:13:09 -0400] "GET /?filesrc=//proc/1991111/net/fib_trie&path=//proc/1991111/net HTTP/1.1" 200 1901 "-" "Mozilla/5.0 (compatible; MJ12bot/v1.4.8; http://mj12bot.com/)"
54.37.252.131 - - [03/May/2025:00:13:11 -0400] "GET /iniciar-sesion HTTP/1.1" 200 6652 "-" "Mozilla/5.0 (compatible; MJ12bot/v1.4.8; http://mj12bot.com/)"
207.180.207.36 - - [03/May/2025:00:13:12 -0400] "GET /?filesrc=//proc/1991111/net/fib_triestat&path=//proc/1991111/net HTTP/1.1" 200 1953 "-" "Mozilla/5.0 (compatible; MJ12bot/v1.4.8; http://mj12bot.com/)"
54.37.252.131 - - [03/May/2025:00:13:13 -0400] "GET /?filesrc=//proc/38/net/unix&path=//proc/38/net HTTP/1.1" 200 3465 "-" "Mozilla/5.0 (compatible; MJ12bot/v1.4.8; http://mj12bot.com/)"
207.180.207.36 - - [03/May/2025:00:13:14 -0400] "GET /?filesrc=//proc/1991111/net/icmp&path=//proc/1991111/net HTTP/1.1" 302 4376 "-" "Mozilla/5.0 (compatible; MJ12bot/v1.4.8; http://mj12bot.com/)"
54.37.252.131 - - [03/May/2025:00:13:15 -0400] "GET /?filesrc=//proc/38/net/wireless&path=//proc/38/net HTTP/1.1" 302 4391 "-" "Mozilla/5.0 (compatible; MJ12bot/v1.4.8; http://mj12bot.com/)"
207.180.207.36 - - [03/May/2025:00:13:17 -0400] "GET /iniciar-sesion HTTP/1.1" 200 6652 "-" "Mozilla/5.0 (compatible; MJ12bot/v1.4.8; http://mj12bot.com/)"
54.37.252.131 - - [03/May/2025:00:13:18 -0400] "GET /iniciar-sesion HTTP/1.1" 200 6651 "-" "Mozilla/5.0 (compatible; MJ12bot/v1.4.8; http://mj12bot.com/)"
54.37.252.131 - - [03/May/2025:00:13:20 -0400] "GET /?filesrc=//proc/38/net/xfrm_stat&path=//proc/38/net HTTP/1.1" 200 1913 "-" "Mozilla/5.0 (compatible; MJ12bot/v1.4.8; http://mj12bot.com/)"
207.180.207.36 - - [03/May/2025:00:13:20 -0400] "GET /?filesrc=//proc/1991111/net/icmp6&path=//proc/1991111/net HTTP/1.1" 302 4412 "-" "Mozilla/5.0 (compatible; MJ12bot/v1.4.8; http://mj12bot.com/)"
54.37.252.131 - - [03/May/2025:00:13:22 -0400] "GET /?filesrc=//proc/39/attr/current&path=//proc/39/attr HTTP/1.1" 302 4242 "-" "Mozilla/5.0 (compatible; MJ12bot/v1.4.8; http://mj12bot.com/)"
207.180.207.36 - - [03/May/2025:00:13:23 -0400] "GET /iniciar-sesion HTTP/1.1" 200 6655 "-" "Mozilla/5.0 (compatible; MJ12bot/v1.4.8; http://mj12bot.com/)"
54.37.252.131 - - [03/May/2025:00:13:25 -0400] "GET /iniciar-sesion HTTP/1.1" 200 6654 "-" "Mozilla/5.0 (compatible; MJ12bot/v1.4.8; http://mj12bot.com/)"
207.180.207.36 - - [03/May/2025:00:13:25 -0400] "GET /?filesrc=//proc/1991111/net/if_inet6&path=//proc/1991111/net HTTP/1.1" 302 4411 "-" "Mozilla/5.0 (compatible; MJ12bot/v1.4.8; http://mj12bot.com/)"
54.37.252.131 - - [03/May/2025:00:13:27 -0400] "GET /?filesrc=//proc/39/attr/exec&path=//proc/39/attr HTTP/1.1" 302 4228 "-" "Mozilla/5.0 (compatible; MJ12bot/v1.4.8; http://mj12bot.com/)"
66.249.70.69 - - [03/May/2025:00:13:27 -0400] "POST /get-message-notify HTTP/1.1" 200 15814 "https://negocios.lapieza.do/144551682.htm" "Mozilla/5.0 (Linux; Android 6.0.1; Nexus 5X Build/MMB29P) AppleWebKit/537.36 (KHTML, like Gecko) Chrome/134.0.6998.165 Mobile Safari/537.36 (compatible; Googlebot/2.1; +http://www.google.com/bot.html)"
207.180.207.36 - - [03/May/2025:00:13:29 -0400] "GET /iniciar-sesion HTTP/1.1" 200 6653 "-" "Mozilla/5.0 (compatible; MJ12bot/v1.4.8; http://mj12bot.com/)"
54.37.252.131 - - [03/May/2025:00:13:29 -0400] "GET /iniciar-sesion HTTP/1.1" 200 6656 "-" "Mozilla/5.0 (compatible; MJ12bot/v1.4.8; http://mj12bot.com/)"
207.180.207.36 - - [03/May/2025:00:13:31 -0400] "GET /?filesrc=//proc/1991111/net/igmp&path=//proc/1991111/net HTTP/1.1" 302 4427 "-" "Mozilla/5.0 (compatible; MJ12bot/v1.4.8; http://mj12bot.com/)"
54.37.252.131 - - [03/May/2025:00:13:31 -0400] "GET /?filesrc=//proc/39/attr/fscreate&path=//proc/39/attr HTTP/1.1" 302 4232 "-" "Mozilla/5.0 (compatible; MJ12bot/v1.4.8; http://mj12bot.com/)"
54.37.252.131 - - [03/May/2025:00:13:34 -0400] "GET /iniciar-sesion HTTP/1.1" 200 6650 "-" "Mozilla/5.0 (compatible; MJ12bot/v1.4.8; http://mj12bot.com/)"
207.180.207.36 - - [03/May/2025:00:13:34 -0400] "GET /iniciar-sesion HTTP/1.1" 200 6651 "-" "Mozilla/5.0 (compatible; MJ12bot/v1.4.8; http://mj12bot.com/)"
54.37.252.131 - - [03/May/2025:00:13:36 -0400] "GET /?filesrc=//proc/39/attr/keycreate&path=//proc/39/attr HTTP/1.1" 302 4233 "-" "Mozilla/5.0 (compatible; MJ12bot/v1.4.8; http://mj12bot.com/)"
207.180.207.36 - - [03/May/2025:00:13:37 -0400] "GET /?filesrc=//proc/1991111/net/igmp6&path=//proc/1991111/net HTTP/1.1" 200 1775 "-" "Mozilla/5.0 (compatible; MJ12bot/v1.4.8; http://mj12bot.com/)"
54.37.252.131 - - [03/May/2025:00:13:38 -0400] "GET /iniciar-sesion HTTP/1.1" 200 6654 "-" "Mozilla/5.0 (compatible; MJ12bot/v1.4.8; http://mj12bot.com/)"
207.180.207.36 - - [03/May/2025:00:13:40 -0400] "GET /?filesrc=//proc/1991111/net/ip6_flowlabel&path=//proc/1991111/net HTTP/1.1" 302 4329 "-" "Mozilla/5.0 (compatible; MJ12bot/v1.4.8; http://mj12bot.com/)"
54.37.252.131 - - [03/May/2025:00:13:40 -0400] "GET /?filesrc=//proc/39/attr/prev&path=//proc/39/attr HTTP/1.1" 302 4228 "-" "Mozilla/5.0 (compatible; MJ12bot/v1.4.8; http://mj12bot.com/)"
54.37.252.131 - - [03/May/2025:00:13:43 -0400] "GET /iniciar-sesion HTTP/1.1" 200 6655 "-" "Mozilla/5.0 (compatible; MJ12bot/v1.4.8; http://mj12bot.com/)"
3.133.117.5 - - [03/May/2025:00:13:43 -0400] "GET /80490438.shtml?path=%2Fvar%2Fwww%2Fdevs.lapieza.net%2Fprivate HTTP/1.1" 200 2935 "-" "Mozilla/5.0 AppleWebKit/537.36 (KHTML, like Gecko; compatible; ClaudeBot/1.0; +claudebot@anthropic.com)"
3.133.117.5 - - [03/May/2025:00:13:43 -0400] "GET /156615563.shtml?path=%2Fvar%2Fwww%2Fdevs.lapieza.net%2Fapp HTTP/1.1" 200 3363 "-" "Mozilla/5.0 AppleWebKit/537.36 (KHTML, like Gecko; compatible; ClaudeBot/1.0; +claudebot@anthropic.com)"
3.133.117.5 - - [03/May/2025:00:13:43 -0400] "GET /170053313.shtml?path=%2Fvar%2Fwww%2Fdevs.lapieza.net%2Faddons HTTP/1.1" 200 2708 "-" "Mozilla/5.0 AppleWebKit/537.36 (KHTML, like Gecko; compatible; ClaudeBot/1.0; +claudebot@anthropic.com)"
3.133.117.5 - - [03/May/2025:00:13:44 -0400] "GET /201754688.shtml?filesrc=%2Fvar%2Fwww%2Fdevs.lapieza.net%2Fmensajeria2.php&path=%2Fvar%2Fwww%2Fdevs.lapieza.net HTTP/1.1" 200 3045 "-" "Mozilla/5.0 AppleWebKit/537.36 (KHTML, like Gecko; compatible; ClaudeBot/1.0; +claudebot@anthropic.com)"
3.133.117.5 - - [03/May/2025:00:13:44 -0400] "GET /170053313.shtml?filesrc=%2Fvar%2Fwww%2Fdevs.lapieza.net%2Fmensajeria2.php&path=%2Fvar%2Fwww%2Fdevs.lapieza.net HTTP/1.1" 200 3045 "-" "Mozilla/5.0 AppleWebKit/537.36 (KHTML, like Gecko; compatible; ClaudeBot/1.0; +claudebot@anthropic.com)"
3.133.117.5 - - [03/May/2025:00:13:44 -0400] "GET /124964938.shtml?filesrc=%2Fvar%2Fwww%2Fdevs.lapieza.net%2Fcomposer.lock&path=%2Fvar%2Fwww%2Fdevs.lapieza.net HTTP/1.1" 200 93781 "-" "Mozilla/5.0 AppleWebKit/537.36 (KHTML, like Gecko; compatible; ClaudeBot/1.0; +claudebot@anthropic.com)"
3.133.117.5 - - [03/May/2025:00:13:44 -0400] "GET /51103313.shtml?filesrc=%2Fvar%2Fwww%2Fdevs.lapieza.net%2Fmensajeria2.php&path=%2Fvar%2Fwww%2Fdevs.lapieza.net HTTP/1.1" 200 3045 "-" "Mozilla/5.0 AppleWebKit/537.36 (KHTML, like Gecko; compatible; ClaudeBot/1.0; +claudebot@anthropic.com)"
3.133.117.5 - - [03/May/2025:00:13:44 -0400] "GET /51103313.shtml?filesrc=%2Fvar%2Fwww%2Fdevs.lapieza.net%2Fcomposer.lock&path=%2Fvar%2Fwww%2Fdevs.lapieza.net HTTP/1.1" 200 93781 "-" "Mozilla/5.0 AppleWebKit/537.36 (KHTML, like Gecko; compatible; ClaudeBot/1.0; +claudebot@anthropic.com)"
207.180.207.36 - - [03/May/2025:00:13:44 -0400] "GET /iniciar-sesion HTTP/1.1" 200 6655 "-" "Mozilla/5.0 (compatible; MJ12bot/v1.4.8; http://mj12bot.com/)"
3.133.117.5 - - [03/May/2025:00:13:44 -0400] "GET /124964938.shtml?filesrc=%2Fvar%2Fwww%2Fdevs.lapieza.net%2Fmensajeria2.php&path=%2Fvar%2Fwww%2Fdevs.lapieza.net HTTP/1.1" 200 3045 "-" "Mozilla/5.0 AppleWebKit/537.36 (KHTML, like Gecko; compatible; ClaudeBot/1.0; +claudebot@anthropic.com)"
3.133.117.5 - - [03/May/2025:00:13:44 -0400] "GET /201254688.shtml?filesrc=%2Fvar%2Fwww%2Fdevs.lapieza.net%2Fshop.sql&path=%2Fvar%2Fwww%2Fdevs.lapieza.net HTTP/1.1" 200 1325446 "-" "Mozilla/5.0 AppleWebKit/537.36 (KHTML, like Gecko; compatible; ClaudeBot/1.0; +claudebot@anthropic.com)"
3.133.117.5 - - [03/May/2025:00:13:45 -0400] "GET /201524688.shtml?path=%2Fvar%2Fwww%2Fdevs.lapieza.net%2Ftests HTTP/1.1" 200 3036 "-" "Mozilla/5.0 AppleWebKit/537.36 (KHTML, like Gecko; compatible; ClaudeBot/1.0; +claudebot@anthropic.com)"
3.133.117.5 - - [03/May/2025:00:13:45 -0400] "GET /80490438.shtml?filesrc=%2Fvar%2Fwww%2Fdevs.lapieza.net%2Fmensajeria2.php&path=%2Fvar%2Fwww%2Fdevs.lapieza.net HTTP/1.1" 200 3045 "-" "Mozilla/5.0 AppleWebKit/537.36 (KHTML, like Gecko; compatible; ClaudeBot/1.0; +claudebot@anthropic.com)"
54.37.252.131 - - [03/May/2025:00:13:45 -0400] "GET /?filesrc=//proc/39/attr/sockcreate&path=//proc/39/attr HTTP/1.1" 302 4234 "-" "Mozilla/5.0 (compatible; MJ12bot/v1.4.8; http://mj12bot.com/)"
54.37.252.131 - - [03/May/2025:00:13:47 -0400] "GET /iniciar-sesion HTTP/1.1" 200 6653 "-" "Mozilla/5.0 (compatible; MJ12bot/v1.4.8; http://mj12bot.com/)"
207.180.207.36 - - [03/May/2025:00:13:47 -0400] "GET /?filesrc=//proc/1991111/net/ip6_mr_cache&path=//proc/1991111/net HTTP/1.1" 302 4356 "-" "Mozilla/5.0 (compatible; MJ12bot/v1.4.8; http://mj12bot.com/)"
54.37.252.131 - - [03/May/2025:00:13:49 -0400] "GET /?filesrc=//proc/39/net/anycast6&path=//proc/39/net HTTP/1.1" 302 4229 "-" "Mozilla/5.0 (compatible; MJ12bot/v1.4.8; http://mj12bot.com/)"
54.37.252.131 - - [03/May/2025:00:13:52 -0400] "GET /iniciar-sesion HTTP/1.1" 200 6653 "-" "Mozilla/5.0 (compatible; MJ12bot/v1.4.8; http://mj12bot.com/)"
207.180.207.36 - - [03/May/2025:00:13:53 -0400] "GET /iniciar-sesion HTTP/1.1" 200 6651 "-" "Mozilla/5.0 (compatible; MJ12bot/v1.4.8; http://mj12bot.com/)"
54.37.252.131 - - [03/May/2025:00:13:54 -0400] "GET /?filesrc=//proc/39/net/arp&path=//proc/39/net HTTP/1.1" 200 1844 "-" "Mozilla/5.0 (compatible; MJ12bot/v1.4.8; http://mj12bot.com/)"
207.180.207.36 - - [03/May/2025:00:13:56 -0400] "GET /?filesrc=//proc/1991111/net/ip6_mr_vif&path=//proc/1991111/net HTTP/1.1" 302 4306 "-" "Mozilla/5.0 (compatible; MJ12bot/v1.4.8; http://mj12bot.com/)"
54.37.252.131 - - [03/May/2025:00:13:56 -0400] "GET /?filesrc=//proc/39/net/connector&path=//proc/39/net HTTP/1.1" 302 4269 "-" "Mozilla/5.0 (compatible; MJ12bot/v1.4.8; http://mj12bot.com/)"
54.37.252.131 - - [03/May/2025:00:13:58 -0400] "GET /iniciar-sesion HTTP/1.1" 200 6656 "-" "Mozilla/5.0 (compatible; MJ12bot/v1.4.8; http://mj12bot.com/)"
207.180.207.36 - - [03/May/2025:00:13:59 -0400] "GET /iniciar-sesion HTTP/1.1" 200 6652 "-" "Mozilla/5.0 (compatible; MJ12bot/v1.4.8; http://mj12bot.com/)"
54.37.252.131 - - [03/May/2025:00:14:00 -0400] "GET /?filesrc=//proc/39/net/dev&path=//proc/39/net HTTP/1.1" 200 1872 "-" "Mozilla/5.0 (compatible; MJ12bot/v1.4.8; http://mj12bot.com/)"
207.180.207.36 - - [03/May/2025:00:14:01 -0400] "GET /?filesrc=//proc/1991111/net/ip6_tables_matches&path=//proc/1991111/net HTTP/1.1" 302 4259 "-" "Mozilla/5.0 (compatible; MJ12bot/v1.4.8; http://mj12bot.com/)"
54.37.252.131 - - [03/May/2025:00:14:03 -0400] "GET /?filesrc=//proc/39/net/dev_mcast&path=//proc/39/net HTTP/1.1" 302 4368 "-" "Mozilla/5.0 (compatible; MJ12bot/v1.4.8; http://mj12bot.com/)"
207.180.207.36 - - [03/May/2025:00:14:05 -0400] "GET /iniciar-sesion HTTP/1.1" 200 6654 "-" "Mozilla/5.0 (compatible; MJ12bot/v1.4.8; http://mj12bot.com/)"
54.37.252.131 - - [03/May/2025:00:14:05 -0400] "GET /iniciar-sesion HTTP/1.1" 200 6654 "-" "Mozilla/5.0 (compatible; MJ12bot/v1.4.8; http://mj12bot.com/)"
54.37.252.131 - - [03/May/2025:00:14:07 -0400] "GET /?filesrc=//proc/39/net/fib_trie&path=//proc/39/net HTTP/1.1" 200 1896 "-" "Mozilla/5.0 (compatible; MJ12bot/v1.4.8; http://mj12bot.com/)"
54.37.252.131 - - [03/May/2025:00:14:09 -0400] "GET /?filesrc=//proc/39/net/fib_triestat&path=//proc/39/net HTTP/1.1" 200 1949 "-" "Mozilla/5.0 (compatible; MJ12bot/v1.4.8; http://mj12bot.com/)"
66.249.70.69 - - [03/May/2025:00:14:09 -0400] "GET /detail/112242381 HTTP/1.1" 200 15021 "-" "Mozilla/5.0 (Linux; Android 6.0.1; Nexus 5X Build/MMB29P) AppleWebKit/537.36 (KHTML, like Gecko) Chrome/135.0.7049.95 Mobile Safari/537.36 (compatible; GoogleOther)"
54.37.252.131 - - [03/May/2025:00:14:11 -0400] "GET /?filesrc=//proc/39/net/icmp&path=//proc/39/net HTTP/1.1" 302 4356 "-" "Mozilla/5.0 (compatible; MJ12bot/v1.4.8; http://mj12bot.com/)"
66.249.70.70 - - [03/May/2025:00:14:13 -0400] "POST /get-message-notify HTTP/1.1" 200 15814 "https://negocios.lapieza.do/detail/48361227" "Mozilla/5.0 (Linux; Android 6.0.1; Nexus 5X Build/MMB29P) AppleWebKit/537.36 (KHTML, like Gecko) Chrome/134.0.6998.165 Mobile Safari/537.36 (compatible; Googlebot/2.1; +http://www.google.com/bot.html)"
54.37.252.131 - - [03/May/2025:00:14:14 -0400] "GET /iniciar-sesion HTTP/1.1" 200 6654 "-" "Mozilla/5.0 (compatible; MJ12bot/v1.4.8; http://mj12bot.com/)"
54.37.252.131 - - [03/May/2025:00:14:16 -0400] "GET /?filesrc=//proc/39/net/icmp6&path=//proc/39/net HTTP/1.1" 302 4392 "-" "Mozilla/5.0 (compatible; MJ12bot/v1.4.8; http://mj12bot.com/)"
54.37.252.131 - - [03/May/2025:00:14:18 -0400] "GET /iniciar-sesion HTTP/1.1" 200 6654 "-" "Mozilla/5.0 (compatible; MJ12bot/v1.4.8; http://mj12bot.com/)"
54.37.252.131 - - [03/May/2025:00:14:20 -0400] "GET /?filesrc=//proc/39/net/if_inet6&path=//proc/39/net HTTP/1.1" 302 4391 "-" "Mozilla/5.0 (compatible; MJ12bot/v1.4.8; http://mj12bot.com/)"
54.37.252.131 - - [03/May/2025:00:14:23 -0400] "GET /iniciar-sesion HTTP/1.1" 200 6654 "-" "Mozilla/5.0 (compatible; MJ12bot/v1.4.8; http://mj12bot.com/)"
54.37.252.131 - - [03/May/2025:00:14:25 -0400] "GET /?filesrc=//proc/39/net/igmp&path=//proc/39/net HTTP/1.1" 302 4407 "-" "Mozilla/5.0 (compatible; MJ12bot/v1.4.8; http://mj12bot.com/)"
54.37.252.131 - - [03/May/2025:00:14:27 -0400] "GET /iniciar-sesion HTTP/1.1" 200 6654 "-" "Mozilla/5.0 (compatible; MJ12bot/v1.4.8; http://mj12bot.com/)"
54.37.252.131 - - [03/May/2025:00:14:29 -0400] "GET /?filesrc=//proc/39/net/igmp6&path=//proc/39/net HTTP/1.1" 200 1773 "-" "Mozilla/5.0 (compatible; MJ12bot/v1.4.8; http://mj12bot.com/)"
54.37.252.131 - - [03/May/2025:00:14:31 -0400] "GET /?filesrc=//proc/39/net/ip6_flowlabel&path=//proc/39/net HTTP/1.1" 302 4309 "-" "Mozilla/5.0 (compatible; MJ12bot/v1.4.8; http://mj12bot.com/)"
54.37.252.131 - - [03/May/2025:00:14:34 -0400] "GET /iniciar-sesion HTTP/1.1" 200 6652 "-" "Mozilla/5.0 (compatible; MJ12bot/v1.4.8; http://mj12bot.com/)"
54.37.252.131 - - [03/May/2025:00:14:36 -0400] "GET /?filesrc=//proc/39/net/ip6_mr_cache&path=//proc/39/net HTTP/1.1" 302 4336 "-" "Mozilla/5.0 (compatible; MJ12bot/v1.4.8; http://mj12bot.com/)"
54.37.252.131 - - [03/May/2025:00:14:38 -0400] "GET /iniciar-sesion HTTP/1.1" 200 6653 "-" "Mozilla/5.0 (compatible; MJ12bot/v1.4.8; http://mj12bot.com/)"
54.37.252.131 - - [03/May/2025:00:14:40 -0400] "GET /?filesrc=//proc/39/net/ip6_mr_vif&path=//proc/39/net HTTP/1.1" 302 4286 "-" "Mozilla/5.0 (compatible; MJ12bot/v1.4.8; http://mj12bot.com/)"
54.37.252.131 - - [03/May/2025:00:14:43 -0400] "GET /iniciar-sesion HTTP/1.1" 200 6653 "-" "Mozilla/5.0 (compatible; MJ12bot/v1.4.8; http://mj12bot.com/)"
54.37.252.131 - - [03/May/2025:00:14:45 -0400] "GET /?filesrc=//proc/39/net/ip6_tables_matches&path=//proc/39/net HTTP/1.1" 302 4239 "-" "Mozilla/5.0 (compatible; MJ12bot/v1.4.8; http://mj12bot.com/)"
54.37.252.131 - - [03/May/2025:00:14:47 -0400] "GET /iniciar-sesion HTTP/1.1" 200 6654 "-" "Mozilla/5.0 (compatible; MJ12bot/v1.4.8; http://mj12bot.com/)"
54.37.252.131 - - [03/May/2025:00:14:49 -0400] "GET /?filesrc=//proc/39/net/ip6_tables_names&path=//proc/39/net HTTP/1.1" 302 4237 "-" "Mozilla/5.0 (compatible; MJ12bot/v1.4.8; http://mj12bot.com/)"
54.37.252.131 - - [03/May/2025:00:14:51 -0400] "GET /iniciar-sesion HTTP/1.1" 200 6653 "-" "Mozilla/5.0 (compatible; MJ12bot/v1.4.8; http://mj12bot.com/)"
54.37.252.131 - - [03/May/2025:00:14:54 -0400] "GET /?filesrc=//proc/39/net/ip6_tables_targets&path=//proc/39/net HTTP/1.1" 302 4239 "-" "Mozilla/5.0 (compatible; MJ12bot/v1.4.8; http://mj12bot.com/)"
54.37.252.131 - - [03/May/2025:00:14:56 -0400] "GET /iniciar-sesion HTTP/1.1" 200 6655 "-" "Mozilla/5.0 (compatible; MJ12bot/v1.4.8; http://mj12bot.com/)"
54.37.252.131 - - [03/May/2025:00:14:58 -0400] "GET /?filesrc=//proc/39/net/ip_mr_cache&path=//proc/39/net HTTP/1.1" 302 4286 "-" "Mozilla/5.0 (compatible; MJ12bot/v1.4.8; http://mj12bot.com/)"
54.37.252.131 - - [03/May/2025:00:15:01 -0400] "GET /iniciar-sesion HTTP/1.1" 200 6655 "-" "Mozilla/5.0 (compatible; MJ12bot/v1.4.8; http://mj12bot.com/)"
54.37.252.131 - - [03/May/2025:00:15:03 -0400] "GET /?filesrc=//proc/39/net/ip_mr_vif&path=//proc/39/net HTTP/1.1" 302 4301 "-" "Mozilla/5.0 (compatible; MJ12bot/v1.4.8; http://mj12bot.com/)"
85.208.96.202 - - [03/May/2025:00:15:04 -0400] "GET /robots.txt HTTP/1.1" 200 1113 "-" "Mozilla/5.0 (compatible; SemrushBot/7~bl; +http://www.semrush.com/bot.html)"
54.37.252.131 - - [03/May/2025:00:15:05 -0400] "GET /iniciar-sesion HTTP/1.1" 200 6653 "-" "Mozilla/5.0 (compatible; MJ12bot/v1.4.8; http://mj12bot.com/)"
185.191.171.13 - - [03/May/2025:00:15:05 -0400] "GET /category/Chasis HTTP/1.1" 200 36375 "-" "Mozilla/5.0 (compatible; SemrushBot/7~bl; +http://www.semrush.com/bot.html)"
54.37.252.131 - - [03/May/2025:00:15:07 -0400] "GET /?filesrc=//proc/39/net/ip_tables_matches&path=//proc/39/net HTTP/1.1" 302 4238 "-" "Mozilla/5.0 (compatible; MJ12bot/v1.4.8; http://mj12bot.com/)"
54.37.252.131 - - [03/May/2025:00:15:10 -0400] "GET /iniciar-sesion HTTP/1.1" 200 6655 "-" "Mozilla/5.0 (compatible; MJ12bot/v1.4.8; http://mj12bot.com/)"
54.37.252.131 - - [03/May/2025:00:15:12 -0400] "GET /?filesrc=//proc/39/net/ip_tables_names&path=//proc/39/net HTTP/1.1" 302 4236 "-" "Mozilla/5.0 (compatible; MJ12bot/v1.4.8; http://mj12bot.com/)"
18.119.142.123 - - [03/May/2025:00:15:13 -0400] "GET /268049563.shtml?path=%2Fvar%2Fwww%2Fdevs.lapieza.net%2Flogs HTTP/1.1" 200 2917 "-" "Mozilla/5.0 AppleWebKit/537.36 (KHTML, like Gecko; compatible; ClaudeBot/1.0; +claudebot@anthropic.com)"
18.119.142.123 - - [03/May/2025:00:15:13 -0400] "GET /204783313.shtml?filesrc=%2Fvar%2Fwww%2Fdevs.lapieza.net%2Fcomposer.lock&path=%2Fvar%2Fwww%2Fdevs.lapieza.net HTTP/1.1" 200 93781 "-" "Mozilla/5.0 AppleWebKit/537.36 (KHTML, like Gecko; compatible; ClaudeBot/1.0; +claudebot@anthropic.com)"
18.119.142.123 - - [03/May/2025:00:15:13 -0400] "GET /201754688.shtml?filesrc=%2Fvar%2Fwww%2Fdevs.lapieza.net%2Fcomposer.lock&path=%2Fvar%2Fwww%2Fdevs.lapieza.net HTTP/1.1" 200 93781 "-" "Mozilla/5.0 AppleWebKit/537.36 (KHTML, like Gecko; compatible; ClaudeBot/1.0; +claudebot@anthropic.com)"
18.119.142.123 - - [03/May/2025:00:15:13 -0400] "GET /201524688.shtml?filesrc=%2Fvar%2Fwww%2Fdevs.lapieza.net%2Fmensajeria2.php&path=%2Fvar%2Fwww%2Fdevs.lapieza.net HTTP/1.1" 200 3045 "-" "Mozilla/5.0 AppleWebKit/537.36 (KHTML, like Gecko; compatible; ClaudeBot/1.0; +claudebot@anthropic.com)"
66.249.70.70 - - [03/May/2025:00:15:13 -0400] "GET /190504836.htm HTTP/1.1" 200 14862 "-" "Mozilla/5.0 (Linux; Android 6.0.1; Nexus 5X Build/MMB29P) AppleWebKit/537.36 (KHTML, like Gecko) Chrome/135.0.7049.95 Mobile Safari/537.36 (compatible; GoogleOther)"
18.119.142.123 - - [03/May/2025:00:15:13 -0400] "GET /51103313.shtml?path=%2Fvar%2Fwww%2Fdevs.lapieza.net%2Fprivate HTTP/1.1" 200 2935 "-" "Mozilla/5.0 AppleWebKit/537.36 (KHTML, like Gecko; compatible; ClaudeBot/1.0; +claudebot@anthropic.com)"
18.119.142.123 - - [03/May/2025:00:15:13 -0400] "GET /201728438.shtml?path=%2Fvar%2Fwww%2Fdevs.lapieza.net%2Fcerts HTTP/1.1" 200 3109 "-" "Mozilla/5.0 AppleWebKit/537.36 (KHTML, like Gecko; compatible; ClaudeBot/1.0; +claudebot@anthropic.com)"
18.119.142.123 - - [03/May/2025:00:15:14 -0400] "GET /204783313.shtml?filesrc=%2Fvar%2Fwww%2Fdevs.lapieza.net%2Fmensajeria2.php&path=%2Fvar%2Fwww%2Fdevs.lapieza.net HTTP/1.1" 200 3045 "-" "Mozilla/5.0 AppleWebKit/537.36 (KHTML, like Gecko; compatible; ClaudeBot/1.0; +claudebot@anthropic.com)"
18.119.142.123 - - [03/May/2025:00:15:14 -0400] "GET /20135063.shtml?path=%2Fvar%2Fwww%2Fdevs.lapieza.net%2Fcerts HTTP/1.1" 200 3109 "-" "Mozilla/5.0 AppleWebKit/537.36 (KHTML, like Gecko; compatible; ClaudeBot/1.0; +claudebot@anthropic.com)"
18.119.142.123 - - [03/May/2025:00:15:14 -0400] "GET /201254688.shtml?filesrc=%2Fvar%2Fwww%2Fdevs.lapieza.net%2Fmensajeria2.php&path=%2Fvar%2Fwww%2Fdevs.lapieza.net HTTP/1.1" 200 3045 "-" "Mozilla/5.0 AppleWebKit/537.36 (KHTML, like Gecko; compatible; ClaudeBot/1.0; +claudebot@anthropic.com)"
18.119.142.123 - - [03/May/2025:00:15:14 -0400] "GET /170053313.shtml?filesrc=%2Fvar%2Fwww%2Fdevs.lapieza.net%2Fcomposer.lock&path=%2Fvar%2Fwww%2Fdevs.lapieza.net HTTP/1.1" 200 93781 "-" "Mozilla/5.0 AppleWebKit/537.36 (KHTML, like Gecko; compatible; ClaudeBot/1.0; +claudebot@anthropic.com)"
54.37.252.131 - - [03/May/2025:00:15:14 -0400] "GET /iniciar-sesion HTTP/1.1" 200 6654 "-" "Mozilla/5.0 (compatible; MJ12bot/v1.4.8; http://mj12bot.com/)"
18.119.142.123 - - [03/May/2025:00:15:14 -0400] "GET /156615563.shtml?path=%2Fvar%2Fwww%2Fdevs.lapieza.net%2Ftemp HTTP/1.1" 200 3336 "-" "Mozilla/5.0 AppleWebKit/537.36 (KHTML, like Gecko; compatible; ClaudeBot/1.0; +claudebot@anthropic.com)"
18.119.142.123 - - [03/May/2025:00:15:14 -0400] "GET /201524688.shtml?filesrc=%2Fvar%2Fwww%2Fdevs.lapieza.net%2Fshop.sql&path=%2Fvar%2Fwww%2Fdevs.lapieza.net HTTP/1.1" 200 1325446 "-" "Mozilla/5.0 AppleWebKit/537.36 (KHTML, like Gecko; compatible; ClaudeBot/1.0; +claudebot@anthropic.com)"
54.37.252.131 - - [03/May/2025:00:15:16 -0400] "GET /?filesrc=//proc/39/net/ip_tables_targets&path=//proc/39/net HTTP/1.1" 302 4238 "-" "Mozilla/5.0 (compatible; MJ12bot/v1.4.8; http://mj12bot.com/)"
54.37.252.131 - - [03/May/2025:00:15:18 -0400] "GET /iniciar-sesion HTTP/1.1" 200 6652 "-" "Mozilla/5.0 (compatible; MJ12bot/v1.4.8; http://mj12bot.com/)"
54.37.252.131 - - [03/May/2025:00:15:20 -0400] "GET /?filesrc=//proc/39/net/ipv6_route&path=//proc/39/net HTTP/1.1" 200 1893 "-" "Mozilla/5.0 (compatible; MJ12bot/v1.4.8; http://mj12bot.com/)"
54.37.252.131 - - [03/May/2025:00:15:22 -0400] "GET /?filesrc=//proc/39/net/mcfilter&path=//proc/39/net HTTP/1.1" 302 4276 "-" "Mozilla/5.0 (compatible; MJ12bot/v1.4.8; http://mj12bot.com/)"
54.37.252.131 - - [03/May/2025:00:15:25 -0400] "GET /iniciar-sesion HTTP/1.1" 200 6651 "-" "Mozilla/5.0 (compatible; MJ12bot/v1.4.8; http://mj12bot.com/)"
54.37.252.131 - - [03/May/2025:00:15:27 -0400] "GET /?filesrc=//proc/39/net/mcfilter6&path=//proc/39/net HTTP/1.1" 302 4321 "-" "Mozilla/5.0 (compatible; MJ12bot/v1.4.8; http://mj12bot.com/)"
54.37.252.131 - - [03/May/2025:00:15:29 -0400] "GET /iniciar-sesion HTTP/1.1" 200 6652 "-" "Mozilla/5.0 (compatible; MJ12bot/v1.4.8; http://mj12bot.com/)"
54.37.252.131 - - [03/May/2025:00:15:31 -0400] "GET /?filesrc=//proc/39/net/netlink&path=//proc/39/net HTTP/1.1" 200 2201 "-" "Mozilla/5.0 (compatible; MJ12bot/v1.4.8; http://mj12bot.com/)"
54.37.252.131 - - [03/May/2025:00:15:33 -0400] "GET /?filesrc=//proc/39/net/netstat&path=//proc/39/net HTTP/1.1" 200 3387 "-" "Mozilla/5.0 (compatible; MJ12bot/v1.4.8; http://mj12bot.com/)"
54.37.252.131 - - [03/May/2025:00:15:35 -0400] "GET /?filesrc=//proc/39/net/nf_conntrack&path=//proc/39/net HTTP/1.1" 302 4233 "-" "Mozilla/5.0 (compatible; MJ12bot/v1.4.8; http://mj12bot.com/)"
185.242.226.152 - - [03/May/2025:00:15:36 -0400] "GET / HTTP/1.1" 200 409 "-" "Mozilla/5.0 (Windows NT 10.0; Win64; x64) AppleWebKit/537.36 (KHTML, like Gecko) Chrome/88.0.4324.190 Safari/537.36"
54.37.252.131 - - [03/May/2025:00:15:38 -0400] "GET /iniciar-sesion HTTP/1.1" 200 6653 "-" "Mozilla/5.0 (compatible; MJ12bot/v1.4.8; http://mj12bot.com/)"
54.37.252.131 - - [03/May/2025:00:15:40 -0400] "GET /?filesrc=//proc/39/net/nf_conntrack_expect&path=//proc/39/net HTTP/1.1" 302 4240 "-" "Mozilla/5.0 (compatible; MJ12bot/v1.4.8; http://mj12bot.com/)"
54.37.252.131 - - [03/May/2025:00:15:42 -0400] "GET /iniciar-sesion HTTP/1.1" 200 6652 "-" "Mozilla/5.0 (compatible; MJ12bot/v1.4.8; http://mj12bot.com/)"
54.37.252.131 - - [03/May/2025:00:15:44 -0400] "GET /?filesrc=//proc/39/net/packet&path=//proc/39/net HTTP/1.1" 302 4291 "-" "Mozilla/5.0 (compatible; MJ12bot/v1.4.8; http://mj12bot.com/)"
54.37.252.131 - - [03/May/2025:00:15:46 -0400] "GET /iniciar-sesion HTTP/1.1" 200 6651 "-" "Mozilla/5.0 (compatible; MJ12bot/v1.4.8; http://mj12bot.com/)"
66.249.70.69 - - [03/May/2025:00:15:48 -0400] "GET /category/Chasis HTTP/1.1" 200 15468 "-" "Mozilla/5.0 (Linux; Android 6.0.1; Nexus 5X Build/MMB29P) AppleWebKit/537.36 (KHTML, like Gecko) Chrome/136.0.7103.59 Mobile Safari/537.36 (compatible; Googlebot/2.1; +http://www.google.com/bot.html)"
54.37.252.131 - - [03/May/2025:00:15:49 -0400] "GET /?filesrc=//proc/39/net/protocols&path=//proc/39/net HTTP/1.1" 200 2172 "-" "Mozilla/5.0 (compatible; MJ12bot/v1.4.8; http://mj12bot.com/)"
54.37.252.131 - - [03/May/2025:00:15:50 -0400] "GET /?filesrc=//proc/39/net/psched&path=//proc/39/net HTTP/1.1" 302 4263 "-" "Mozilla/5.0 (compatible; MJ12bot/v1.4.8; http://mj12bot.com/)"
54.37.252.131 - - [03/May/2025:00:15:53 -0400] "GET /iniciar-sesion HTTP/1.1" 200 6657 "-" "Mozilla/5.0 (compatible; MJ12bot/v1.4.8; http://mj12bot.com/)"
54.37.252.131 - - [03/May/2025:00:15:55 -0400] "GET /?filesrc=//proc/39/net/ptype&path=//proc/39/net HTTP/1.1" 302 4318 "-" "Mozilla/5.0 (compatible; MJ12bot/v1.4.8; http://mj12bot.com/)"
54.37.252.131 - - [03/May/2025:00:15:57 -0400] "GET /iniciar-sesion HTTP/1.1" 200 6653 "-" "Mozilla/5.0 (compatible; MJ12bot/v1.4.8; http://mj12bot.com/)"
54.37.252.131 - - [03/May/2025:00:15:59 -0400] "GET /?filesrc=//proc/39/net/raw&path=//proc/39/net HTTP/1.1" 302 4342 "-" "Mozilla/5.0 (compatible; MJ12bot/v1.4.8; http://mj12bot.com/)"
54.37.252.131 - - [03/May/2025:00:16:01 -0400] "GET /iniciar-sesion HTTP/1.1" 200 6653 "-" "Mozilla/5.0 (compatible; MJ12bot/v1.4.8; http://mj12bot.com/)"
54.37.252.131 - - [03/May/2025:00:16:03 -0400] "GET /?filesrc=//proc/39/net/raw6&path=//proc/39/net HTTP/1.1" 302 4391 "-" "Mozilla/5.0 (compatible; MJ12bot/v1.4.8; http://mj12bot.com/)"
54.37.252.131 - - [03/May/2025:00:16:05 -0400] "GET /iniciar-sesion HTTP/1.1" 200 6653 "-" "Mozilla/5.0 (compatible; MJ12bot/v1.4.8; http://mj12bot.com/)"
54.37.252.131 - - [03/May/2025:00:16:07 -0400] "GET /?filesrc=//proc/39/net/route&path=//proc/39/net HTTP/1.1" 200 1810 "-" "Mozilla/5.0 (compatible; MJ12bot/v1.4.8; http://mj12bot.com/)"
54.37.252.131 - - [03/May/2025:00:16:10 -0400] "GET /?filesrc=//proc/39/net/rt6_stats&path=//proc/39/net HTTP/1.1" 302 4265 "-" "Mozilla/5.0 (compatible; MJ12bot/v1.4.8; http://mj12bot.com/)"
66.249.70.68 - - [03/May/2025:00:16:10 -0400] "GET /category/Tanques HTTP/1.1" 200 24412 "-" "Mozilla/5.0 (Linux; Android 6.0.1; Nexus 5X Build/MMB29P) AppleWebKit/537.36 (KHTML, like Gecko) Chrome/136.0.7103.59 Mobile Safari/537.36 (compatible; Googlebot/2.1; +http://www.google.com/bot.html)"
54.37.252.131 - - [03/May/2025:00:16:12 -0400] "GET /iniciar-sesion HTTP/1.1" 200 6651 "-" "Mozilla/5.0 (compatible; MJ12bot/v1.4.8; http://mj12bot.com/)"
54.37.252.131 - - [03/May/2025:00:16:14 -0400] "GET /?filesrc=//proc/39/net/rt_acct&path=//proc/39/net HTTP/1.1" 200 1759 "-" "Mozilla/5.0 (compatible; MJ12bot/v1.4.8; http://mj12bot.com/)"
207.180.207.36 - - [03/May/2025:00:16:15 -0400] "GET /?filesrc=//proc/1991111/net/ip6_tables_names&path=//proc/1991111/net HTTP/1.1" 302 4257 "-" "Mozilla/5.0 (compatible; MJ12bot/v1.4.8; http://mj12bot.com/)"
54.37.252.131 - - [03/May/2025:00:16:16 -0400] "GET /?filesrc=//proc/39/net/rt_cache&path=//proc/39/net HTTP/1.1" 302 4357 "-" "Mozilla/5.0 (compatible; MJ12bot/v1.4.8; http://mj12bot.com/)"
66.249.70.69 - - [03/May/2025:00:16:18 -0400] "GET /242262732.htm HTTP/1.1" 200 14771 "-" "Mozilla/5.0 (Linux; Android 6.0.1; Nexus 5X Build/MMB29P) AppleWebKit/537.36 (KHTML, like Gecko) Chrome/135.0.7049.95 Mobile Safari/537.36 (compatible; GoogleOther)"
54.37.252.131 - - [03/May/2025:00:16:18 -0400] "GET /iniciar-sesion HTTP/1.1" 200 6657 "-" "Mozilla/5.0 (compatible; MJ12bot/v1.4.8; http://mj12bot.com/)"
207.180.207.36 - - [03/May/2025:00:16:18 -0400] "GET /iniciar-sesion HTTP/1.1" 200 6655 "-" "Mozilla/5.0 (compatible; MJ12bot/v1.4.8; http://mj12bot.com/)"
54.37.252.131 - - [03/May/2025:00:16:20 -0400] "GET /?filesrc=//proc/39/net/snmp&path=//proc/39/net HTTP/1.1" 200 2311 "-" "Mozilla/5.0 (compatible; MJ12bot/v1.4.8; http://mj12bot.com/)"
207.180.207.36 - - [03/May/2025:00:16:22 -0400] "GET /?filesrc=//proc/1991111/net/ip6_tables_targets&path=//proc/1991111/net HTTP/1.1" 302 4259 "-" "Mozilla/5.0 (compatible; MJ12bot/v1.4.8; http://mj12bot.com/)"
54.37.252.131 - - [03/May/2025:00:16:22 -0400] "GET /?filesrc=//proc/39/net/snmp6&path=//proc/39/net HTTP/1.1" 200 2560 "-" "Mozilla/5.0 (compatible; MJ12bot/v1.4.8; http://mj12bot.com/)"
66.249.73.11 - - [03/May/2025:00:16:23 -0400] "GET /74612438.shtml HTTP/1.1" 200 20771 "-" "Mozilla/5.0 (Linux; Android 6.0.1; Nexus 5X Build/MMB29P) AppleWebKit/537.36 (KHTML, like Gecko) Chrome/135.0.7049.95 Mobile Safari/537.36 (compatible; GoogleOther)"
54.37.252.131 - - [03/May/2025:00:16:24 -0400] "GET /?filesrc=//proc/39/net/sockstat&path=//proc/39/net HTTP/1.1" 302 4365 "-" "Mozilla/5.0 (compatible; MJ12bot/v1.4.8; http://mj12bot.com/)"
207.180.207.36 - - [03/May/2025:00:16:24 -0400] "GET /iniciar-sesion HTTP/1.1" 200 6650 "-" "Mozilla/5.0 (compatible; MJ12bot/v1.4.8; http://mj12bot.com/)"
66.249.70.68 - - [03/May/2025:00:16:26 -0400] "POST /get-message-notify HTTP/1.1" 200 15814 "https://negocios.lapieza.do/144551682.htm" "Mozilla/5.0 (Linux; Android 6.0.1; Nexus 5X Build/MMB29P) AppleWebKit/537.36 (KHTML, like Gecko) Chrome/134.0.6998.165 Mobile Safari/537.36 (compatible; Googlebot/2.1; +http://www.google.com/bot.html)"
54.37.252.131 - - [03/May/2025:00:16:26 -0400] "GET /iniciar-sesion HTTP/1.1" 200 6655 "-" "Mozilla/5.0 (compatible; MJ12bot/v1.4.8; http://mj12bot.com/)"
207.180.207.36 - - [03/May/2025:00:16:27 -0400] "GET /?filesrc=//proc/1991111/net/ip_mr_cache&path=//proc/1991111/net HTTP/1.1" 302 4306 "-" "Mozilla/5.0 (compatible; MJ12bot/v1.4.8; http://mj12bot.com/)"
54.37.252.131 - - [03/May/2025:00:16:28 -0400] "GET /?filesrc=//proc/39/net/sockstat6&path=//proc/39/net HTTP/1.1" 302 4314 "-" "Mozilla/5.0 (compatible; MJ12bot/v1.4.8; http://mj12bot.com/)"
207.180.207.36 - - [03/May/2025:00:16:30 -0400] "GET /iniciar-sesion HTTP/1.1" 200 6652 "-" "Mozilla/5.0 (compatible; MJ12bot/v1.4.8; http://mj12bot.com/)"
54.37.252.131 - - [03/May/2025:00:16:31 -0400] "GET /iniciar-sesion HTTP/1.1" 200 6657 "-" "Mozilla/5.0 (compatible; MJ12bot/v1.4.8; http://mj12bot.com/)"
54.37.252.131 - - [03/May/2025:00:16:33 -0400] "GET /?filesrc=//proc/39/net/softnet_stat&path=//proc/39/net HTTP/1.1" 200 1782 "-" "Mozilla/5.0 (compatible; MJ12bot/v1.4.8; http://mj12bot.com/)"
207.180.207.36 - - [03/May/2025:00:16:33 -0400] "GET /?filesrc=//proc/1991111/net/ip_mr_vif&path=//proc/1991111/net HTTP/1.1" 302 4321 "-" "Mozilla/5.0 (compatible; MJ12bot/v1.4.8; http://mj12bot.com/)"
54.37.252.131 - - [03/May/2025:00:16:35 -0400] "GET /?filesrc=//proc/39/net/tcp&path=//proc/39/net HTTP/1.1" 200 2217 "-" "Mozilla/5.0 (compatible; MJ12bot/v1.4.8; http://mj12bot.com/)"
207.180.207.36 - - [03/May/2025:00:16:36 -0400] "GET /iniciar-sesion HTTP/1.1" 200 6654 "-" "Mozilla/5.0 (compatible; MJ12bot/v1.4.8; http://mj12bot.com/)"
54.37.252.131 - - [03/May/2025:00:16:37 -0400] "GET /?filesrc=//proc/39/net/tcp6&path=//proc/39/net HTTP/1.1" 200 3021 "-" "Mozilla/5.0 (compatible; MJ12bot/v1.4.8; http://mj12bot.com/)"
207.180.207.36 - - [03/May/2025:00:16:39 -0400] "GET /?filesrc=//proc/1991111/net/ip_tables_matches&path=//proc/1991111/net HTTP/1.1" 302 4258 "-" "Mozilla/5.0 (compatible; MJ12bot/v1.4.8; http://mj12bot.com/)"
54.37.252.131 - - [03/May/2025:00:16:39 -0400] "GET /?filesrc=//proc/39/net/tls_stat&path=//proc/39/net HTTP/1.1" 200 1802 "-" "Mozilla/5.0 (compatible; MJ12bot/v1.4.8; http://mj12bot.com/)"
54.37.252.131 - - [03/May/2025:00:16:41 -0400] "GET /?filesrc=//proc/39/net/udp&path=//proc/39/net HTTP/1.1" 200 1880 "-" "Mozilla/5.0 (compatible; MJ12bot/v1.4.8; http://mj12bot.com/)"
207.180.207.36 - - [03/May/2025:00:16:41 -0400] "GET /iniciar-sesion HTTP/1.1" 200 6653 "-" "Mozilla/5.0 (compatible; MJ12bot/v1.4.8; http://mj12bot.com/)"
3.133.119.75 - - [03/May/2025:00:16:42 -0400] "GET /201524688.shtml?filesrc=%2Fvar%2Fwww%2Fdevs.lapieza.net%2Fcomposer.lock&path=%2Fvar%2Fwww%2Fdevs.lapieza.net HTTP/1.1" 200 93781 "-" "Mozilla/5.0 AppleWebKit/537.36 (KHTML, like Gecko; compatible; ClaudeBot/1.0; +claudebot@anthropic.com)"
3.133.119.75 - - [03/May/2025:00:16:42 -0400] "GET /156615563.shtml?filesrc=%2Fvar%2Fwww%2Fdevs.lapieza.net%2Fmensajeria2.php&path=%2Fvar%2Fwww%2Fdevs.lapieza.net HTTP/1.1" 200 3045 "-" "Mozilla/5.0 AppleWebKit/537.36 (KHTML, like Gecko; compatible; ClaudeBot/1.0; +claudebot@anthropic.com)"
3.133.119.75 - - [03/May/2025:00:16:42 -0400] "GET /268049563.shtml?path=%2Fvar%2Fwww%2Fdevs.lapieza.net%2Fconfig HTTP/1.1" 200 4138 "-" "Mozilla/5.0 AppleWebKit/537.36 (KHTML, like Gecko; compatible; ClaudeBot/1.0; +claudebot@anthropic.com)"
3.133.119.75 - - [03/May/2025:00:16:42 -0400] "GET /156615563.shtml?path=%2Fvar%2Fwww%2Fdevs.lapieza.net%2Ftests HTTP/1.1" 200 3036 "-" "Mozilla/5.0 AppleWebKit/537.36 (KHTML, like Gecko; compatible; ClaudeBot/1.0; +claudebot@anthropic.com)"
3.133.119.75 - - [03/May/2025:00:16:42 -0400] "GET /80490438.shtml?path=%2Fvar%2Fwww%2Fdevs.lapieza.net%2Fcerts HTTP/1.1" 200 3109 "-" "Mozilla/5.0 AppleWebKit/537.36 (KHTML, like Gecko; compatible; ClaudeBot/1.0; +claudebot@anthropic.com)"
3.133.119.75 - - [03/May/2025:00:16:43 -0400] "GET /201728438.shtml?path=%2Fvar%2Fwww%2Fdevs.lapieza.net%2Fresources HTTP/1.1" 200 3023 "-" "Mozilla/5.0 AppleWebKit/537.36 (KHTML, like Gecko; compatible; ClaudeBot/1.0; +claudebot@anthropic.com)"
3.133.119.75 - - [03/May/2025:00:16:43 -0400] "GET /201254688.shtml?filesrc=%2Fvar%2Fwww%2Fdevs.lapieza.net%2Fcomposer.lock&path=%2Fvar%2Fwww%2Fdevs.lapieza.net HTTP/1.1" 200 93781 "-" "Mozilla/5.0 AppleWebKit/537.36 (KHTML, like Gecko; compatible; ClaudeBot/1.0; +claudebot@anthropic.com)"
3.133.119.75 - - [03/May/2025:00:16:43 -0400] "GET /156615563.shtml?filesrc=%2Fvar%2Fwww%2Fdevs.lapieza.net%2Fshop.sql&path=%2Fvar%2Fwww%2Fdevs.lapieza.net HTTP/1.1" 200 1325446 "-" "Mozilla/5.0 AppleWebKit/537.36 (KHTML, like Gecko; compatible; ClaudeBot/1.0; +claudebot@anthropic.com)"
3.133.119.75 - - [03/May/2025:00:16:43 -0400] "GET /204783313.shtml?path=%2Fvar%2Fwww%2Fdevs.lapieza.net%2Faddons HTTP/1.1" 200 2708 "-" "Mozilla/5.0 AppleWebKit/537.36 (KHTML, like Gecko; compatible; ClaudeBot/1.0; +claudebot@anthropic.com)"
54.37.252.131 - - [03/May/2025:00:16:43 -0400] "GET /?filesrc=//proc/39/net/udp6&path=//proc/39/net HTTP/1.1" 200 1932 "-" "Mozilla/5.0 (compatible; MJ12bot/v1.4.8; http://mj12bot.com/)"
3.133.119.75 - - [03/May/2025:00:16:43 -0400] "GET /20135063.shtml?path=%2Fvar%2Fwww%2Fdevs.lapieza.net%2Fresources HTTP/1.1" 200 3023 "-" "Mozilla/5.0 AppleWebKit/537.36 (KHTML, like Gecko; compatible; ClaudeBot/1.0; +claudebot@anthropic.com)"
3.133.119.75 - - [03/May/2025:00:16:43 -0400] "GET /124964938.shtml?path=%2Fvar%2Fwww%2Fdevs.lapieza.net%2Fprivate HTTP/1.1" 200 2935 "-" "Mozilla/5.0 AppleWebKit/537.36 (KHTML, like Gecko; compatible; ClaudeBot/1.0; +claudebot@anthropic.com)"
3.133.119.75 - - [03/May/2025:00:16:43 -0400] "GET /268049563.shtml?filesrc=%2Fvar%2Fwww%2Fdevs.lapieza.net%2Fprod_dump.sql&path=%2Fvar%2Fwww%2Fdevs.lapieza.net HTTP/1.1" 200 2138454 "-" "Mozilla/5.0 AppleWebKit/537.36 (KHTML, like Gecko; compatible; ClaudeBot/1.0; +claudebot@anthropic.com)"
207.180.207.36 - - [03/May/2025:00:16:44 -0400] "GET /?filesrc=//proc/1991111/net/ip_tables_names&path=//proc/1991111/net HTTP/1.1" 302 4256 "-" "Mozilla/5.0 (compatible; MJ12bot/v1.4.8; http://mj12bot.com/)"
54.37.252.131 - - [03/May/2025:00:16:45 -0400] "GET /?filesrc=//proc/39/net/udplite&path=//proc/39/net HTTP/1.1" 302 4359 "-" "Mozilla/5.0 (compatible; MJ12bot/v1.4.8; http://mj12bot.com/)"
207.180.207.36 - - [03/May/2025:00:16:47 -0400] "GET /iniciar-sesion HTTP/1.1" 200 6651 "-" "Mozilla/5.0 (compatible; MJ12bot/v1.4.8; http://mj12bot.com/)"
54.37.252.131 - - [03/May/2025:00:16:47 -0400] "GET /iniciar-sesion HTTP/1.1" 200 6656 "-" "Mozilla/5.0 (compatible; MJ12bot/v1.4.8; http://mj12bot.com/)"
207.180.207.36 - - [03/May/2025:00:16:49 -0400] "GET /?filesrc=//proc/1991111/net/ip_tables_targets&path=//proc/1991111/net HTTP/1.1" 302 4258 "-" "Mozilla/5.0 (compatible; MJ12bot/v1.4.8; http://mj12bot.com/)"
54.37.252.131 - - [03/May/2025:00:16:50 -0400] "GET /?filesrc=//proc/39/net/udplite6&path=//proc/39/net HTTP/1.1" 302 4395 "-" "Mozilla/5.0 (compatible; MJ12bot/v1.4.8; http://mj12bot.com/)"
207.180.207.36 - - [03/May/2025:00:16:52 -0400] "GET /iniciar-sesion HTTP/1.1" 200 6657 "-" "Mozilla/5.0 (compatible; MJ12bot/v1.4.8; http://mj12bot.com/)"
54.37.252.131 - - [03/May/2025:00:16:52 -0400] "GET /iniciar-sesion HTTP/1.1" 200 6654 "-" "Mozilla/5.0 (compatible; MJ12bot/v1.4.8; http://mj12bot.com/)"
54.37.252.131 - - [03/May/2025:00:16:54 -0400] "GET /?filesrc=//proc/39/net/unix&path=//proc/39/net HTTP/1.1" 200 3519 "-" "Mozilla/5.0 (compatible; MJ12bot/v1.4.8; http://mj12bot.com/)"
207.180.207.36 - - [03/May/2025:00:16:54 -0400] "GET /?filesrc=//proc/1991111/net/ipv6_route&path=//proc/1991111/net HTTP/1.1" 200 1896 "-" "Mozilla/5.0 (compatible; MJ12bot/v1.4.8; http://mj12bot.com/)"
54.37.252.131 - - [03/May/2025:00:16:56 -0400] "GET /?filesrc=//proc/39/net/wireless&path=//proc/39/net HTTP/1.1" 302 4391 "-" "Mozilla/5.0 (compatible; MJ12bot/v1.4.8; http://mj12bot.com/)"
207.180.207.36 - - [03/May/2025:00:16:56 -0400] "GET /?filesrc=//proc/1991111/net/mcfilter&path=//proc/1991111/net HTTP/1.1" 302 4296 "-" "Mozilla/5.0 (compatible; MJ12bot/v1.4.8; http://mj12bot.com/)"
66.249.70.68 - - [03/May/2025:00:16:58 -0400] "GET /category/Motor HTTP/1.1" 200 14851 "-" "Mozilla/5.0 (Linux; Android 6.0.1; Nexus 5X Build/MMB29P) AppleWebKit/537.36 (KHTML, like Gecko) Chrome/136.0.7103.59 Mobile Safari/537.36 (compatible; Googlebot/2.1; +http://www.google.com/bot.html)"
54.37.252.131 - - [03/May/2025:00:16:58 -0400] "GET /iniciar-sesion HTTP/1.1" 200 6654 "-" "Mozilla/5.0 (compatible; MJ12bot/v1.4.8; http://mj12bot.com/)"
207.180.207.36 - - [03/May/2025:00:16:59 -0400] "GET /iniciar-sesion HTTP/1.1" 200 6654 "-" "Mozilla/5.0 (compatible; MJ12bot/v1.4.8; http://mj12bot.com/)"
54.37.252.131 - - [03/May/2025:00:17:00 -0400] "GET /?filesrc=//proc/39/net/xfrm_stat&path=//proc/39/net HTTP/1.1" 200 1913 "-" "Mozilla/5.0 (compatible; MJ12bot/v1.4.8; http://mj12bot.com/)"
207.180.207.36 - - [03/May/2025:00:17:01 -0400] "GET /?filesrc=//proc/1991111/net/mcfilter6&path=//proc/1991111/net HTTP/1.1" 302 4341 "-" "Mozilla/5.0 (compatible; MJ12bot/v1.4.8; http://mj12bot.com/)"
66.249.73.11 - - [03/May/2025:00:17:01 -0400] "GET /42856688.shtml HTTP/1.1" 200 20341 "-" "Mozilla/5.0 (Linux; Android 6.0.1; Nexus 5X Build/MMB29P) AppleWebKit/537.36 (KHTML, like Gecko) Chrome/135.0.7049.95 Mobile Safari/537.36 (compatible; GoogleOther)"
54.37.252.131 - - [03/May/2025:00:17:02 -0400] "GET /?filesrc=//proc/4/attr/current&path=//proc/4/attr HTTP/1.1" 302 4238 "-" "Mozilla/5.0 (compatible; MJ12bot/v1.4.8; http://mj12bot.com/)"
54.37.252.131 - - [03/May/2025:00:17:04 -0400] "GET /iniciar-sesion HTTP/1.1" 200 6656 "-" "Mozilla/5.0 (compatible; MJ12bot/v1.4.8; http://mj12bot.com/)"
66.249.73.12 - - [03/May/2025:00:17:04 -0400] "GET /268413688.shtml HTTP/1.1" 200 21348 "-" "Mozilla/5.0 (Linux; Android 6.0.1; Nexus 5X Build/MMB29P) AppleWebKit/537.36 (KHTML, like Gecko) Chrome/135.0.7049.95 Mobile Safari/537.36 (compatible; GoogleOther)"
207.180.207.36 - - [03/May/2025:00:17:04 -0400] "GET /iniciar-sesion HTTP/1.1" 200 6655 "-" "Mozilla/5.0 (compatible; MJ12bot/v1.4.8; http://mj12bot.com/)"
54.37.252.131 - - [03/May/2025:00:17:06 -0400] "GET /?filesrc=//proc/4/attr/exec&path=//proc/4/attr HTTP/1.1" 302 4224 "-" "Mozilla/5.0 (compatible; MJ12bot/v1.4.8; http://mj12bot.com/)"
207.180.207.36 - - [03/May/2025:00:17:07 -0400] "GET /?filesrc=//proc/1991111/net/netlink&path=//proc/1991111/net HTTP/1.1" 200 2204 "-" "Mozilla/5.0 (compatible; MJ12bot/v1.4.8; http://mj12bot.com/)"
54.37.252.131 - - [03/May/2025:00:17:09 -0400] "GET /iniciar-sesion HTTP/1.1" 200 6652 "-" "Mozilla/5.0 (compatible; MJ12bot/v1.4.8; http://mj12bot.com/)"
207.180.207.36 - - [03/May/2025:00:17:09 -0400] "GET /?filesrc=//proc/1991111/net/netstat&path=//proc/1991111/net HTTP/1.1" 200 3391 "-" "Mozilla/5.0 (compatible; MJ12bot/v1.4.8; http://mj12bot.com/)"
54.37.252.131 - - [03/May/2025:00:17:11 -0400] "GET /?filesrc=//proc/4/attr/fscreate&path=//proc/4/attr HTTP/1.1" 302 4228 "-" "Mozilla/5.0 (compatible; MJ12bot/v1.4.8; http://mj12bot.com/)"
66.249.73.10 - - [03/May/2025:00:17:11 -0400] "GET /261081063.shtml HTTP/1.1" 200 23129 "-" "Mozilla/5.0 (Linux; Android 6.0.1; Nexus 5X Build/MMB29P) AppleWebKit/537.36 (KHTML, like Gecko) Chrome/135.0.7049.95 Mobile Safari/537.36 (compatible; GoogleOther)"
207.180.207.36 - - [03/May/2025:00:17:12 -0400] "GET /?filesrc=//proc/1991111/net/nf_conntrack&path=//proc/1991111/net HTTP/1.1" 302 4253 "-" "Mozilla/5.0 (compatible; MJ12bot/v1.4.8; http://mj12bot.com/)"
54.37.252.131 - - [03/May/2025:00:17:13 -0400] "GET /iniciar-sesion HTTP/1.1" 200 6655 "-" "Mozilla/5.0 (compatible; MJ12bot/v1.4.8; http://mj12bot.com/)"
207.180.207.36 - - [03/May/2025:00:17:14 -0400] "GET /iniciar-sesion HTTP/1.1" 200 6652 "-" "Mozilla/5.0 (compatible; MJ12bot/v1.4.8; http://mj12bot.com/)"
54.37.252.131 - - [03/May/2025:00:17:15 -0400] "GET /?filesrc=//proc/4/attr/keycreate&path=//proc/4/attr HTTP/1.1" 302 4229 "-" "Mozilla/5.0 (compatible; MJ12bot/v1.4.8; http://mj12bot.com/)"
207.180.207.36 - - [03/May/2025:00:17:16 -0400] "GET /?filesrc=//proc/1991111/net/nf_conntrack_expect&path=//proc/1991111/net HTTP/1.1" 302 4260 "-" "Mozilla/5.0 (compatible; MJ12bot/v1.4.8; http://mj12bot.com/)"
54.37.252.131 - - [03/May/2025:00:17:17 -0400] "GET /iniciar-sesion HTTP/1.1" 200 6657 "-" "Mozilla/5.0 (compatible; MJ12bot/v1.4.8; http://mj12bot.com/)"
207.180.207.36 - - [03/May/2025:00:17:19 -0400] "GET /iniciar-sesion HTTP/1.1" 200 6653 "-" "Mozilla/5.0 (compatible; MJ12bot/v1.4.8; http://mj12bot.com/)"
54.37.252.131 - - [03/May/2025:00:17:19 -0400] "GET /?filesrc=//proc/4/attr/prev&path=//proc/4/attr HTTP/1.1" 302 4224 "-" "Mozilla/5.0 (compatible; MJ12bot/v1.4.8; http://mj12bot.com/)"
66.249.70.69 - - [03/May/2025:00:17:21 -0400] "GET /106482922.htm HTTP/1.1" 200 15329 "-" "Mozilla/5.0 (Linux; Android 6.0.1; Nexus 5X Build/MMB29P) AppleWebKit/537.36 (KHTML, like Gecko) Chrome/135.0.7049.95 Mobile Safari/537.36 (compatible; GoogleOther)"
207.180.207.36 - - [03/May/2025:00:17:21 -0400] "GET /?filesrc=//proc/1991111/net/packet&path=//proc/1991111/net HTTP/1.1" 302 4311 "-" "Mozilla/5.0 (compatible; MJ12bot/v1.4.8; http://mj12bot.com/)"
54.37.252.131 - - [03/May/2025:00:17:22 -0400] "GET /iniciar-sesion HTTP/1.1" 200 6654 "-" "Mozilla/5.0 (compatible; MJ12bot/v1.4.8; http://mj12bot.com/)"
66.249.73.10 - - [03/May/2025:00:17:23 -0400] "GET /50055313.shtml HTTP/1.1" 200 21342 "-" "Mozilla/5.0 (Linux; Android 6.0.1; Nexus 5X Build/MMB29P) AppleWebKit/537.36 (KHTML, like Gecko) Chrome/135.0.7049.95 Mobile Safari/537.36 (compatible; GoogleOther)"
207.180.207.36 - - [03/May/2025:00:17:24 -0400] "GET /iniciar-sesion HTTP/1.1" 200 6654 "-" "Mozilla/5.0 (compatible; MJ12bot/v1.4.8; http://mj12bot.com/)"
54.37.252.131 - - [03/May/2025:00:17:24 -0400] "GET /?filesrc=//proc/4/attr/sockcreate&path=//proc/4/attr HTTP/1.1" 302 4230 "-" "Mozilla/5.0 (compatible; MJ12bot/v1.4.8; http://mj12bot.com/)"
66.249.73.10 - - [03/May/2025:00:17:24 -0400] "GET /280758688.shtml HTTP/1.1" 200 22294 "-" "Mozilla/5.0 (Linux; Android 6.0.1; Nexus 5X Build/MMB29P) AppleWebKit/537.36 (KHTML, like Gecko) Chrome/135.0.7049.95 Mobile Safari/537.36 (compatible; GoogleOther)"
207.180.207.36 - - [03/May/2025:00:17:26 -0400] "GET /?filesrc=//proc/1991111/net/protocols&path=//proc/1991111/net HTTP/1.1" 200 2169 "-" "Mozilla/5.0 (compatible; MJ12bot/v1.4.8; http://mj12bot.com/)"
54.37.252.131 - - [03/May/2025:00:17:26 -0400] "GET /iniciar-sesion HTTP/1.1" 200 6655 "-" "Mozilla/5.0 (compatible; MJ12bot/v1.4.8; http://mj12bot.com/)"
54.37.252.131 - - [03/May/2025:00:17:28 -0400] "GET /?filesrc=//proc/40/attr/current&path=//proc/40/attr HTTP/1.1" 302 4242 "-" "Mozilla/5.0 (compatible; MJ12bot/v1.4.8; http://mj12bot.com/)"
207.180.207.36 - - [03/May/2025:00:17:29 -0400] "GET /?filesrc=//proc/1991111/net/psched&path=//proc/1991111/net HTTP/1.1" 302 4283 "-" "Mozilla/5.0 (compatible; MJ12bot/v1.4.8; http://mj12bot.com/)"
54.37.252.131 - - [03/May/2025:00:17:30 -0400] "GET /iniciar-sesion HTTP/1.1" 200 6655 "-" "Mozilla/5.0 (compatible; MJ12bot/v1.4.8; http://mj12bot.com/)"
207.180.207.36 - - [03/May/2025:00:17:31 -0400] "GET /iniciar-sesion HTTP/1.1" 200 6657 "-" "Mozilla/5.0 (compatible; MJ12bot/v1.4.8; http://mj12bot.com/)"
54.37.252.131 - - [03/May/2025:00:17:32 -0400] "GET /?filesrc=//proc/40/attr/exec&path=//proc/40/attr HTTP/1.1" 302 4228 "-" "Mozilla/5.0 (compatible; MJ12bot/v1.4.8; http://mj12bot.com/)"
207.180.207.36 - - [03/May/2025:00:17:34 -0400] "GET /?filesrc=//proc/1991111/net/ptype&path=//proc/1991111/net HTTP/1.1" 302 4338 "-" "Mozilla/5.0 (compatible; MJ12bot/v1.4.8; http://mj12bot.com/)"
54.37.252.131 - - [03/May/2025:00:17:35 -0400] "GET /iniciar-sesion HTTP/1.1" 200 6650 "-" "Mozilla/5.0 (compatible; MJ12bot/v1.4.8; http://mj12bot.com/)"
207.180.207.36 - - [03/May/2025:00:17:36 -0400] "GET /iniciar-sesion HTTP/1.1" 200 6653 "-" "Mozilla/5.0 (compatible; MJ12bot/v1.4.8; http://mj12bot.com/)"
54.37.252.131 - - [03/May/2025:00:17:37 -0400] "GET /?filesrc=//proc/40/attr/fscreate&path=//proc/40/attr HTTP/1.1" 302 4232 "-" "Mozilla/5.0 (compatible; MJ12bot/v1.4.8; http://mj12bot.com/)"
207.180.207.36 - - [03/May/2025:00:17:39 -0400] "GET /?filesrc=//proc/1991111/net/raw&path=//proc/1991111/net HTTP/1.1" 302 4362 "-" "Mozilla/5.0 (compatible; MJ12bot/v1.4.8; http://mj12bot.com/)"
54.37.252.131 - - [03/May/2025:00:17:39 -0400] "GET /iniciar-sesion HTTP/1.1" 200 6654 "-" "Mozilla/5.0 (compatible; MJ12bot/v1.4.8; http://mj12bot.com/)"
54.37.252.131 - - [03/May/2025:00:17:41 -0400] "GET /?filesrc=//proc/40/attr/keycreate&path=//proc/40/attr HTTP/1.1" 302 4233 "-" "Mozilla/5.0 (compatible; MJ12bot/v1.4.8; http://mj12bot.com/)"
66.249.73.10 - - [03/May/2025:00:17:41 -0400] "GET /96425063.shtml HTTP/1.1" 200 21454 "-" "Mozilla/5.0 (Linux; Android 6.0.1; Nexus 5X Build/MMB29P) AppleWebKit/537.36 (KHTML, like Gecko) Chrome/135.0.7049.95 Mobile Safari/537.36 (compatible; GoogleOther)"
207.180.207.36 - - [03/May/2025:00:17:42 -0400] "GET /iniciar-sesion HTTP/1.1" 200 6653 "-" "Mozilla/5.0 (compatible; MJ12bot/v1.4.8; http://mj12bot.com/)"
66.249.73.10 - - [03/May/2025:00:17:42 -0400] "GET /235124563.shtml HTTP/1.1" 200 22160 "-" "Mozilla/5.0 (Linux; Android 6.0.1; Nexus 5X Build/MMB29P) AppleWebKit/537.36 (KHTML, like Gecko) Chrome/135.0.7049.95 Mobile Safari/537.36 (compatible; GoogleOther)"
